{"id":722627,"date":"2025-08-27T19:06:56","date_gmt":"2025-08-27T16:06:56","guid":{"rendered":"https:\/\/roveyayinevi.com.tr\/index.php\/urun\/milli-mecmua-sayi-11-kasim-aralik-2019\/"},"modified":"2026-04-16T02:30:34","modified_gmt":"2026-04-15T23:30:34","slug":"milli-mecmua-sayi-11-kasim-aralik-2019","status":"publish","type":"product","link":"https:\/\/roveyayinevi.com.tr\/index.php\/urun\/milli-mecmua-sayi-11-kasim-aralik-2019\/","title":{"rendered":"Milli Mecmua Say\u0131 11 \/ Kas\u0131m &#8211; Aral\u0131k 2019"},"content":{"rendered":"<p>\u0130\u00c7\u0130NDEK\u0130LERCihaddan Dev\u015firilen Me\u015fruiyet: es- Sed\u00e2d f\u00ee fazli\u2019l-cih\u00e2d Yahut Yavuz Sultan Selim\u2019in Bir \u0130sl\u00e2m Gazisi Olarak Portresi \/ \u00d6zg\u00fcr Kavak 16. Y\u00fczy\u0131l \u0130stanbulu\u2019ndanBir Duvar Resminin D\u00f6nem Siyasas\u0131 ve T\u00fcrk \u0130mgesi Hakk\u0131nda Anlatt\u0131klar\u0131 \/ Okay S\u00fct\u00e7\u00fco\u011flu16. Y\u00fczy\u0131l Osmanl\u0131s\u0131nda \u0130ki Farkl\u0131 Siyaset Tasavvuru \/ As\u0131m C\u00fcneyd K\u00f6ksal Osmanl\u0131 Siyaset D\u00fc\u015f\u00fcncesinde Me\u015fruiyetin Kayna\u011f\u0131 ve \u0130stisl\u00e2h\u00ee Zihniyet \u00dczerine \/ Osman CengizOsmanl\u0131\u2019n\u0131n \u0130hti\u015fam Asr\u0131nda Tasavvuf K\u00fclt\u00fcr\u00fc ve Hayat\u0131Re\u015fat \u00d6ng\u00f6ren16. Y\u00fczy\u0131lda Osmanl\u0131da Bir Matematik\u00e7i ve Astronom Takiy\u00fcddin\/ Yavuz Unat16. Y\u00fczy\u0131l Osmanl\u0131 Mezar ve Mezar Ta\u015f\u0131 K\u00fclt\u00fcr\u00fc \u00dczerine Bir Deneme \/ Mehmet K\u00f6krekNizam-\u0131 \u00c2lem Mimarisi \/ O\u011fuzhan Bozda\u011f16. As\u0131rda Yeni Bir Kamu Alan\u0131: Kahvehaneler Mustafa AcunOn Alt\u0131nc\u0131 Y\u00fczy\u0131l Klasik T\u00fcrk \u015eiirinde Tevhidler \u015eerife A\u011far\u0131<\/p>\n","protected":false},"excerpt":{"rendered":"<p>\u0130\u00c7\u0130NDEK\u0130LERCihaddan Dev\u015firilen Me\u015fruiyet: es- Sed\u00e2d f\u00ee fazli\u2019l-cih\u00e2d Yahut Yavuz Sultan Selim\u2019in Bir \u0130sl\u00e2m Gazisi Olarak Portresi \/ \u00d6zg\u00fcr Kavak 16. Y\u00fczy\u0131l \u0130stanbulu\u2019ndanBir Duvar Resminin D\u00f6nem Siyasas\u0131<span class=\"excerpt-hellip\"> [\u2026]<\/span><\/p>\n","protected":false},"featured_media":0,"template":"","meta":{"_monsterinsights_skip_tracking":false,"_monsterinsights_sitenote_active":false,"_monsterinsights_sitenote_note":"","_monsterinsights_sitenote_category":0},"product_brand":[],"product_cat":[13527],"product_tag":[],"class_list":{"0":"post-722627","1":"product","2":"type-product","3":"status-publish","5":"product_cat-sureli-yayinlar","6":"pa_cilt-ciltsiz","7":"pa_tur-dergi","8":"pa_yayinevi-otuken-nesriyat","9":"pa_yazar-kolektif","11":"first","12":"instock","13":"sale","14":"shipping-taxable","15":"purchasable","16":"product-type-simple"},"_links":{"self":[{"href":"https:\/\/roveyayinevi.com.tr\/index.php\/wp-json\/wp\/v2\/product\/722627","targetHints":{"allow":["GET"]}}],"collection":[{"href":"https:\/\/roveyayinevi.com.tr\/index.php\/wp-json\/wp\/v2\/product"}],"about":[{"href":"https:\/\/roveyayinevi.com.tr\/index.php\/wp-json\/wp\/v2\/types\/product"}],"wp:attachment":[{"href":"https:\/\/roveyayinevi.com.tr\/index.php\/wp-json\/wp\/v2\/media?parent=722627"}],"wp:term":[{"taxonomy":"product_brand","embeddable":true,"href":"https:\/\/roveyayinevi.com.tr\/index.php\/wp-json\/wp\/v2\/product_brand?post=722627"},{"taxonomy":"product_cat","embeddable":true,"href":"https:\/\/roveyayinevi.com.tr\/index.php\/wp-json\/wp\/v2\/product_cat?post=722627"},{"taxonomy":"product_tag","embeddable":true,"href":"https:\/\/roveyayinevi.com.tr\/index.php\/wp-json\/wp\/v2\/product_tag?post=722627"}],"curies":[{"name":"wp","href":"https:\/\/api.w.org\/{rel}","templated":true}]}}