{"id":722625,"date":"2025-08-27T19:06:54","date_gmt":"2025-08-27T16:06:54","guid":{"rendered":"https:\/\/roveyayinevi.com.tr\/index.php\/urun\/hicbir-karsilasma-tesaduf-degildir\/"},"modified":"2026-04-16T02:30:34","modified_gmt":"2026-04-15T23:30:34","slug":"hicbir-karsilasma-tesaduf-degildir","status":"publish","type":"product","link":"https:\/\/roveyayinevi.com.tr\/index.php\/urun\/hicbir-karsilasma-tesaduf-degildir\/","title":{"rendered":"Hi\u00e7bir Kar\u015f\u0131la\u015fma Tesad\u00fcf De\u011fildir"},"content":{"rendered":"<p>Kader, insandan vazge\u00e7miyor. Anbean yeniden ve yeniden yaz\u0131l\u0131yor. \u00d6yle anlar geliyor ki yapmam dedi\u011fin \u015feyi yap\u0131yorsun, katlanamam dedi\u011fin \u015feye katlan\u0131yorsun, sevemem dedi\u011fini seviyorsun, gidemem san\u0131rken bir anda \u00e7ekip gidebiliyorsun, \u00f6ld\u00fcm diyorsun ama yine de ya\u015f\u0131yorsun&#8230; Ba\u015flar\u0131na ne gelece\u011fini bilmeden uzun bir yola \u00e7\u0131kan aray\u0131\u015f i\u00e7indeki gen\u00e7 bir sufi ile akl\u0131 kar\u0131\u015f\u0131k gen\u00e7 bir k\u0131z\u0131n bu yolculuklar\u0131nda yazg\u0131lar\u0131ndan ba\u015fka g\u00fcvenecekleri hi\u00e7 ama hi\u00e7bir \u015feyleri yoktur. Yedi g\u00fcn boyunca yanlar\u0131nda para, yiyecek, k\u0131yafet ve en \u00f6nemlisi de hi\u00e7bir planlar\u0131 olmadan \u015fehir \u015fehir dola\u015ft\u0131ktan sonra ba\u015flad\u0131klar\u0131 yere geri d\u00f6nd\u00fcklerinde onlar i\u00e7in art\u0131k hi\u00e7bir \u015fey eskisi gibi olmaz. Sadece yedi g\u00fcnde bile de\u011fi\u015febilir miydi insan? Yeniden yaz\u0131labilir miydi kader? Elbette sadece yedi g\u00fcnde de\u011fi\u015febilirdi her \u015fey&#8230; T\u0131pk\u0131 sazl\u0131ktaki bir kam\u0131\u015f\u0131n, yedi evreden sonra i\u00e7li sesler verebilen bir \u201cney\u201de d\u00f6n\u00fc\u015fmesi gibi&#8230;<\/p>\n","protected":false},"excerpt":{"rendered":"<p>Kader, insandan vazge\u00e7miyor. Anbean yeniden ve yeniden yaz\u0131l\u0131yor. \u00d6yle anlar geliyor ki yapmam dedi\u011fin \u015feyi yap\u0131yorsun, katlanamam dedi\u011fin \u015feye katlan\u0131yorsun, sevemem dedi\u011fini seviyorsun, gidemem san\u0131rken bir<span class=\"excerpt-hellip\"> [\u2026]<\/span><\/p>\n","protected":false},"featured_media":0,"template":"","meta":{"_monsterinsights_skip_tracking":false,"_monsterinsights_sitenote_active":false,"_monsterinsights_sitenote_note":"","_monsterinsights_sitenote_category":0},"product_brand":[],"product_cat":[12291,12711],"product_tag":[],"class_list":{"0":"post-722625","1":"product","2":"type-product","3":"status-publish","5":"product_cat-edebiyat","6":"product_cat-roman-oyku","7":"pa_cilt-ciltsiz","8":"pa_tur-kitap","9":"pa_yayinevi-destek-yayinlari","10":"pa_yazar-hakan-menguc","12":"first","13":"instock","14":"sale","15":"shipping-taxable","16":"purchasable","17":"product-type-simple"},"_links":{"self":[{"href":"https:\/\/roveyayinevi.com.tr\/index.php\/wp-json\/wp\/v2\/product\/722625","targetHints":{"allow":["GET"]}}],"collection":[{"href":"https:\/\/roveyayinevi.com.tr\/index.php\/wp-json\/wp\/v2\/product"}],"about":[{"href":"https:\/\/roveyayinevi.com.tr\/index.php\/wp-json\/wp\/v2\/types\/product"}],"wp:attachment":[{"href":"https:\/\/roveyayinevi.com.tr\/index.php\/wp-json\/wp\/v2\/media?parent=722625"}],"wp:term":[{"taxonomy":"product_brand","embeddable":true,"href":"https:\/\/roveyayinevi.com.tr\/index.php\/wp-json\/wp\/v2\/product_brand?post=722625"},{"taxonomy":"product_cat","embeddable":true,"href":"https:\/\/roveyayinevi.com.tr\/index.php\/wp-json\/wp\/v2\/product_cat?post=722625"},{"taxonomy":"product_tag","embeddable":true,"href":"https:\/\/roveyayinevi.com.tr\/index.php\/wp-json\/wp\/v2\/product_tag?post=722625"}],"curies":[{"name":"wp","href":"https:\/\/api.w.org\/{rel}","templated":true}]}}