{"id":722618,"date":"2025-08-27T19:06:49","date_gmt":"2025-08-27T16:06:49","guid":{"rendered":"https:\/\/roveyayinevi.com.tr\/index.php\/urun\/gayrinizami-harp\/"},"modified":"2026-04-16T02:30:34","modified_gmt":"2026-04-15T23:30:34","slug":"gayrinizami-harp","status":"publish","type":"product","link":"https:\/\/roveyayinevi.com.tr\/index.php\/urun\/gayrinizami-harp\/","title":{"rendered":"Gayrinizami Harp"},"content":{"rendered":"<p>Osmanl\u0131 Subaylar\u0131n\u0131n Gayrinizami Harp Tecr\u00fcbesi\u2026Gayrinizami harp nedir? 19. y\u00fczy\u0131ldan g\u00fcn\u00fcm\u00fcze kadar nas\u0131l bir rol oynam\u0131\u015ft\u0131r? Modern gayrinizami harp teorisinin temelleri nas\u0131l at\u0131lm\u0131\u015ft\u0131r? G\u00fcn\u00fcm\u00fczde gayrinizami harp alan\u0131nda otorite kabul edilen ABD\u2019nin modern teoriye katk\u0131s\u0131 ne y\u00f6nde olmu\u015ftur? Balkan Harbi \u00f6ncesinde ya\u015fanan ayaklanma hareketleri ve \u00e7ete muharebeleri ile Makedonya Sorunu ba\u011flam\u0131nda te\u015fkil edilen komitalar\u0131n Osmanl\u0131 gayrinizami harp tecr\u00fcbelerine nas\u0131l bir etkisi olmu\u015ftur? Osmanl\u0131 Devleti\u2019nin Balkan Harbi i\u00e7in haz\u0131rlad\u0131\u011f\u0131 harekat planlar\u0131nda gayrinizami harbe y\u00f6nelik hangi hususlar kurgulanm\u0131\u015ft\u0131r? Harp esnas\u0131nda hangi unsurlara gayrinizami harp g\u00f6revleri verilmi\u015ftir?G\u00fcn\u00fcm\u00fczde k\u00fcresel silahl\u0131 \u00e7at\u0131\u015fmalar\u0131n haritas\u0131na bak\u0131ld\u0131\u011f\u0131nda en fazla \u00f6ne \u00e7\u0131kan muharebe t\u00fcr\u00fcn\u00fcn gayrinizami harp ve gayrinizami kuvvetlere kar\u015f\u0131 harekat oldu\u011funu s\u00f6ylemek m\u00fcmk\u00fcnd\u00fcr. Gayrinizami harp, ge\u00e7mi\u015ften g\u00fcn\u00fcm\u00fcze her d\u00f6nemde \u00e7o\u011funlukla zay\u0131f\u0131n g\u00fc\u00e7l\u00fcye kar\u015f\u0131 kulland\u0131\u011f\u0131 bir silah olsa da g\u00fcn\u00fcm\u00fczde g\u00fc\u00e7l\u00fcn\u00fcn de zay\u0131fa veya dengine kar\u015f\u0131 dolayl\u0131 strateji kapsam\u0131nda ba\u015fvurdu\u011fu bir kuvvet \u00e7arpan\u0131d\u0131r. 1826-1912 y\u0131llar\u0131 aras\u0131nda yeni d\u00fczenli ordu ve \u00f6zellikle 1878-1912 Makedonya Sorunu d\u00f6neminde Osmanl\u0131 askeriyesi, gayrinizami harp harekat\u0131n\u0131n en aktif uygulay\u0131c\u0131lar\u0131 aras\u0131nda yer alm\u0131\u015ft\u0131r.Osmanl\u0131 \u0130mparatorlu\u011fu\u2019nun ge\u00e7 d\u00f6nem askeri tarihi, gayrinizami harp incelemesi i\u00e7in b\u00fcy\u00fck potansiyele sahiptir. Elinizdeki eser Osmanl\u0131 gayrinizami harp tecr\u00fcbesini Balkan Harbi \u00f6zelinde yeniden d\u00fc\u015f\u00fcnmeyi ama\u00e7lamaktad\u0131r. Eser, akademik \u00e7evrelerin bug\u00fcne kadar yeterince incelememi\u015f olduklar\u0131 Osmanl\u0131 gayrinizami harp tecr\u00fcbesinin, g\u00fcn\u00fcm\u00fczde asker\u00ee doktrin \u00fcretmede ba\u015f\u0131 \u00e7eken NATO eksenindeki ABD\u2019nin ortaya koydu\u011fu ve b\u00fct\u00fcn d\u00fcnyada kabul g\u00f6ren modern gayrinizami harp doktrini ile benze\u015fen y\u00f6nlerini ortaya koymaktad\u0131r. Ali G\u00fcne\u015f\u2019in hem teorik-kavramsal hem de tarih\u00ee bir analiz olarak i\u015fledi\u011fi Gizli Te\u015fkilatlar Serisi\u2019nin yeni kitab\u0131 Gayrinizami Harp, yaln\u0131zca bu sahada \u00e7al\u0131\u015fanlar\u0131n de\u011fil, alana merak duyanlar\u0131nda da ba\u015fucundan eksik etmeyecekleri bir kaynak eser\u2026<\/p>\n","protected":false},"excerpt":{"rendered":"<p>Osmanl\u0131 Subaylar\u0131n\u0131n Gayrinizami Harp Tecr\u00fcbesi\u2026Gayrinizami harp nedir? 19. y\u00fczy\u0131ldan g\u00fcn\u00fcm\u00fcze kadar nas\u0131l bir rol oynam\u0131\u015ft\u0131r? Modern gayrinizami harp teorisinin temelleri nas\u0131l at\u0131lm\u0131\u015ft\u0131r? G\u00fcn\u00fcm\u00fczde gayrinizami harp alan\u0131nda<span class=\"excerpt-hellip\"> [\u2026]<\/span><\/p>\n","protected":false},"featured_media":0,"template":"","meta":{"_monsterinsights_skip_tracking":false,"_monsterinsights_sitenote_active":false,"_monsterinsights_sitenote_note":"","_monsterinsights_sitenote_category":0},"product_brand":[],"product_cat":[12312,12304],"product_tag":[],"class_list":{"0":"post-722618","1":"product","2":"type-product","3":"status-publish","5":"product_cat-diger","6":"product_cat-tarih","7":"pa_cilt-ciltsiz","8":"pa_tur-kitap","9":"pa_yayinevi-kronik-kitap","10":"pa_yazar-ali-gunes","12":"first","13":"instock","14":"sale","15":"shipping-taxable","16":"purchasable","17":"product-type-simple"},"_links":{"self":[{"href":"https:\/\/roveyayinevi.com.tr\/index.php\/wp-json\/wp\/v2\/product\/722618","targetHints":{"allow":["GET"]}}],"collection":[{"href":"https:\/\/roveyayinevi.com.tr\/index.php\/wp-json\/wp\/v2\/product"}],"about":[{"href":"https:\/\/roveyayinevi.com.tr\/index.php\/wp-json\/wp\/v2\/types\/product"}],"wp:attachment":[{"href":"https:\/\/roveyayinevi.com.tr\/index.php\/wp-json\/wp\/v2\/media?parent=722618"}],"wp:term":[{"taxonomy":"product_brand","embeddable":true,"href":"https:\/\/roveyayinevi.com.tr\/index.php\/wp-json\/wp\/v2\/product_brand?post=722618"},{"taxonomy":"product_cat","embeddable":true,"href":"https:\/\/roveyayinevi.com.tr\/index.php\/wp-json\/wp\/v2\/product_cat?post=722618"},{"taxonomy":"product_tag","embeddable":true,"href":"https:\/\/roveyayinevi.com.tr\/index.php\/wp-json\/wp\/v2\/product_tag?post=722618"}],"curies":[{"name":"wp","href":"https:\/\/api.w.org\/{rel}","templated":true}]}}