{"id":722617,"date":"2025-08-27T19:06:48","date_gmt":"2025-08-27T16:06:48","guid":{"rendered":"https:\/\/roveyayinevi.com.tr\/index.php\/urun\/timurun-sarayinda\/"},"modified":"2026-04-16T02:30:34","modified_gmt":"2026-04-15T23:30:34","slug":"timurun-sarayinda","status":"publish","type":"product","link":"https:\/\/roveyayinevi.com.tr\/index.php\/urun\/timurun-sarayinda\/","title":{"rendered":"Timur\u2019un Saray\u0131nda"},"content":{"rendered":"<p>Bamba\u015fka Bir Emir Timur Portresi\u2026\u0130ran\u2019da bulunan Sultaniye\u2019deki Katolik kilisesinin ba\u015fpiskoposu olan Johannes, Timur\u2019un Sultaniye\u2019yi zapt\u0131n\u0131n ard\u0131ndan Timurlu saray\u0131na yak\u0131n bir ki\u015fi haline gelmi\u015f ve bunun bir neticesi olarak 1398\u2019de Timur\u2019un bir el\u00e7isi s\u0131fat\u0131yla Venedik ve Cenova\u2019ya g\u00f6nderilmi\u015ftir. Bu g\u00f6revinde efendisinin be\u011fenisini kazanm\u0131\u015f olacak ki 1402\u2019de Ankara Muharebesi\u2019nden sonra yeniden Avrupa\u2019ya g\u00f6nderildi. Bu sefer Timur, Sultaniyeli Johannes arac\u0131l\u0131\u011f\u0131 ile Avrupal\u0131 muhataplar\u0131na Y\u0131ld\u0131r\u0131m Bayezid\u2019i esir etti\u011fini m\u00fcjdeliyor ve ard\u0131ndan da ipek yolunun \u00f6nemli bir k\u0131sm\u0131n\u0131n efendisi olmaktan ba\u015fka, bu yolun limanlar\u0131n\u0131n da \u00e7o\u011funun fatihi s\u0131fat\u0131yla temas\u0131n as\u0131l nedenini, yani Avrupa ile ticaret ili\u015fkilerini ba\u015flatmak ve yo\u011funla\u015ft\u0131rmak iste\u011fini vurguluyordu.\u0130\u015fte bu maksatla g\u00f6revlendirdi\u011fi Sultaniyeli Johannes; Venedik, Cenova, Roma\u2019daki temaslar\u0131n\u0131n ard\u0131ndan 1403 May\u0131s ay\u0131nda Fransa\u2019ya geldi ve burada Kral 5. Charles taraf\u0131ndan kabul edildi. Fransa\u2019da kalacak oldu\u011fu alt\u0131 ayl\u0131k d\u00f6nem, muhtemelen efendisi Timur ile ilgili \u00e7evresine aktard\u0131klar\u0131na dayal\u0131 bir kitab\u0131n ortaya \u00e7\u0131kmas\u0131na neden oldu. Yazar bu eserinde Timur\u2019un yerel bir g\u00fc\u00e7ten k\u0131talar\u0131 a\u015fan ha\u015fmetli bir h\u00fck\u00fcmdara d\u00f6n\u00fc\u015fmesine uzanan s\u00fcreci aktarmakla kalmayarak ayn\u0131 zamanda Timur\u2019un devletinin idari d\u00fczeninden ordusuna var\u0131ncaya kadar pek \u00e7ok hususta bilgi verir.Ahmet Deniz Altunba\u015f\u2019\u0131n eski Frans\u0131zca asl\u0131ndan \u00e7evirip notland\u0131rd\u0131\u011f\u0131 Timur\u2019un Saray\u0131nda; Timur, M\u00eer\u00e2n \u015eah ve Fransa Kral\u0131 aras\u0131ndaki yaz\u0131\u015fmalar\u0131n yan\u0131 s\u0131ra Timur ve el\u00e7isi hakk\u0131nda d\u00f6nemin muhtelif kroniklerinde verilmi\u015f bilgileri de i\u00e7eriyor. En \u00f6nemlisi de Timur\u2019un h\u00fck\u00fcmdarl\u0131\u011f\u0131na dair teferruatl\u0131 anlat\u0131m\u0131yla bu konu \u00fczerinde incelemeler yapan ara\u015ft\u0131rmac\u0131lar ve tarihe merakl\u0131 okurlar taraf\u0131ndan da b\u00fcy\u00fck bir be\u011feni ile okunmay\u0131 hak ediyor.<\/p>\n","protected":false},"excerpt":{"rendered":"<p>Bamba\u015fka Bir Emir Timur Portresi\u2026\u0130ran\u2019da bulunan Sultaniye\u2019deki Katolik kilisesinin ba\u015fpiskoposu olan Johannes, Timur\u2019un Sultaniye\u2019yi zapt\u0131n\u0131n ard\u0131ndan Timurlu saray\u0131na yak\u0131n bir ki\u015fi haline gelmi\u015f ve bunun bir<span class=\"excerpt-hellip\"> [\u2026]<\/span><\/p>\n","protected":false},"featured_media":0,"template":"","meta":{"_monsterinsights_skip_tracking":false,"_monsterinsights_sitenote_active":false,"_monsterinsights_sitenote_note":"","_monsterinsights_sitenote_category":0},"product_brand":[],"product_cat":[13946,12304],"product_tag":[],"class_list":{"0":"post-722617","1":"product","2":"type-product","3":"status-publish","5":"product_cat-biyografi-otobiyografi","6":"product_cat-tarih","7":"pa_cilt-ciltsiz","8":"pa_tur-kitap","9":"pa_yayinevi-kronik-kitap","10":"pa_yazar-sultaniyeli-johannes","12":"first","13":"instock","14":"sale","15":"shipping-taxable","16":"purchasable","17":"product-type-simple"},"_links":{"self":[{"href":"https:\/\/roveyayinevi.com.tr\/index.php\/wp-json\/wp\/v2\/product\/722617","targetHints":{"allow":["GET"]}}],"collection":[{"href":"https:\/\/roveyayinevi.com.tr\/index.php\/wp-json\/wp\/v2\/product"}],"about":[{"href":"https:\/\/roveyayinevi.com.tr\/index.php\/wp-json\/wp\/v2\/types\/product"}],"wp:attachment":[{"href":"https:\/\/roveyayinevi.com.tr\/index.php\/wp-json\/wp\/v2\/media?parent=722617"}],"wp:term":[{"taxonomy":"product_brand","embeddable":true,"href":"https:\/\/roveyayinevi.com.tr\/index.php\/wp-json\/wp\/v2\/product_brand?post=722617"},{"taxonomy":"product_cat","embeddable":true,"href":"https:\/\/roveyayinevi.com.tr\/index.php\/wp-json\/wp\/v2\/product_cat?post=722617"},{"taxonomy":"product_tag","embeddable":true,"href":"https:\/\/roveyayinevi.com.tr\/index.php\/wp-json\/wp\/v2\/product_tag?post=722617"}],"curies":[{"name":"wp","href":"https:\/\/api.w.org\/{rel}","templated":true}]}}