{"id":722611,"date":"2025-08-27T19:06:44","date_gmt":"2025-08-27T16:06:44","guid":{"rendered":"https:\/\/roveyayinevi.com.tr\/index.php\/urun\/senin-icin-kucugum-nutuk\/"},"modified":"2026-04-16T02:30:34","modified_gmt":"2026-04-15T23:30:34","slug":"senin-icin-kucugum-nutuk","status":"publish","type":"product","link":"https:\/\/roveyayinevi.com.tr\/index.php\/urun\/senin-icin-kucugum-nutuk\/","title":{"rendered":"Senin \u0130\u00e7in K\u00fc\u00e7\u00fc\u011f\u00fcm &#8211; Nutuk"},"content":{"rendered":"<p>\u00c7ocuklu\u011fuma, gen\u00e7li\u011fime, hayat\u0131ma damga vuran ulu \u00f6nderimizin en b\u00fcy\u00fck eseri olan &#8220;Nutuk&#8221; u annemin evindeki b\u00fcfenin kitapl\u0131\u011f\u0131nda buldum. \u0130zmir&#8217;i seyredip itinayla tekrar sayfalar\u0131na d\u00f6nmeye ba\u015flad\u0131m. B\u00fcy\u00fcklere yazm\u0131\u015f oldu\u011fu bu b\u00fcy\u00fck esere bakal\u0131m istedim.&#8221;Ya\u015fad\u0131\u011f\u0131m\u0131z s\u00fcrece defalarca okumal\u0131y\u0131z! \u00c7ocuklar\u0131m\u0131za okutmal\u0131y\u0131z!&#8221; d\u00fc\u015f\u00fcncesiyle \u00f6yk\u00fc tad\u0131nda gelece\u011fin ayd\u0131nl\u0131k y\u00fczlerine arma\u011fan ettik. Birlikte okumak ve okutturmak niyetiyle&#8230;Okuyun ve okutturun!<\/p>\n","protected":false},"excerpt":{"rendered":"<p>\u00c7ocuklu\u011fuma, gen\u00e7li\u011fime, hayat\u0131ma damga vuran ulu \u00f6nderimizin en b\u00fcy\u00fck eseri olan &#8220;Nutuk&#8221; u annemin evindeki b\u00fcfenin kitapl\u0131\u011f\u0131nda buldum. \u0130zmir&#8217;i seyredip itinayla tekrar sayfalar\u0131na d\u00f6nmeye ba\u015flad\u0131m. B\u00fcy\u00fcklere<span class=\"excerpt-hellip\"> [\u2026]<\/span><\/p>\n","protected":false},"featured_media":0,"template":"","meta":{"_monsterinsights_skip_tracking":false,"_monsterinsights_sitenote_active":false,"_monsterinsights_sitenote_note":"","_monsterinsights_sitenote_category":0},"product_brand":[],"product_cat":[12274,15842],"product_tag":[],"class_list":{"0":"post-722611","1":"product","2":"type-product","3":"status-publish","5":"product_cat-cocuk-ve-genclik-kitaplari","6":"product_cat-egitici-kitaplar","7":"pa_cilt-ciltsiz","8":"pa_tur-kitap","9":"pa_yayinevi-somut-yayinlari","10":"pa_yazar-aynur-karabulut","12":"first","13":"instock","14":"sale","15":"shipping-taxable","16":"purchasable","17":"product-type-simple"},"_links":{"self":[{"href":"https:\/\/roveyayinevi.com.tr\/index.php\/wp-json\/wp\/v2\/product\/722611","targetHints":{"allow":["GET"]}}],"collection":[{"href":"https:\/\/roveyayinevi.com.tr\/index.php\/wp-json\/wp\/v2\/product"}],"about":[{"href":"https:\/\/roveyayinevi.com.tr\/index.php\/wp-json\/wp\/v2\/types\/product"}],"wp:attachment":[{"href":"https:\/\/roveyayinevi.com.tr\/index.php\/wp-json\/wp\/v2\/media?parent=722611"}],"wp:term":[{"taxonomy":"product_brand","embeddable":true,"href":"https:\/\/roveyayinevi.com.tr\/index.php\/wp-json\/wp\/v2\/product_brand?post=722611"},{"taxonomy":"product_cat","embeddable":true,"href":"https:\/\/roveyayinevi.com.tr\/index.php\/wp-json\/wp\/v2\/product_cat?post=722611"},{"taxonomy":"product_tag","embeddable":true,"href":"https:\/\/roveyayinevi.com.tr\/index.php\/wp-json\/wp\/v2\/product_tag?post=722611"}],"curies":[{"name":"wp","href":"https:\/\/api.w.org\/{rel}","templated":true}]}}