{"id":722588,"date":"2025-08-27T19:06:25","date_gmt":"2025-08-27T16:06:25","guid":{"rendered":"https:\/\/roveyayinevi.com.tr\/index.php\/urun\/atki-kulubu\/"},"modified":"2026-04-16T02:30:33","modified_gmt":"2026-04-15T23:30:33","slug":"atki-kulubu","status":"publish","type":"product","link":"https:\/\/roveyayinevi.com.tr\/index.php\/urun\/atki-kulubu\/","title":{"rendered":"Atk\u0131 Kul\u00fcb\u00fc"},"content":{"rendered":"<p>Yaz sezonu sona erdi\u011finde hep ayn\u0131 \u015fey oluyor. Hay\u0131r konu okulla ilgili de\u011fil. Okula \u00e7abuk ayak uydurabiliyoruz. Ben hi\u00e7 al\u0131\u015famad\u0131\u011f\u0131m\u0131z ba\u015fka bir konudan bahsediyorum: K\u00fclotlu \u00e7oraplar, i\u00e7likler, eldivenler, bereler, atk\u0131lar, \u015fallar ve tabii ki \u00f6rg\u00fc boyunluklar! Bunlara asl\u0131nda kimsenin ihtiyac\u0131 yok. Kuzey kutbu ka\u015fifleri hari\u00e7!\u0130\u015fin tuhaf yan\u0131 ne biliyor musunuz? B\u00fcy\u00fcklerimiz bu durumu bizim gibi g\u00f6rm\u00fcyorlar. Havalar biraz bile so\u011fusa hemen bizi sar\u0131p sarmal\u0131yorlar. Ancak bu y\u0131l b\u00f6yle olmayacak!Melanie Laibl\u2019\u0131n e\u011flenceli bir dille kaleme ald\u0131\u011f\u0131 Pauli ve arkada\u015flar\u0131n\u0131n hik\u00e2yesi birazc\u0131k da olsa ger\u00e7ek bir hik\u00e2yeye dayanmaktad\u0131r.<\/p>\n","protected":false},"excerpt":{"rendered":"<p>Yaz sezonu sona erdi\u011finde hep ayn\u0131 \u015fey oluyor. Hay\u0131r konu okulla ilgili de\u011fil. Okula \u00e7abuk ayak uydurabiliyoruz. Ben hi\u00e7 al\u0131\u015famad\u0131\u011f\u0131m\u0131z ba\u015fka bir konudan bahsediyorum: K\u00fclotlu \u00e7oraplar,<span class=\"excerpt-hellip\"> [\u2026]<\/span><\/p>\n","protected":false},"featured_media":0,"template":"","meta":{"_monsterinsights_skip_tracking":false,"_monsterinsights_sitenote_active":false,"_monsterinsights_sitenote_note":"","_monsterinsights_sitenote_category":0},"product_brand":[],"product_cat":[12274,12284],"product_tag":[],"class_list":{"0":"post-722588","1":"product","2":"type-product","3":"status-publish","5":"product_cat-cocuk-ve-genclik-kitaplari","6":"product_cat-hikayeler","7":"pa_cilt-ciltsiz","8":"pa_tur-kitap","9":"pa_yayinevi-abm-yayinevi","10":"pa_yazar-melanie-laibl","12":"first","13":"instock","14":"sale","15":"shipping-taxable","16":"purchasable","17":"product-type-simple"},"_links":{"self":[{"href":"https:\/\/roveyayinevi.com.tr\/index.php\/wp-json\/wp\/v2\/product\/722588","targetHints":{"allow":["GET"]}}],"collection":[{"href":"https:\/\/roveyayinevi.com.tr\/index.php\/wp-json\/wp\/v2\/product"}],"about":[{"href":"https:\/\/roveyayinevi.com.tr\/index.php\/wp-json\/wp\/v2\/types\/product"}],"wp:attachment":[{"href":"https:\/\/roveyayinevi.com.tr\/index.php\/wp-json\/wp\/v2\/media?parent=722588"}],"wp:term":[{"taxonomy":"product_brand","embeddable":true,"href":"https:\/\/roveyayinevi.com.tr\/index.php\/wp-json\/wp\/v2\/product_brand?post=722588"},{"taxonomy":"product_cat","embeddable":true,"href":"https:\/\/roveyayinevi.com.tr\/index.php\/wp-json\/wp\/v2\/product_cat?post=722588"},{"taxonomy":"product_tag","embeddable":true,"href":"https:\/\/roveyayinevi.com.tr\/index.php\/wp-json\/wp\/v2\/product_tag?post=722588"}],"curies":[{"name":"wp","href":"https:\/\/api.w.org\/{rel}","templated":true}]}}