{"id":722584,"date":"2025-08-27T19:06:22","date_gmt":"2025-08-27T16:06:22","guid":{"rendered":"https:\/\/roveyayinevi.com.tr\/index.php\/urun\/deli-kadinin-papatya-satirlari\/"},"modified":"2026-04-16T02:30:33","modified_gmt":"2026-04-15T23:30:33","slug":"deli-kadinin-papatya-satirlari","status":"publish","type":"product","link":"https:\/\/roveyayinevi.com.tr\/index.php\/urun\/deli-kadinin-papatya-satirlari\/","title":{"rendered":"Deli Kad\u0131n\u0131n Papatya Sat\u0131rlar\u0131"},"content":{"rendered":"<p>\u0130\u00e7imde ac\u0131 varken ben susuyorum Kalbimi bo\u011fuyorum Ac\u0131yan bedenimdeki morluklar de\u011fil Kalbimdeki umut G\u00f6zlerimdeki \u00f6fke Art\u0131k akl\u0131m deliriyor<\/p>\n","protected":false},"excerpt":{"rendered":"<p>\u0130\u00e7imde ac\u0131 varken ben susuyorum Kalbimi bo\u011fuyorum Ac\u0131yan bedenimdeki morluklar de\u011fil Kalbimdeki umut G\u00f6zlerimdeki \u00f6fke Art\u0131k akl\u0131m deliriyor<\/p>\n","protected":false},"featured_media":0,"template":"","meta":{"_monsterinsights_skip_tracking":false,"_monsterinsights_sitenote_active":false,"_monsterinsights_sitenote_note":"","_monsterinsights_sitenote_category":0},"product_brand":[],"product_cat":[12291,12509],"product_tag":[],"class_list":{"0":"post-722584","1":"product","2":"type-product","3":"status-publish","5":"product_cat-edebiyat","6":"product_cat-siir","7":"pa_cilt-ciltsiz","8":"pa_tur-kitap","9":"pa_yayinevi-herdem-kitap","10":"pa_yazar-aybuke-yildiz","12":"first","13":"instock","14":"sale","15":"shipping-taxable","16":"purchasable","17":"product-type-simple"},"_links":{"self":[{"href":"https:\/\/roveyayinevi.com.tr\/index.php\/wp-json\/wp\/v2\/product\/722584","targetHints":{"allow":["GET"]}}],"collection":[{"href":"https:\/\/roveyayinevi.com.tr\/index.php\/wp-json\/wp\/v2\/product"}],"about":[{"href":"https:\/\/roveyayinevi.com.tr\/index.php\/wp-json\/wp\/v2\/types\/product"}],"wp:attachment":[{"href":"https:\/\/roveyayinevi.com.tr\/index.php\/wp-json\/wp\/v2\/media?parent=722584"}],"wp:term":[{"taxonomy":"product_brand","embeddable":true,"href":"https:\/\/roveyayinevi.com.tr\/index.php\/wp-json\/wp\/v2\/product_brand?post=722584"},{"taxonomy":"product_cat","embeddable":true,"href":"https:\/\/roveyayinevi.com.tr\/index.php\/wp-json\/wp\/v2\/product_cat?post=722584"},{"taxonomy":"product_tag","embeddable":true,"href":"https:\/\/roveyayinevi.com.tr\/index.php\/wp-json\/wp\/v2\/product_tag?post=722584"}],"curies":[{"name":"wp","href":"https:\/\/api.w.org\/{rel}","templated":true}]}}