{"id":722571,"date":"2025-08-27T19:06:10","date_gmt":"2025-08-27T16:06:10","guid":{"rendered":"https:\/\/roveyayinevi.com.tr\/index.php\/urun\/benim-babam-evrenin-en-harika-babasi\/"},"modified":"2026-03-28T02:34:08","modified_gmt":"2026-03-27T23:34:08","slug":"benim-babam-evrenin-en-harika-babasi","status":"publish","type":"product","link":"https:\/\/roveyayinevi.com.tr\/index.php\/urun\/benim-babam-evrenin-en-harika-babasi\/","title":{"rendered":"Benim Babam&#8230; Evrenin En Harika Babas\u0131"},"content":{"rendered":"<p>Herkesin babas\u0131 en harika babad\u0131r ve her baba-\u00e7ocuk ili\u015fkisi \u00f6zeldir. \u00c7ocuklar bu kitab\u0131 okurken kitab\u0131n i\u00e7inde kendilerine ayr\u0131lan yerleri doldurarak kitab\u0131 tamaml\u0131yor ve babalar\u0131yla ili\u015fkilerini anlatan en g\u00fczel kitap ortaya \u00e7\u0131k\u0131yor.Esther M\u00e9ndez&#8217;in ne\u015feli \u00e7izgileriyle s\u00fcsledi\u011fi kitab\u0131 \u0130spanyolca&#8217;dan Zeynep Atba\u015f \u00e7evirdi.<\/p>\n","protected":false},"excerpt":{"rendered":"<p>Herkesin babas\u0131 en harika babad\u0131r ve her baba-\u00e7ocuk ili\u015fkisi \u00f6zeldir. \u00c7ocuklar bu kitab\u0131 okurken kitab\u0131n i\u00e7inde kendilerine ayr\u0131lan yerleri doldurarak kitab\u0131 tamaml\u0131yor ve babalar\u0131yla ili\u015fkilerini anlatan<span class=\"excerpt-hellip\"> [\u2026]<\/span><\/p>\n","protected":false},"featured_media":0,"template":"","meta":{"_monsterinsights_skip_tracking":false,"_monsterinsights_sitenote_active":false,"_monsterinsights_sitenote_note":"","_monsterinsights_sitenote_category":0},"product_brand":[],"product_cat":[12274,12284],"product_tag":[],"class_list":{"0":"post-722571","1":"product","2":"type-product","3":"status-publish","5":"product_cat-cocuk-ve-genclik-kitaplari","6":"product_cat-hikayeler","7":"pa_cilt-ciltsiz","8":"pa_tur-kitap","9":"pa_yayinevi-bilgi-yayinevi","10":"pa_yazar-carme-dolz","12":"first","13":"instock","14":"sale","15":"shipping-taxable","16":"purchasable","17":"product-type-simple"},"_links":{"self":[{"href":"https:\/\/roveyayinevi.com.tr\/index.php\/wp-json\/wp\/v2\/product\/722571","targetHints":{"allow":["GET"]}}],"collection":[{"href":"https:\/\/roveyayinevi.com.tr\/index.php\/wp-json\/wp\/v2\/product"}],"about":[{"href":"https:\/\/roveyayinevi.com.tr\/index.php\/wp-json\/wp\/v2\/types\/product"}],"wp:attachment":[{"href":"https:\/\/roveyayinevi.com.tr\/index.php\/wp-json\/wp\/v2\/media?parent=722571"}],"wp:term":[{"taxonomy":"product_brand","embeddable":true,"href":"https:\/\/roveyayinevi.com.tr\/index.php\/wp-json\/wp\/v2\/product_brand?post=722571"},{"taxonomy":"product_cat","embeddable":true,"href":"https:\/\/roveyayinevi.com.tr\/index.php\/wp-json\/wp\/v2\/product_cat?post=722571"},{"taxonomy":"product_tag","embeddable":true,"href":"https:\/\/roveyayinevi.com.tr\/index.php\/wp-json\/wp\/v2\/product_tag?post=722571"}],"curies":[{"name":"wp","href":"https:\/\/api.w.org\/{rel}","templated":true}]}}