{"id":722567,"date":"2025-08-27T19:06:07","date_gmt":"2025-08-27T16:06:07","guid":{"rendered":"https:\/\/roveyayinevi.com.tr\/index.php\/urun\/iyi-fikir-bulma-sanati\/"},"modified":"2026-04-16T02:30:33","modified_gmt":"2026-04-15T23:30:33","slug":"iyi-fikir-bulma-sanati","status":"publish","type":"product","link":"https:\/\/roveyayinevi.com.tr\/index.php\/urun\/iyi-fikir-bulma-sanati\/","title":{"rendered":"\u0130yi Fikir Bulma Sanat\u0131"},"content":{"rendered":"<p>Bug\u00fcn yarat\u0131c\u0131l\u0131k, eskiden san\u0131ld\u0131\u011f\u0131 gibi belli ba\u015fl\u0131 alanlar ve meslekler i\u00e7in de\u011fil, hayat\u0131n her alan\u0131nda, her an\u0131nda, t\u00fcm mesleklerde ve u\u011fra\u015flarda hatta bireysel ba\u015far\u0131 ve mutlulukta da anahtar kelime.Peki yarat\u0131c\u0131l\u0131k sadece belli insanlarda bulunan bir yetenek mi?Yoksa hepimizde zaten var olan bir g\u00fc\u00e7 m\u00fc?James L. Adams, beynin yap\u0131s\u0131ndan ba\u015flayarak \u00e7al\u0131\u015fma sistemine, genetik mirastan \u00e7evresel fakt\u00f6rlere uzanan bir yolculu\u011fa \u00e7\u0131kar\u0131yor bizi ve yarat\u0131c\u0131l\u0131\u011f\u0131n hepimizde var oldu\u011funu ancak aram\u0131za bir dizi engelin girdi\u011fini hatta bu engelleri bazen fark\u0131nda olmadan bizzat bizim yaratt\u0131\u011f\u0131m\u0131z\u0131 g\u00f6steriyor. \u00dcstelik tek bir alana s\u0131n\u0131rl\u0131 kalmadan disiplinler aras\u0131 \u00f6rnekler, birbirinden e\u011flenceli ve verimli egzersizlerle yap\u0131yor bunu.Yarat\u0131c\u0131l\u0131k d\u00fcnyas\u0131n\u0131n klasikleri aras\u0131nda yer alan bu kitap, yay\u0131mlan\u0131\u015f\u0131ndan otuz y\u0131l sonra, yazar\u0131 taraf\u0131ndan g\u00fcnceli yakalamak ad\u0131na yeni bilgiler ve i\u00e7eriklerle zenginle\u015ftirildi. Bireysel yarat\u0131c\u0131l\u0131ktan ekip yarat\u0131c\u0131l\u0131\u011f\u0131na, i\u015f hayat\u0131ndan sanatsal \u00fcretime, her alanda, zihnimizle aram\u0131zdaki engelleri ortadan nas\u0131l kald\u0131raca\u011f\u0131m\u0131z\u0131 anlat\u0131yor \u0130yi Fikir Bulma Sanat\u0131.Yarat\u0131c\u0131, problem \u00e7\u00f6z\u00fcc\u00fc, yeni yollar a\u00e7\u0131c\u0131 cevherimizle aram\u0131za giren bloklar\u0131 kald\u0131rman\u0131n, yeni bir d\u00fc\u015f\u00fcnce bi\u00e7imi geli\u015ftirmenin yollar\u0131 bu kitapta\u2026<\/p>\n","protected":false},"excerpt":{"rendered":"<p>Bug\u00fcn yarat\u0131c\u0131l\u0131k, eskiden san\u0131ld\u0131\u011f\u0131 gibi belli ba\u015fl\u0131 alanlar ve meslekler i\u00e7in de\u011fil, hayat\u0131n her alan\u0131nda, her an\u0131nda, t\u00fcm mesleklerde ve u\u011fra\u015flarda hatta bireysel ba\u015far\u0131 ve mutlulukta<span class=\"excerpt-hellip\"> [\u2026]<\/span><\/p>\n","protected":false},"featured_media":0,"template":"","meta":{"_monsterinsights_skip_tracking":false,"_monsterinsights_sitenote_active":false,"_monsterinsights_sitenote_note":"","_monsterinsights_sitenote_category":0},"product_brand":[],"product_cat":[12358,12357],"product_tag":[],"class_list":{"0":"post-722567","1":"product","2":"type-product","3":"status-publish","5":"product_cat-genel-psikoloji","6":"product_cat-psikoloji","7":"pa_cilt-ciltsiz","8":"pa_tur-kitap","9":"pa_yayinevi-the-kitap","10":"pa_yazar-james-l-adams","12":"first","13":"instock","14":"sale","15":"shipping-taxable","16":"purchasable","17":"product-type-simple"},"_links":{"self":[{"href":"https:\/\/roveyayinevi.com.tr\/index.php\/wp-json\/wp\/v2\/product\/722567","targetHints":{"allow":["GET"]}}],"collection":[{"href":"https:\/\/roveyayinevi.com.tr\/index.php\/wp-json\/wp\/v2\/product"}],"about":[{"href":"https:\/\/roveyayinevi.com.tr\/index.php\/wp-json\/wp\/v2\/types\/product"}],"wp:attachment":[{"href":"https:\/\/roveyayinevi.com.tr\/index.php\/wp-json\/wp\/v2\/media?parent=722567"}],"wp:term":[{"taxonomy":"product_brand","embeddable":true,"href":"https:\/\/roveyayinevi.com.tr\/index.php\/wp-json\/wp\/v2\/product_brand?post=722567"},{"taxonomy":"product_cat","embeddable":true,"href":"https:\/\/roveyayinevi.com.tr\/index.php\/wp-json\/wp\/v2\/product_cat?post=722567"},{"taxonomy":"product_tag","embeddable":true,"href":"https:\/\/roveyayinevi.com.tr\/index.php\/wp-json\/wp\/v2\/product_tag?post=722567"}],"curies":[{"name":"wp","href":"https:\/\/api.w.org\/{rel}","templated":true}]}}