{"id":722563,"date":"2025-08-27T19:06:04","date_gmt":"2025-08-27T16:06:04","guid":{"rendered":"https:\/\/roveyayinevi.com.tr\/index.php\/urun\/komanci-5-3-album-birdenciltli\/"},"modified":"2026-04-16T02:30:33","modified_gmt":"2026-04-15T23:30:33","slug":"komanci-5-3-album-birdenciltli","status":"publish","type":"product","link":"https:\/\/roveyayinevi.com.tr\/index.php\/urun\/komanci-5-3-album-birdenciltli\/","title":{"rendered":"Koman\u00e7i 5 (3 Alb\u00fcm Birden,Ciltli)"},"content":{"rendered":"<p>Vah\u015fi \u015eenlik Ten Gallon 666\u2019ya son derece heyecanla gelir. Elindeki afi\u015ften Albay Thornton\u2019un b\u00fcy\u00fck gezici sirkinin, \u00e7iftli\u011fe yak\u0131n bir yerde kurulaca\u011f\u0131n\u0131, sirkin program\u0131nda bir katliam \u201ckahraman\u0131\u201d \u2018T\u00fcfek\u2019 Mac Bannister\u2019\u0131n da oldu\u011funu \u00f6\u011frenirler. \u00c7iftlikteki herkes bu e\u011flence f\u0131rsat\u0131na sevinirken Koman\u00e7i sevin\u00e7lerini kursaklar\u0131nda b\u0131rak\u0131r. Onlara herkesin nedenini bilmeden Koman\u00e7i diyecekleri k\u00fc\u00e7\u00fck bir k\u0131z\u0131n ger\u00e7ek hikayesini anlat\u0131r: Beyaz ya\u011fmac\u0131lar\u0131n elinden kurtulduktan sonra k\u0131z\u0131lderili ailesinde ne kadar mutlu oldu\u011fundan s\u00f6z eder k\u0131zca\u011f\u0131z\u0131n&#8230; Ama bir g\u00fcn i\u00e7inde 87 K\u0131z\u0131lderili sava\u015f\u00e7\u0131 katledilir: Katilleri Mac Bannister\u2019d\u0131r&#8230;   Kay\u0131p Derenin Alt\u0131nlar\u0131 Red Dust ile Koman\u00e7i Larami fuar\u0131 i\u00e7in atlar\u0131 haz\u0131rlamaktad\u0131r. Bu arada \u00e7iftlikte kalan iki gen\u00e7 k\u0131z\u0131lderili, F\u0131rt\u0131naate\u015fi ile Yazseli kendi alanlar\u0131na d\u00f6nmeyi reddettikleri i\u00e7in aranmaktad\u0131r. \u00d6te yandan \u00e7iftlik i\u015flerinde \u00e7al\u0131\u015fmak konusunda da g\u00f6n\u00fcls\u00fczd\u00fcrler. At h\u0131rs\u0131zlar\u0131n\u0131n pe\u015fine d\u00fc\u015fen Longsdale\u2019in adamlar\u0131n\u0131n yolu \u00e7iftli\u011fe d\u00fc\u015f\u00fcnce iki gen\u00e7 k\u0131z\u0131lderiliyi saklamak, yakalanmalar\u0131n\u0131 engellemek gerekecektir&#8230;   Red Dust Expres Bir tarafta Albay Lawrece\u2019la \u201cMidwest Bronco\u201dsu di\u011fer tarafta milyarder Maximilian Dexter\u2019la \u201cNightstar Road\u201du.  Ortada da Serenity\u2019ye ilk ula\u015facak demiryolu \u015firketinin kazanaca\u011f\u0131 iki milyon dolarl\u0131k bir servet. Albay bu iddiay\u0131 i\u015f\u00e7ilerinin teriyle kazanmaya \u00e7al\u0131\u015f\u0131rken, milyarderin akl\u0131nda i\u015fini h\u0131zland\u0131racak ba\u015fka fikirler vard\u0131r. 6 6 6 da tam Serenity yolunun \u00fczerindedir&#8230; <\/p>\n","protected":false},"excerpt":{"rendered":"<p>Vah\u015fi \u015eenlik Ten Gallon 666\u2019ya son derece heyecanla gelir. Elindeki afi\u015ften Albay Thornton\u2019un b\u00fcy\u00fck gezici sirkinin, \u00e7iftli\u011fe yak\u0131n bir yerde kurulaca\u011f\u0131n\u0131, sirkin program\u0131nda bir katliam \u201ckahraman\u0131\u201d<span class=\"excerpt-hellip\"> [\u2026]<\/span><\/p>\n","protected":false},"featured_media":0,"template":"","meta":{"_monsterinsights_skip_tracking":false,"_monsterinsights_sitenote_active":false,"_monsterinsights_sitenote_note":"","_monsterinsights_sitenote_category":0},"product_brand":[],"product_cat":[12416,12291],"product_tag":[],"class_list":{"0":"post-722563","1":"product","2":"type-product","3":"status-publish","5":"product_cat-cizgi-roman","6":"product_cat-edebiyat","7":"pa_cilt-ciltli","8":"pa_tur-kitap","9":"pa_yayinevi-yapi-kredi-yayinlari","10":"pa_yazar-hermann-greg","12":"first","13":"instock","14":"sale","15":"shipping-taxable","16":"purchasable","17":"product-type-simple"},"_links":{"self":[{"href":"https:\/\/roveyayinevi.com.tr\/index.php\/wp-json\/wp\/v2\/product\/722563","targetHints":{"allow":["GET"]}}],"collection":[{"href":"https:\/\/roveyayinevi.com.tr\/index.php\/wp-json\/wp\/v2\/product"}],"about":[{"href":"https:\/\/roveyayinevi.com.tr\/index.php\/wp-json\/wp\/v2\/types\/product"}],"wp:attachment":[{"href":"https:\/\/roveyayinevi.com.tr\/index.php\/wp-json\/wp\/v2\/media?parent=722563"}],"wp:term":[{"taxonomy":"product_brand","embeddable":true,"href":"https:\/\/roveyayinevi.com.tr\/index.php\/wp-json\/wp\/v2\/product_brand?post=722563"},{"taxonomy":"product_cat","embeddable":true,"href":"https:\/\/roveyayinevi.com.tr\/index.php\/wp-json\/wp\/v2\/product_cat?post=722563"},{"taxonomy":"product_tag","embeddable":true,"href":"https:\/\/roveyayinevi.com.tr\/index.php\/wp-json\/wp\/v2\/product_tag?post=722563"}],"curies":[{"name":"wp","href":"https:\/\/api.w.org\/{rel}","templated":true}]}}