{"id":722561,"date":"2025-08-27T19:06:03","date_gmt":"2025-08-27T16:06:03","guid":{"rendered":"https:\/\/roveyayinevi.com.tr\/index.php\/urun\/gokyuzu-herkesindir\/"},"modified":"2026-02-03T02:44:57","modified_gmt":"2026-02-02T23:44:57","slug":"gokyuzu-herkesindir","status":"publish","type":"product","link":"https:\/\/roveyayinevi.com.tr\/index.php\/urun\/gokyuzu-herkesindir\/","title":{"rendered":"G\u00f6ky\u00fcz\u00fc Herkesindir"},"content":{"rendered":"<p>Z\u00fclf\u00fc Livaneli,  \u201cHep bir a\u011f\u0131zdan t\u00fcrk\u00fc s\u00f6yleyen\u201d bir halk\u0131n sesi oldu. Onun ezgileri ve dizeleriyle halklar aras\u0131nda dostluk k\u00f6pr\u00fcleri kuruldu, gidenlerin ard\u0131ndan yaslar tutuldu. Bireysel olanla toplumsal olan\u0131n i\u00e7 i\u00e7e ge\u00e7ti\u011fi bir \u00e7a\u011fda, Livaneli\u2019nin s\u00f6zleri, \u201cG\u00f6ky\u00fcz\u00fc herkesindir\u201d, \u201cD\u00fcnyay\u0131 g\u00fczellik kurtaracak\u201d diyenlerin umudu oldu\u2026G\u00f6ky\u00fcz\u00fc Herkesindir, T\u00fcrkiye\u2019nin ku\u015faktan ku\u015fa\u011fa aktar\u0131lan \u015fiiri.Bir g\u00fcn\u00e7ok bunal\u0131rsandenizin dibindeyosunlara tak\u0131lm\u0131\u015f gibisoluksuzsak\u0131n unutma g\u00f6ky\u00fcz\u00fcne bakmay\u0131g\u00f6ky\u00fcz\u00fc senindirg\u00f6ky\u00fcz\u00fc herkesindir<\/p>\n","protected":false},"excerpt":{"rendered":"<p>Z\u00fclf\u00fc Livaneli, \u201cHep bir a\u011f\u0131zdan t\u00fcrk\u00fc s\u00f6yleyen\u201d bir halk\u0131n sesi oldu. Onun ezgileri ve dizeleriyle halklar aras\u0131nda dostluk k\u00f6pr\u00fcleri kuruldu, gidenlerin ard\u0131ndan yaslar tutuldu. Bireysel olanla<span class=\"excerpt-hellip\"> [\u2026]<\/span><\/p>\n","protected":false},"featured_media":0,"template":"","meta":{"_monsterinsights_skip_tracking":false,"_monsterinsights_sitenote_active":false,"_monsterinsights_sitenote_note":"","_monsterinsights_sitenote_category":0},"product_brand":[],"product_cat":[12291,12509],"product_tag":[],"class_list":{"0":"post-722561","1":"product","2":"type-product","3":"status-publish","5":"product_cat-edebiyat","6":"product_cat-siir","7":"pa_cilt-ciltsiz","8":"pa_tur-kitap","9":"pa_yayinevi-dogan-kitap","10":"pa_yazar-zulfu-livaneli","12":"first","13":"instock","14":"sale","15":"shipping-taxable","16":"purchasable","17":"product-type-simple"},"_links":{"self":[{"href":"https:\/\/roveyayinevi.com.tr\/index.php\/wp-json\/wp\/v2\/product\/722561","targetHints":{"allow":["GET"]}}],"collection":[{"href":"https:\/\/roveyayinevi.com.tr\/index.php\/wp-json\/wp\/v2\/product"}],"about":[{"href":"https:\/\/roveyayinevi.com.tr\/index.php\/wp-json\/wp\/v2\/types\/product"}],"wp:attachment":[{"href":"https:\/\/roveyayinevi.com.tr\/index.php\/wp-json\/wp\/v2\/media?parent=722561"}],"wp:term":[{"taxonomy":"product_brand","embeddable":true,"href":"https:\/\/roveyayinevi.com.tr\/index.php\/wp-json\/wp\/v2\/product_brand?post=722561"},{"taxonomy":"product_cat","embeddable":true,"href":"https:\/\/roveyayinevi.com.tr\/index.php\/wp-json\/wp\/v2\/product_cat?post=722561"},{"taxonomy":"product_tag","embeddable":true,"href":"https:\/\/roveyayinevi.com.tr\/index.php\/wp-json\/wp\/v2\/product_tag?post=722561"}],"curies":[{"name":"wp","href":"https:\/\/api.w.org\/{rel}","templated":true}]}}