{"id":722559,"date":"2025-08-27T19:06:01","date_gmt":"2025-08-27T16:06:01","guid":{"rendered":"https:\/\/roveyayinevi.com.tr\/index.php\/urun\/beyaz-ve-siyah\/"},"modified":"2026-04-16T02:30:33","modified_gmt":"2026-04-15T23:30:33","slug":"beyaz-ve-siyah","status":"publish","type":"product","link":"https:\/\/roveyayinevi.com.tr\/index.php\/urun\/beyaz-ve-siyah\/","title":{"rendered":"Beyaz ve Siyah"},"content":{"rendered":"<p>Gergedanlar (1959), Sandalyeler (1952) ve Ders(1951) gibi oyunlar\u0131yla abs\u00fcrd tiyatronun en \u00f6nemli fig\u00fcrlerinden olan Eug\u00e8ne Ionesco, insanlar aras\u0131ndaki ileti\u015fimsizli\u011fi, dilin sa\u00e7mal\u0131\u011f\u0131n\u0131 ve davran\u0131\u015flar\u0131n basmakal\u0131pl\u0131\u011f\u0131n\u0131 her d\u00fczlemde aktarmaya \u00e7al\u0131\u015ft\u0131.   Beyaz ve Siyah i\u015fte bu \u00e7aban\u0131n bir ba\u015fka \u00fcr\u00fcn\u00fc olarak resim ile yaz\u0131n\u0131n e\u015fzamanl\u0131 ilerledi\u011fi bir yap\u0131ta d\u00f6n\u00fc\u015f\u00fcyor.   \u201cResim yapmay\u0131 bilmeyi ger\u00e7ekten \u00e7ok isterdim \u015fimdi: G\u00f6stermeye \u00e7al\u0131\u015ft\u0131\u011f\u0131m \u015fey sahiden \u00f6l\u00fcm ve ya\u015fam.\u201d   Ionesco insan\u0131n \u00fcst\u00fcndeki \u00f6rt\u00fcy\u00fc kald\u0131r\u0131yor ve temel g\u00fcd\u00fclerini g\u00f6steriyor. &#8211; Vladimir Jank\u00e9l\u00e9vitch   Zincirlerim \u00e7irkinlik, \u00fcz\u00fcnt\u00fc, sefillik, ya\u015fl\u0131l\u0131k ve \u00f6l\u00fcmd\u00fcr. Hangi devrim beni bundan kurtarabilir?  &#8211; Eug\u00e8ne Ionesco <\/p>\n","protected":false},"excerpt":{"rendered":"<p>Gergedanlar (1959), Sandalyeler (1952) ve Ders(1951) gibi oyunlar\u0131yla abs\u00fcrd tiyatronun en \u00f6nemli fig\u00fcrlerinden olan Eug\u00e8ne Ionesco, insanlar aras\u0131ndaki ileti\u015fimsizli\u011fi, dilin sa\u00e7mal\u0131\u011f\u0131n\u0131 ve davran\u0131\u015flar\u0131n basmakal\u0131pl\u0131\u011f\u0131n\u0131 her d\u00fczlemde<span class=\"excerpt-hellip\"> [\u2026]<\/span><\/p>\n","protected":false},"featured_media":0,"template":"","meta":{"_monsterinsights_skip_tracking":false,"_monsterinsights_sitenote_active":false,"_monsterinsights_sitenote_note":"","_monsterinsights_sitenote_category":0},"product_brand":[],"product_cat":[12777,12291],"product_tag":[],"class_list":{"0":"post-722559","1":"product","2":"type-product","3":"status-publish","5":"product_cat-deneme","6":"product_cat-edebiyat","7":"pa_cilt-ciltsiz","8":"pa_tur-kitap","9":"pa_yayinevi-yapi-kredi-yayinlari","10":"pa_yazar-eugene-ionesco","12":"first","13":"instock","14":"sale","15":"shipping-taxable","16":"purchasable","17":"product-type-simple"},"_links":{"self":[{"href":"https:\/\/roveyayinevi.com.tr\/index.php\/wp-json\/wp\/v2\/product\/722559","targetHints":{"allow":["GET"]}}],"collection":[{"href":"https:\/\/roveyayinevi.com.tr\/index.php\/wp-json\/wp\/v2\/product"}],"about":[{"href":"https:\/\/roveyayinevi.com.tr\/index.php\/wp-json\/wp\/v2\/types\/product"}],"wp:attachment":[{"href":"https:\/\/roveyayinevi.com.tr\/index.php\/wp-json\/wp\/v2\/media?parent=722559"}],"wp:term":[{"taxonomy":"product_brand","embeddable":true,"href":"https:\/\/roveyayinevi.com.tr\/index.php\/wp-json\/wp\/v2\/product_brand?post=722559"},{"taxonomy":"product_cat","embeddable":true,"href":"https:\/\/roveyayinevi.com.tr\/index.php\/wp-json\/wp\/v2\/product_cat?post=722559"},{"taxonomy":"product_tag","embeddable":true,"href":"https:\/\/roveyayinevi.com.tr\/index.php\/wp-json\/wp\/v2\/product_tag?post=722559"}],"curies":[{"name":"wp","href":"https:\/\/api.w.org\/{rel}","templated":true}]}}