{"id":722549,"date":"2025-08-27T19:05:53","date_gmt":"2025-08-27T16:05:53","guid":{"rendered":"https:\/\/roveyayinevi.com.tr\/index.php\/urun\/turkiye-selcuklularinda-meslekler\/"},"modified":"2026-04-16T02:30:33","modified_gmt":"2026-04-15T23:30:33","slug":"turkiye-selcuklularinda-meslekler","status":"publish","type":"product","link":"https:\/\/roveyayinevi.com.tr\/index.php\/urun\/turkiye-selcuklularinda-meslekler\/","title":{"rendered":"T\u00fcrkiye Sel\u00e7uklular\u0131nda Meslekler"},"content":{"rendered":"<p>Bu ara\u015ft\u0131rmada T\u00fcrkiye Sel\u00e7uklular\u0131 devrinde serbest meslek sahipleriyle ilgili olarak 250\u2019ye yak\u0131n unvan tespit edilmi\u015ftir. T\u00fcrkiye Sel\u00e7uklular\u0131 devrinde bu kadar meslek unvan\u0131n\u0131n tespit edilmesi, o d\u00f6nemde Anadolu\u2019daki esnaf, zanaatk\u00e2r ve sanatk\u00e2r s\u0131n\u0131f\u0131n\u0131n toplum hayat\u0131nda zirvede oldu\u011funun bir i\u015faretidir. \u00c7al\u0131\u015fmam\u0131z genelde Orta Anadolu\u2019ya ait s\u00f6z geli\u015fi, Konya, Kayseri, K\u0131r\u015fehir, Erzincan ve Sivas gibi \u015fehirlerle k\u0131s\u0131tl\u0131 kalmas\u0131na ra\u011fmen, bug\u00fcn organize sanayi b\u00f6lgeleri dedi\u011fimiz yerlerin daha o zamanda \u00f6nc\u00fclerinin meydana geldi\u011fini, ayn\u0131 cins meslek gruplar\u0131n\u0131n bir arada \u00e7ar\u015f\u0131lar (s\u016bk) meydana getirerek \u00e7al\u0131\u015ft\u0131klar\u0131n\u0131 g\u00f6r\u00fcyoruz. Yine o d\u00f6nemdeki hanlar ise bug\u00fcnk\u00fc i\u015f merkezlerinin \u00f6nc\u00fcleriydi. Ayr\u0131ca bunlardan bir k\u0131sm\u0131 tarih\u00ee \u00e7ar\u015f\u0131lar olarak h\u00e2len eski i\u015flerli\u011fini korumaktad\u0131r. Bir k\u0131sm\u0131 yok olmas\u0131na ra\u011fmen semt pazarlar\u0131 insanlar\u0131n her t\u00fcrl\u00fc ihtiya\u00e7lar\u0131n\u0131 gidermek i\u00e7in ba\u015fvurduklar\u0131 \u00f6nemli al\u0131\u015fveri\u015f merkezleridir. Meslek unvanlar\u0131ndan Fars\u00e7a olan baz\u0131lar\u0131n\u0131n sonuna T\u00fcrk\u00e7ede meslek yapmak eki c\u0131-\u00e7i il\u00e2ve edilmi\u015f olup, bunlar bug\u00fcn de varl\u0131klar\u0131n\u0131 s\u00fcrd\u00fcrmektedirler. Zaman zaman \u00f6zellikle yabanc\u0131lar\u0131n yapt\u0131klar\u0131 ara\u015ft\u0131rmalarda Anadolu\u2019da ya\u015fayan zanaatk\u00e2r ve ticaret erbab\u0131n\u0131n \u00e7o\u011funlukla gayr-i M\u00fcslimlerden olu\u015ftu\u011fu ileri s\u00fcr\u00fclmektedir. Ancak bu \u00e7al\u0131\u015fmam\u0131z s\u0131ras\u0131nda, yaz\u0131lanlar\u0131n aksine \u00f6zellikle XIII. y\u00fczy\u0131lda Anadolu\u2019da T\u00fcrk-\u0130sl\u00e2m toplumunun i\u015f hayat\u0131nda art\u0131k \u00e7o\u011funlu\u011fa sahip oldu\u011fu anla\u015f\u0131lmaktad\u0131r. Sel\u00e7uklu d\u00f6nemindeki meslekler bug\u00fcn i\u00e7in de\u011fi\u015fmi\u015f midir? Sel\u00e7uklu d\u00f6neminde tespit etti\u011fimiz mesleklere bakarsak, bug\u00fcn i\u00e7in b\u00fcy\u00fck bir k\u0131sm\u0131 seri imalata ge\u00e7meleri veya fabrikasyon \u00e7al\u0131\u015fmalar\u0131na ra\u011fmen meslek unvanlar\u0131n\u0131 korumu\u015flar, bir k\u0131sm\u0131 da meslek unvanlar\u0131n\u0131 de\u011fi\u015ftirerek varl\u0131klar\u0131n\u0131 s\u00fcrd\u00fcrm\u00fc\u015flerdir. <\/p>\n","protected":false},"excerpt":{"rendered":"<p>Bu ara\u015ft\u0131rmada T\u00fcrkiye Sel\u00e7uklular\u0131 devrinde serbest meslek sahipleriyle ilgili olarak 250\u2019ye yak\u0131n unvan tespit edilmi\u015ftir. T\u00fcrkiye Sel\u00e7uklular\u0131 devrinde bu kadar meslek unvan\u0131n\u0131n tespit edilmesi, o d\u00f6nemde<span class=\"excerpt-hellip\"> [\u2026]<\/span><\/p>\n","protected":false},"featured_media":0,"template":"","meta":{"_monsterinsights_skip_tracking":false,"_monsterinsights_sitenote_active":false,"_monsterinsights_sitenote_note":"","_monsterinsights_sitenote_category":0},"product_brand":[],"product_cat":[12304,13650],"product_tag":[],"class_list":{"0":"post-722549","1":"product","2":"type-product","3":"status-publish","5":"product_cat-tarih","6":"product_cat-turk-tarihi-arastirmalari","7":"pa_cilt-ciltsiz","8":"pa_tur-kitap","9":"pa_yayinevi-bilge-kultur-sanat","10":"pa_yazar-erdogan-mercil","12":"first","13":"instock","14":"sale","15":"shipping-taxable","16":"purchasable","17":"product-type-simple"},"_links":{"self":[{"href":"https:\/\/roveyayinevi.com.tr\/index.php\/wp-json\/wp\/v2\/product\/722549","targetHints":{"allow":["GET"]}}],"collection":[{"href":"https:\/\/roveyayinevi.com.tr\/index.php\/wp-json\/wp\/v2\/product"}],"about":[{"href":"https:\/\/roveyayinevi.com.tr\/index.php\/wp-json\/wp\/v2\/types\/product"}],"wp:attachment":[{"href":"https:\/\/roveyayinevi.com.tr\/index.php\/wp-json\/wp\/v2\/media?parent=722549"}],"wp:term":[{"taxonomy":"product_brand","embeddable":true,"href":"https:\/\/roveyayinevi.com.tr\/index.php\/wp-json\/wp\/v2\/product_brand?post=722549"},{"taxonomy":"product_cat","embeddable":true,"href":"https:\/\/roveyayinevi.com.tr\/index.php\/wp-json\/wp\/v2\/product_cat?post=722549"},{"taxonomy":"product_tag","embeddable":true,"href":"https:\/\/roveyayinevi.com.tr\/index.php\/wp-json\/wp\/v2\/product_tag?post=722549"}],"curies":[{"name":"wp","href":"https:\/\/api.w.org\/{rel}","templated":true}]}}