{"id":722548,"date":"2025-08-27T19:05:52","date_gmt":"2025-08-27T16:05:52","guid":{"rendered":"https:\/\/roveyayinevi.com.tr\/index.php\/urun\/yasam-tuzaklari-icin-sema-terapi\/"},"modified":"2026-04-16T02:30:33","modified_gmt":"2026-04-15T23:30:33","slug":"yasam-tuzaklari-icin-sema-terapi","status":"publish","type":"product","link":"https:\/\/roveyayinevi.com.tr\/index.php\/urun\/yasam-tuzaklari-icin-sema-terapi\/","title":{"rendered":"Ya\u015fam Tuzaklar\u0131 \u0130\u00e7in \u015eema Terapi"},"content":{"rendered":"<p>Ya\u015fam tuzaklar\u0131, ho\u015fumuza gitse de gitmese de zor zamanlar\u0131m\u0131zda tekrar tekrar a\u00e7\u0131lan \u201c\u00e7ekmeceler\u201d ya da \u00e7ocuklu\u011fumuzda, adeta bir film y\u00f6netmeni gibi \u00e7ekti\u011fimiz kaybetti\u011fimiz ve ar\u015fivledi\u011fimiz \u201cfilmler\u201d gibidir. Bu \u00e7ocukluk filmleri, yeti\u015fkinli\u011fimizde g\u00fcn\u00fc ve an\u2019\u0131 geldi\u011finde ar\u015fivlendi\u011fi \u00e7ekmecenin ans\u0131z\u0131n a\u00e7\u0131l\u0131vermesiyle kendili\u011finden g\u00f6sterime girer\u2026\u015eema Terapi\u2019de ki\u015fi kendi \u00e7ekmecelerini, nas\u0131l olu\u015ftuklar\u0131n\u0131 ve i\u00e7lerini nelerle, hangi sahnelerle doldurdu\u011funu \u201cizleyerek\u201d \u00f6\u011frenir.Ya\u015fam tuzaklar\u0131ndan kurtulmak i\u00e7in gerekli olan \u015fey, yeni olu\u015fan i\u00e7sel deneyimlerin arkas\u0131nda hangi eski \u015femalar ya da \u00e7ekmeceler gizlendi\u011fini ara\u015ft\u0131rmakt\u0131r.<\/p>\n","protected":false},"excerpt":{"rendered":"<p>Ya\u015fam tuzaklar\u0131, ho\u015fumuza gitse de gitmese de zor zamanlar\u0131m\u0131zda tekrar tekrar a\u00e7\u0131lan \u201c\u00e7ekmeceler\u201d ya da \u00e7ocuklu\u011fumuzda, adeta bir film y\u00f6netmeni gibi \u00e7ekti\u011fimiz kaybetti\u011fimiz ve ar\u015fivledi\u011fimiz \u201cfilmler\u201d<span class=\"excerpt-hellip\"> [\u2026]<\/span><\/p>\n","protected":false},"featured_media":0,"template":"","meta":{"_monsterinsights_skip_tracking":false,"_monsterinsights_sitenote_active":false,"_monsterinsights_sitenote_note":"","_monsterinsights_sitenote_category":0},"product_brand":[],"product_cat":[20502,12357],"product_tag":[],"class_list":{"0":"post-722548","1":"product","2":"type-product","3":"status-publish","5":"product_cat-basvuru-kitaplari-psikoloji","6":"product_cat-psikoloji","7":"pa_cilt-ciltsiz","8":"pa_tur-kitap","9":"pa_yayinevi-psikonet-yayinlari","10":"pa_yazar-eckhard-roediger","12":"first","13":"instock","14":"sale","15":"shipping-taxable","16":"purchasable","17":"product-type-simple"},"_links":{"self":[{"href":"https:\/\/roveyayinevi.com.tr\/index.php\/wp-json\/wp\/v2\/product\/722548","targetHints":{"allow":["GET"]}}],"collection":[{"href":"https:\/\/roveyayinevi.com.tr\/index.php\/wp-json\/wp\/v2\/product"}],"about":[{"href":"https:\/\/roveyayinevi.com.tr\/index.php\/wp-json\/wp\/v2\/types\/product"}],"wp:attachment":[{"href":"https:\/\/roveyayinevi.com.tr\/index.php\/wp-json\/wp\/v2\/media?parent=722548"}],"wp:term":[{"taxonomy":"product_brand","embeddable":true,"href":"https:\/\/roveyayinevi.com.tr\/index.php\/wp-json\/wp\/v2\/product_brand?post=722548"},{"taxonomy":"product_cat","embeddable":true,"href":"https:\/\/roveyayinevi.com.tr\/index.php\/wp-json\/wp\/v2\/product_cat?post=722548"},{"taxonomy":"product_tag","embeddable":true,"href":"https:\/\/roveyayinevi.com.tr\/index.php\/wp-json\/wp\/v2\/product_tag?post=722548"}],"curies":[{"name":"wp","href":"https:\/\/api.w.org\/{rel}","templated":true}]}}