{"id":722546,"date":"2025-08-27T19:05:51","date_gmt":"2025-08-27T16:05:51","guid":{"rendered":"https:\/\/roveyayinevi.com.tr\/index.php\/urun\/milli-mecmua-dergisi-sayi-2-mart-nisan-2018\/"},"modified":"2026-04-16T02:30:33","modified_gmt":"2026-04-15T23:30:33","slug":"milli-mecmua-dergisi-sayi-2-mart-nisan-2018","status":"publish","type":"product","link":"https:\/\/roveyayinevi.com.tr\/index.php\/urun\/milli-mecmua-dergisi-sayi-2-mart-nisan-2018\/","title":{"rendered":"Milli Mecmua Dergisi Say\u0131 2 \/ Mart &#8211; Nisan 2018"},"content":{"rendered":"<p>T\u00fcrkler ve \u0130slam: Yeni Bir Bak\u0131\u015f Denemesi\/Erkan G\u00f6ksuT\u00fcrkistan Dini Co\u011frafyas\u0131n\u0131n \u00dc\u00e7 Sa\u00e7 Aya\u011f\u0131: Hanefilik Mat\u00fcridilik Ve Yesevilik \/ Hilmi DemirDin\u00ee D\u00fc\u015f\u00fcncemizin \u0130deal ve Model \u0130smi: \u0130m\u00e2m-\u0131 M\u00e2t\u00fcr\u00eed\u00ee\/Fatih M. \u015eekerT\u00fcrk M\u00fcsl\u00fcmanl\u0131\u011f\u0131 Ve Ahmed Yesev\u00ee\/Alihan B\u00fcy\u00fck\u00e7olakEnd\u00fcl\u00fcsten T\u00fcrkistan\u2019a, Bir Medeniyet \u00c7emberinin Tamamlan\u0131\u015f\u0131: Yesev\u00ee Muhibbi Timur \u0130le \u0130bn Haldun\u2019un Bulu\u015fmas\u0131\/Mehmet Akif OkurT\u00fcrk D\u00fc\u015f\u00fcncesine Dair\/Levent BayraktarTasavvufun Yeti\u015ftirdi\u011fi Model \u015eahsiyetlerden \u00d6rnekler\/Mustafa KaraT\u00fcrk Edebiyat\u0131nda \u00c2l-i Ab\u00e2 Muhabbeti\/Do\u011fukan Oru\u00e7Sar\u0131 Salt\u0131k \u00d6rne\u011finden Hareketle Balkanlarda Yesev\u00eelik\/Metehan HepvarAnadolu\u2019da M\u00fcsl\u00fcman T\u00fcrk K\u00fclt\u00fcr\u00fcn\u00fcn \u015eekillendirdi\u011fi Bir Te\u015fkilat: Ahilik\/ Kemal Hayk\u0131ranItri-G\u00f6kt\u00fcrk \u00d6mer \u00c7ak\u0131rKlasik \u00c7a\u011f Osmanl\u0131 \u0130stanbul\u2019unda Nak\u015fbend\u00eelik: Ey\u00fcp\u2019te Baba Haydar En-Nak\u015fbend\u00ee \u00d6rne\u011fi\/Ha\u015fim \u015eahinT\u00fcrk M\u00fcsl\u00fcmanl\u0131\u011f\u0131 Fikriy\u00e2t\u0131 Tarihine Bir Katk\u0131: Said Halim Pa\u015fa\u2019da T\u00fcrk M\u00fcsl\u00fcmanl\u0131\u011f\u0131n\u0131n \u0130mk\u00e2n\u0131\/Mehmet Kaan \u00c7alenYahy\u00e2 Kemal\u2019de Anlama Ve Mens\u00fbbiyet\/Sait Ba\u015ferT\u00fcrkiye\u2019de Alev\u00eelik-Bekta\u015f\u00eelik Ara\u015ft\u0131rmalar\u0131nda Tarihi Bozma, Yakla\u015f\u0131m Ve Tarihsel Perspektif Yanl\u0131\u015flar\u0131\/Ahmet Ya\u015far OcakS\u00fcnn\u00eeli\u011fimiz-T\u00fcrkl\u00fc\u011f\u00fcm\u00fcz\/Yasin UstaDurmu\u015f Hocao\u011flu\u2019na G\u00f6re T\u00fcrk M\u00fcsl\u00fcmanl\u0131\u011f\u0131\/Mustafa \u015eahinS. Ahmet Arvasi Ve \u0130lm-\u0130 Hal \u00dczerine Bir De\u011ferlendirme\/Mustafa Kuvanc\u0131Dam\u0131t\u0131lm\u0131\u015f Serdenge\u00e7ti T\u00fcrk M\u00fcsl\u00fcmanl\u0131\u011f\u0131\/Hasan T\u00fclkayVehhabilik, Selefilik, T\u00fcrkl\u00fck\/Arif Ya\u011fyudanS\u00fcleymaniye Ve Yahya Kemal\/Furkan O\u011fuzhan Polat\u201c\u00d6l\u00fcm\u201d Z\u00e2viyesinden T\u00fcrk Hayat Kavray\u0131\u015f\u0131na Bak\u0131\u015f Denemesi\/Ahmet Alperen CanT\u00fcrk M\u00fcsl\u00fcmanl\u0131\u011f\u0131\u2019n\u0131n Ament\u00fcs\u00fc: \u0130lk Mutasavv\u0131flar\/ Serhat DemirYahya Kemal\u2019de T\u00fcrk M\u00fcsl\u00fcmanl\u0131\u011f\u0131\/\u0130brahim Da\u015fG\u00f6n\u00fcl Cerrah\u0131 Safer Efendinin Sohbetleri\/Ya\u011f\u0131z G\u00f6n\u00fclerD\u00fcnden Bug\u00fcne Uzanan Bir Mesele: Osmanl\u0131lar Ve Vehh\u00e2b\u00eelik\/Ahmet Boyraz<\/p>\n","protected":false},"excerpt":{"rendered":"<p>T\u00fcrkler ve \u0130slam: Yeni Bir Bak\u0131\u015f Denemesi\/Erkan G\u00f6ksuT\u00fcrkistan Dini Co\u011frafyas\u0131n\u0131n \u00dc\u00e7 Sa\u00e7 Aya\u011f\u0131: Hanefilik Mat\u00fcridilik Ve Yesevilik \/ Hilmi DemirDin\u00ee D\u00fc\u015f\u00fcncemizin \u0130deal ve Model \u0130smi: \u0130m\u00e2m-\u0131<span class=\"excerpt-hellip\"> [\u2026]<\/span><\/p>\n","protected":false},"featured_media":0,"template":"","meta":{"_monsterinsights_skip_tracking":false,"_monsterinsights_sitenote_active":false,"_monsterinsights_sitenote_note":"","_monsterinsights_sitenote_category":0},"product_brand":[],"product_cat":[13527,14356],"product_tag":[],"class_list":{"0":"post-722546","1":"product","2":"type-product","3":"status-publish","5":"product_cat-sureli-yayinlar","6":"product_cat-tarih-sureli-yayinlar","7":"pa_cilt-ciltsiz","8":"pa_tur-dergi","9":"pa_yayinevi-otuken-nesriyat","10":"pa_yazar-kolektif","12":"first","13":"instock","14":"sale","15":"shipping-taxable","16":"purchasable","17":"product-type-simple"},"_links":{"self":[{"href":"https:\/\/roveyayinevi.com.tr\/index.php\/wp-json\/wp\/v2\/product\/722546","targetHints":{"allow":["GET"]}}],"collection":[{"href":"https:\/\/roveyayinevi.com.tr\/index.php\/wp-json\/wp\/v2\/product"}],"about":[{"href":"https:\/\/roveyayinevi.com.tr\/index.php\/wp-json\/wp\/v2\/types\/product"}],"wp:attachment":[{"href":"https:\/\/roveyayinevi.com.tr\/index.php\/wp-json\/wp\/v2\/media?parent=722546"}],"wp:term":[{"taxonomy":"product_brand","embeddable":true,"href":"https:\/\/roveyayinevi.com.tr\/index.php\/wp-json\/wp\/v2\/product_brand?post=722546"},{"taxonomy":"product_cat","embeddable":true,"href":"https:\/\/roveyayinevi.com.tr\/index.php\/wp-json\/wp\/v2\/product_cat?post=722546"},{"taxonomy":"product_tag","embeddable":true,"href":"https:\/\/roveyayinevi.com.tr\/index.php\/wp-json\/wp\/v2\/product_tag?post=722546"}],"curies":[{"name":"wp","href":"https:\/\/api.w.org\/{rel}","templated":true}]}}

Milli Mecmua Dergisi Sayı 2 / Mart &#8211; Nisan 2018

<p>Türkler ve İslam: Yeni Bir Bakış Denemesi/Erkan GöksuTürkistan Dini Coğrafyasının Üç Saç Ayağı: Hanefilik Matüridilik Ve Yesevilik / Hilmi DemirDinî Düşüncemizin İdeal ve Model İsmi: İmâm-ı Mâtürîdî/Fatih M. ŞekerTürk Müslümanlığı Ve Ahmed Yesevî/Alihan BüyükçolakEndülüsten Türkistan’a, Bir Medeniyet Çemberinin Tamamlanışı: Yesevî Muhibbi Timur İle İbn Haldun’un Buluşması/Mehmet Akif OkurTürk Düşüncesine Dair/Levent BayraktarTasavvufun Yetiştirdiği Model Şahsiyetlerden Örnekler/Mustafa KaraTürk Edebiyatında Âl-i Abâ Muhabbeti/Doğukan OruçSarı Saltık Örneğinden Hareketle Balkanlarda Yesevîlik/Metehan HepvarAnadolu’da Müslüman Türk Kültürünün Şekillendirdiği Bir Teşkilat: Ahilik/ Kemal HaykıranItri-Göktürk Ömer ÇakırKlasik Çağ Osmanlı İstanbul’unda Nakşbendîlik: Eyüp’te Baba Haydar En-Nakşbendî Örneği/Haşim ŞahinTürk Müslümanlığı Fikriyâtı Tarihine Bir Katkı: Said Halim Paşa’da Türk Müslümanlığının İmkânı/Mehmet Kaan ÇalenYahyâ Kemal’de Anlama Ve Mensûbiyet/Sait BaşerTürkiye’de Alevîlik-Bektaşîlik Araştırmalarında Tarihi Bozma, Yaklaşım Ve Tarihsel Perspektif Yanlışları/Ahmet Yaşar OcakSünnîliğimiz-Türklüğümüz/Yasin UstaDurmuş Hocaoğlu’na Göre Türk Müslümanlığı/Mustafa ŞahinS. Ahmet Arvasi Ve İlm-İ Hal Üzerine Bir Değerlendirme/Mustafa KuvancıDamıtılmış Serdengeçti Türk Müslümanlığı/Hasan TülkayVehhabilik, Selefilik, Türklük/Arif YağyudanSüleymaniye Ve Yahya Kemal/Furkan Oğuzhan Polat“Ölüm” Zâviyesinden Türk Hayat Kavrayışına Bakış Denemesi/Ahmet Alperen CanTürk Müslümanlığı’nın Amentüsü: İlk Mutasavvıflar/ Serhat DemirYahya Kemal’de Türk Müslümanlığı/İbrahim DaşGönül Cerrahı Safer Efendinin Sohbetleri/Yağız GönülerDünden Bugüne Uzanan Bir Mesele: Osmanlılar Ve Vehhâbîlik/Ahmet Boyraz</p>

<p>Türkler ve İslam: Yeni Bir Bakış Denemesi/Erkan GöksuTürkistan Dini Coğrafyasının Üç Saç Ayağı: Hanefilik Matüridilik Ve Yesevilik / Hilmi DemirDinî Düşüncemizin İdeal ve Model İsmi: İmâm-ı<span class="excerpt-hellip"> […]</span></p>
