{"id":722539,"date":"2025-08-27T19:05:46","date_gmt":"2025-08-27T16:05:46","guid":{"rendered":"https:\/\/roveyayinevi.com.tr\/index.php\/urun\/aynali-tilsimlar-dukkani\/"},"modified":"2026-04-16T02:30:33","modified_gmt":"2026-04-15T23:30:33","slug":"aynali-tilsimlar-dukkani","status":"publish","type":"product","link":"https:\/\/roveyayinevi.com.tr\/index.php\/urun\/aynali-tilsimlar-dukkani\/","title":{"rendered":"Aynal\u0131 T\u0131ls\u0131mlar D\u00fckkan\u0131"},"content":{"rendered":"<p>T\u0131ls\u0131m; bir mucizeyi harekete ge\u00e7irmektir. Kadere yeni bir ak\u0131\u015f kazand\u0131rmakt\u0131r. \u015eifay\u0131 ba\u015flatmakt\u0131r. Gerisi tamamen sana kalm\u0131\u015f&#8230;Peki, nas\u0131l yap\u0131l\u0131r t\u0131ls\u0131m?Binlerce rit\u00fceli vard\u0131r&#8230; Belki binlercesi daha vard\u0131r bilinmeyen&#8230; Lakin bunlar\u0131n hi\u00e7bir \u00f6nemi yok&#8230;\u0130yi bir t\u0131ls\u0131m g\u00fcc\u00fcn\u00fc rit\u00fcellerinden almaz&#8230; Rit\u00fcel sadece rotad\u0131r. Mucizeyi ba\u015flatacak olan t\u0131ls\u0131m\u0131 yapabilmek i\u00e7in \u00fc\u00e7 \u015feye ihtiya\u00e7 vard\u0131r.Niyet, inan\u00e7 ve eylem&#8230;B\u00fct\u00fcn bunlar\u0131 etkili bir \u015fekilde bir araya getirebilmek elbette sanatk\u00e2rca bir incelik, bilgi ve deneyim gerektirir.Aynal\u0131 T\u0131ls\u0131mlar D\u00fckkan\u0131, sokakta kar\u015f\u0131la\u015fmalar\u0131 bile neredeyse imk\u00e2ns\u0131z gibi g\u00f6r\u00fcnen birbirine hi\u00e7 benzemeyen be\u015f ki\u015fiyi, Balat\u2019ta bir mum d\u00fckk\u00e2n\u0131nda bir araya getiriyor. Her biri ki\u015fisel tarihinde g\u00f6r\u00fcnmeyen gizli yaralar alm\u0131\u015f bu be\u015f karakter, ya\u015famlar\u0131n\u0131 de\u011fi\u015ftirecek olan o karar\u0131 verdiklerinde d\u00fcnyan\u0131n en eski, en kadim t\u0131ls\u0131m\u0131n\u0131 ger\u00e7ekle\u015ftirmeye ba\u015flad\u0131klar\u0131n\u0131n fark\u0131nda bile de\u011fillerdi.Melda Kamhi Kosif\u2019in ilk roman\u0131 Aynal\u0131 T\u0131ls\u0131mlar D\u00fckkan\u0131 sonsuz bir evrensel sistemi k\u00fc\u00e7\u00fcc\u00fck bir mum d\u00fckk\u00e2n\u0131n\u0131n i\u00e7ine s\u0131\u011fabilen basit ama sert deneyimlerle anlat\u0131yor.<\/p>\n","protected":false},"excerpt":{"rendered":"<p>T\u0131ls\u0131m; bir mucizeyi harekete ge\u00e7irmektir. Kadere yeni bir ak\u0131\u015f kazand\u0131rmakt\u0131r. \u015eifay\u0131 ba\u015flatmakt\u0131r. Gerisi tamamen sana kalm\u0131\u015f&#8230;Peki, nas\u0131l yap\u0131l\u0131r t\u0131ls\u0131m?Binlerce rit\u00fceli vard\u0131r&#8230; Belki binlercesi daha vard\u0131r bilinmeyen&#8230;<span class=\"excerpt-hellip\"> [\u2026]<\/span><\/p>\n","protected":false},"featured_media":0,"template":"","meta":{"_monsterinsights_skip_tracking":false,"_monsterinsights_sitenote_active":false,"_monsterinsights_sitenote_note":"","_monsterinsights_sitenote_category":0},"product_brand":[],"product_cat":[12291,12711],"product_tag":[],"class_list":{"0":"post-722539","1":"product","2":"type-product","3":"status-publish","5":"product_cat-edebiyat","6":"product_cat-roman-oyku","7":"pa_cilt-ciltsiz","8":"pa_tur-kitap","9":"pa_yayinevi-destek-yayinlari","10":"pa_yazar-melda-kamhi-kosif","12":"first","13":"instock","14":"sale","15":"shipping-taxable","16":"purchasable","17":"product-type-simple"},"_links":{"self":[{"href":"https:\/\/roveyayinevi.com.tr\/index.php\/wp-json\/wp\/v2\/product\/722539","targetHints":{"allow":["GET"]}}],"collection":[{"href":"https:\/\/roveyayinevi.com.tr\/index.php\/wp-json\/wp\/v2\/product"}],"about":[{"href":"https:\/\/roveyayinevi.com.tr\/index.php\/wp-json\/wp\/v2\/types\/product"}],"wp:attachment":[{"href":"https:\/\/roveyayinevi.com.tr\/index.php\/wp-json\/wp\/v2\/media?parent=722539"}],"wp:term":[{"taxonomy":"product_brand","embeddable":true,"href":"https:\/\/roveyayinevi.com.tr\/index.php\/wp-json\/wp\/v2\/product_brand?post=722539"},{"taxonomy":"product_cat","embeddable":true,"href":"https:\/\/roveyayinevi.com.tr\/index.php\/wp-json\/wp\/v2\/product_cat?post=722539"},{"taxonomy":"product_tag","embeddable":true,"href":"https:\/\/roveyayinevi.com.tr\/index.php\/wp-json\/wp\/v2\/product_tag?post=722539"}],"curies":[{"name":"wp","href":"https:\/\/api.w.org\/{rel}","templated":true}]}}