{"id":722532,"date":"2025-08-27T19:05:42","date_gmt":"2025-08-27T16:05:42","guid":{"rendered":"https:\/\/roveyayinevi.com.tr\/index.php\/urun\/dogu-bati-dusunce-dergisi-yil-22-sayi-89\/"},"modified":"2026-04-16T02:30:32","modified_gmt":"2026-04-15T23:30:32","slug":"dogu-bati-dusunce-dergisi-yil-22-sayi-89","status":"publish","type":"product","link":"https:\/\/roveyayinevi.com.tr\/index.php\/urun\/dogu-bati-dusunce-dergisi-yil-22-sayi-89\/","title":{"rendered":"Do\u011fu Bat\u0131 D\u00fc\u015f\u00fcnce Dergisi Y\u0131l: 22 Say\u0131: 89"},"content":{"rendered":"<p>Balkan Tarih Yaz\u0131m\u0131Maria TodorovaBalkanlar: Ke\u015fiften \u0130cadaMehmet Hac\u0131saliho\u011fluGe\u00e7mi\u015fle Bitmeyen Kavga: Balkanlarda Tarih ve Tarihyaz\u0131m\u0131Ema Miljkovi\u0107Balkanlardaki Osmanl\u0131 Miras\u0131: S\u0131rbistan\u2019daki Osmanl\u0131 \u0130mparatorlu\u011fu, Osmanl\u0131 \u0130mparatorlu\u011fu\u2019ndaki S\u0131rbistanEmrah \u00d6zdemirBalkanlarda \u0130syan Hareketleri ve Osmanl\u0131 Devletinin TutumuMillet, Milliyet\u00e7ilikler ve Din\u00c7a\u011fla D. Ta\u011fmat19. Y\u00fczy\u0131l Sonlar\u0131nda Balkanlarda Yunan Milliyet\u00e7ili\u011fi: \u201c\u015eehit ve Kahramanlar\u0131n Kan\u0131\u201d[\u039c\u03b1\u03c1\u03c4\u03cd\u03c1\u03c9\u03bd \u03ba\u03b1\u03b9 \u03b7\u03c1\u03ce\u03c9\u03bd \u03b1\u03af\u03bc\u03b1]Caner SancaktarS\u0131rp Milliyet\u00e7ili\u011fi: Merkeziyet\u00e7ilik ve \u0130rredentizm SiyasetiKadir AlbayrakBalkanlarda Gnostik ve D\u00fcalist Heretik Bir Din\u00ee Ak\u0131m: BogomilizmSiyasetHatice YazganYugoslavya Nostaljisinden Avrupa Birli\u011fi S\u00fcrecine: Bat\u0131 Balkanlar ve Avrupa Birli\u011fi \u0130li\u015fkileriHasip Sayg\u0131l\u0131Kosova \u00d6rne\u011finde Rumeli Osmanl\u0131 Miras\u0131na Bak\u0131\u015fHasan OktayBalkanlarda Yeni Bir Rekabet ModeliEdebiyatP\u0131nar \u00dcreKay\u0131p Zaman\u0131n Pe\u015finde: Konstantin Nikolayevi\u00e7 Leontyev\u2019in Kurmaca Metinlerinde Balkanlar Tahayy\u00fcl\u00fcSaadet \u00c7etinCumhuriyet D\u00f6neminde Balkan Edebiyatlar\u0131ndanYap\u0131lan \u0130lk Terc\u00fcmelerG\u00f6\u00e7B\u00fclent Y\u0131ld\u0131r\u0131mBulgaristan\u2019dan T\u00fcrkiye\u2019ye G\u00f6\u00e7lerin Demografik Verileri ve Analizi (1877\/78-1989)SinemaAli \u00d6zuyarBalkanlarda Erken D\u00f6nem Osmanl\u0131 Aleyhtar\u0131 Propaganda Filmleri (1903-1916)<\/p>\n","protected":false},"excerpt":{"rendered":"<p>Balkan Tarih Yaz\u0131m\u0131Maria TodorovaBalkanlar: Ke\u015fiften \u0130cadaMehmet Hac\u0131saliho\u011fluGe\u00e7mi\u015fle Bitmeyen Kavga: Balkanlarda Tarih ve Tarihyaz\u0131m\u0131Ema Miljkovi\u0107Balkanlardaki Osmanl\u0131 Miras\u0131: S\u0131rbistan\u2019daki Osmanl\u0131 \u0130mparatorlu\u011fu, Osmanl\u0131 \u0130mparatorlu\u011fu\u2019ndaki S\u0131rbistanEmrah \u00d6zdemirBalkanlarda \u0130syan Hareketleri ve<span class=\"excerpt-hellip\"> [\u2026]<\/span><\/p>\n","protected":false},"featured_media":0,"template":"","meta":{"_monsterinsights_skip_tracking":false,"_monsterinsights_sitenote_active":false,"_monsterinsights_sitenote_note":"","_monsterinsights_sitenote_category":0},"product_brand":[],"product_cat":[13527],"product_tag":[],"class_list":{"0":"post-722532","1":"product","2":"type-product","3":"status-publish","5":"product_cat-sureli-yayinlar","6":"pa_cilt-ciltsiz","7":"pa_tur-dergi","8":"pa_yayinevi-dogu-bati-dergileri","9":"pa_yazar-kolektif","11":"first","12":"instock","13":"sale","14":"shipping-taxable","15":"purchasable","16":"product-type-simple"},"_links":{"self":[{"href":"https:\/\/roveyayinevi.com.tr\/index.php\/wp-json\/wp\/v2\/product\/722532","targetHints":{"allow":["GET"]}}],"collection":[{"href":"https:\/\/roveyayinevi.com.tr\/index.php\/wp-json\/wp\/v2\/product"}],"about":[{"href":"https:\/\/roveyayinevi.com.tr\/index.php\/wp-json\/wp\/v2\/types\/product"}],"wp:attachment":[{"href":"https:\/\/roveyayinevi.com.tr\/index.php\/wp-json\/wp\/v2\/media?parent=722532"}],"wp:term":[{"taxonomy":"product_brand","embeddable":true,"href":"https:\/\/roveyayinevi.com.tr\/index.php\/wp-json\/wp\/v2\/product_brand?post=722532"},{"taxonomy":"product_cat","embeddable":true,"href":"https:\/\/roveyayinevi.com.tr\/index.php\/wp-json\/wp\/v2\/product_cat?post=722532"},{"taxonomy":"product_tag","embeddable":true,"href":"https:\/\/roveyayinevi.com.tr\/index.php\/wp-json\/wp\/v2\/product_tag?post=722532"}],"curies":[{"name":"wp","href":"https:\/\/api.w.org\/{rel}","templated":true}]}}