{"id":722520,"date":"2025-08-27T19:05:33","date_gmt":"2025-08-27T16:05:33","guid":{"rendered":"https:\/\/roveyayinevi.com.tr\/index.php\/urun\/muzik-sosyolojisi\/"},"modified":"2026-04-16T02:30:32","modified_gmt":"2026-04-15T23:30:32","slug":"muzik-sosyolojisi","status":"publish","type":"product","link":"https:\/\/roveyayinevi.com.tr\/index.php\/urun\/muzik-sosyolojisi\/","title":{"rendered":"M\u00fczik Sosyolojisi"},"content":{"rendered":"<p>Bir m\u00fczi\u011fin bir ba\u015fka m\u00fczikle, eserin icrac\u0131yla, icrac\u0131n\u0131n dinleyiciyle, dinleyicinin \u00e7evresiyle ili\u015fkisi nedir? M\u00fczikal be\u011feni ve m\u00fczikte anlam nas\u0131l ortaya \u00e7\u0131kar? Bu ve benzeri sorular s\u00f6z konusu oldu\u011fu zaman, m\u00fczik sosyolojisi b\u00fclb\u00fcl\u00fc eti i\u00e7in \u00f6ld\u00fcrme riskini g\u00f6ze alan bir disiplin. Ancak nelerin hazmedilip hazmedilemeyece\u011fini g\u00f6steren bir re\u00e7ete olarak de\u011ferlendirilmesi de m\u00fcmk\u00fcn. \ufffc M\u00fczik sosyolojisine y\u00f6n veren temel kuram ve yakla\u015f\u0131mlar\u0131 ayr\u0131nt\u0131lar\u0131yla, g\u00fcncel e\u011filimleri de takip ederek sunan ve konuyla ilgili T\u00fcrk\u00e7e literat\u00fcr\u00fc ele\u015ftirel bir de\u011ferlendirmeye t\u00e2bi tutan elinizdeki \u00e7al\u0131\u015fman\u0131n hem alan\u0131nda \u00f6nemli bir bo\u015flu\u011fu dolduraca\u011f\u0131n\u0131 hem de m\u00fczikseverler taraf\u0131ndan ilgiyle okunaca\u011f\u0131n\u0131 d\u00fc\u015f\u00fcn\u00fcyoruz.   \u201cSanatla sosyoloji aras\u0131nda \u00e7o\u011fu zaman mesafeli ve gergin bir ili\u015fki g\u00f6zlemlenebilir. Sanatseverler sosyologlar\u0131n sorgulayan, temellendirmeye \u00e7al\u0131\u015fan ve sanat gibi \u2018y\u00fcce\u2019 bir faaliyeti \u2018g\u00f6ky\u00fcz\u00fcnden yery\u00fcz\u00fcne\u2019 indiren e\u015fitleyici yakla\u015f\u0131m\u0131ndan rahats\u0131z olurlar. Bir an olsun d\u00fcnya i\u015flerinden kopup muhte\u015fem bir m\u00fczi\u011fe kendini b\u0131rakmak varken, bu m\u00fczi\u011fin toplumsal ba\u011flam\u0131 \u00fczerine kafa yormaya ne l\u00fczum vard\u0131r? Bir\u00e7ok m\u00fczisyenin, m\u00fczik tutkununun ve m\u00fczikolo\u011fun g\u00f6z\u00fcnde m\u00fczik sosyolojisi ilgin\u00e7, kimi zaman zekice g\u00f6zlemler i\u00e7eren ama \u00f6z\u00fcnde rahats\u0131z edici bir \u015feydir. M\u00fczi\u011fin daha iyi anla\u015f\u0131lmas\u0131na ve hissedilmesine hizmet etmedi\u011fi gibi, m\u00fczik icra etme ve dinlemenin \u2018irrasyonel\u2019 alan\u0131nda dolay\u0131ms\u0131z bir \u015fekilde ya\u015fanan hazz\u0131 da mahveder. Meseleye b\u00f6yle bakanlar i\u00e7in m\u00fczik sosyolojisi, adeta sanata kar\u015f\u0131 sayg\u0131s\u0131zl\u0131kla e\u015fanlaml\u0131d\u0131r\u2026\u201d <\/p>\n","protected":false},"excerpt":{"rendered":"<p>Bir m\u00fczi\u011fin bir ba\u015fka m\u00fczikle, eserin icrac\u0131yla, icrac\u0131n\u0131n dinleyiciyle, dinleyicinin \u00e7evresiyle ili\u015fkisi nedir? M\u00fczikal be\u011feni ve m\u00fczikte anlam nas\u0131l ortaya \u00e7\u0131kar? Bu ve benzeri sorular s\u00f6z<span class=\"excerpt-hellip\"> [\u2026]<\/span><\/p>\n","protected":false},"featured_media":0,"template":"","meta":{"_monsterinsights_skip_tracking":false,"_monsterinsights_sitenote_active":false,"_monsterinsights_sitenote_note":"","_monsterinsights_sitenote_category":0},"product_brand":[],"product_cat":[12325,12324],"product_tag":[],"class_list":{"0":"post-722520","1":"product","2":"type-product","3":"status-publish","5":"product_cat-diger-sosyoloji","6":"product_cat-sosyoloji","7":"pa_cilt-ciltsiz","8":"pa_tur-kitap","9":"pa_yayinevi-ithaki-yayinlari","10":"pa_yazar-gunes-ayas","12":"first","13":"instock","14":"sale","15":"shipping-taxable","16":"purchasable","17":"product-type-simple"},"_links":{"self":[{"href":"https:\/\/roveyayinevi.com.tr\/index.php\/wp-json\/wp\/v2\/product\/722520","targetHints":{"allow":["GET"]}}],"collection":[{"href":"https:\/\/roveyayinevi.com.tr\/index.php\/wp-json\/wp\/v2\/product"}],"about":[{"href":"https:\/\/roveyayinevi.com.tr\/index.php\/wp-json\/wp\/v2\/types\/product"}],"wp:attachment":[{"href":"https:\/\/roveyayinevi.com.tr\/index.php\/wp-json\/wp\/v2\/media?parent=722520"}],"wp:term":[{"taxonomy":"product_brand","embeddable":true,"href":"https:\/\/roveyayinevi.com.tr\/index.php\/wp-json\/wp\/v2\/product_brand?post=722520"},{"taxonomy":"product_cat","embeddable":true,"href":"https:\/\/roveyayinevi.com.tr\/index.php\/wp-json\/wp\/v2\/product_cat?post=722520"},{"taxonomy":"product_tag","embeddable":true,"href":"https:\/\/roveyayinevi.com.tr\/index.php\/wp-json\/wp\/v2\/product_tag?post=722520"}],"curies":[{"name":"wp","href":"https:\/\/api.w.org\/{rel}","templated":true}]}}