{"id":722518,"date":"2025-08-27T19:05:31","date_gmt":"2025-08-27T16:05:31","guid":{"rendered":"https:\/\/roveyayinevi.com.tr\/index.php\/urun\/celisiguzel\/"},"modified":"2026-04-16T02:30:32","modified_gmt":"2026-04-15T23:30:32","slug":"celisiguzel","status":"publish","type":"product","link":"https:\/\/roveyayinevi.com.tr\/index.php\/urun\/celisiguzel\/","title":{"rendered":"\u00c7eli\u015fig\u00fczel"},"content":{"rendered":"<p>&#8220;Hi\u00e7bir \u015fair bir \u015fiiri bitirmeyi Cahit K\u00fclebi gibi bilmez. Oktay R\u0131fat bile&#8230; (Cemal S\u00fcreya) G\u00fcnl\u00fck ya\u015fam\u0131n prati\u011finden kalan kimi ya\u015fam izleri \u00fczerinde gezinirken, az s\u00f6zc\u00fckle \u00e7ok anlaml\u0131 ve katmanl\u0131 bir d\u00fcnyan\u0131n i\u00e7ine davet ediyor bizi \u00d6mer Asaf. \u015eair, vazge\u00e7ilmez esini olan hayat\u0131n duraklar\u0131n\u0131 s\u00f6zc\u00fcklerle yeniden kurarken; bizi, bir yolculu\u011fun i\u00e7inde \u00e7o\u011falmaya ve \u00e7o\u011faltmaya da davet ediyor. &#8211; Rahmi Eme\u00e7  \u015eiire ba\u015flamak ve bitirmek kadar, kitap adlar\u0131 da \u00f6nemli. \u00d6mer Asaf&#8217;\u0131n ilk kitab\u0131 &#8220;ala pranga&#8221;, katmanl\u0131 bir \u00e7a\u011fr\u0131\u015f\u0131m olana\u011f\u0131 olarak iltifata tabi bir isimdi&#8230; &#8220;\u00e7eli\u015fig\u00fczel&#8221; ise &#8220;\u015fair \u00e7atlatan&#8221; \u00f6zelli\u011fiyle &#8220;ke\u015fke ben icat etseydim&#8221; duygusu verdi bana. Ezc\u00fcmle, g\u00fczel k\u0131skand\u0131m&#8230; \u0130lhan Berk, &#8220;Bir kald\u0131r\u0131m ta\u015f\u0131 \/ hi\u00e7 g\u00fclm\u00fc\u015f m\u00fcd\u00fcr\/ kimse bilmiyor&#8221; demi\u015fti&#8230; Tarihin ve co\u011frafyan\u0131n kald\u0131r\u0131m ta\u015flar\u0131n\u0131n g\u00fcld\u00fc\u011f\u00fcne pek \u00e7ok kez tan\u0131kl\u0131k etti\u011fini biliyoruz. Hrant&#8217;\u0131n \u00f6ld\u00fcr\u00fclmesiyle &#8220;ta\u015f olmad\u0131\u011f\u0131n\u0131 anlam\u0131\u015f kald\u0131r\u0131m&#8221; ta\u015flar\u0131n\u0131n a\u011flad\u0131\u011f\u0131na da tan\u0131k olduk&#8230; Foto\u011fraf\u0131n\u0131 \u00e7ekemedi\u011fi s\u00f6zc\u00fcklerin izini s\u00fcr\u00fcp anlamlar\u0131n\u0131 koval\u0131yor \u00d6mer Asaf&#8230; Okuduk\u00e7a kalbimiz netle\u015fiyor&#8230;  &#8211; Sezai Sar\u0131o\u011flu   <\/p>\n","protected":false},"excerpt":{"rendered":"<p>&#8220;Hi\u00e7bir \u015fair bir \u015fiiri bitirmeyi Cahit K\u00fclebi gibi bilmez. Oktay R\u0131fat bile&#8230; (Cemal S\u00fcreya) G\u00fcnl\u00fck ya\u015fam\u0131n prati\u011finden kalan kimi ya\u015fam izleri \u00fczerinde gezinirken, az s\u00f6zc\u00fckle \u00e7ok<span class=\"excerpt-hellip\"> [\u2026]<\/span><\/p>\n","protected":false},"featured_media":0,"template":"","meta":{"_monsterinsights_skip_tracking":false,"_monsterinsights_sitenote_active":false,"_monsterinsights_sitenote_note":"","_monsterinsights_sitenote_category":0},"product_brand":[],"product_cat":[12291,12509],"product_tag":[],"class_list":{"0":"post-722518","1":"product","2":"type-product","3":"status-publish","5":"product_cat-edebiyat","6":"product_cat-siir","7":"pa_cilt-ciltsiz","8":"pa_tur-kitap","9":"pa_yayinevi-favori-yayinlari","10":"pa_yazar-omer-asaf-tosun","12":"first","13":"instock","14":"sale","15":"shipping-taxable","16":"purchasable","17":"product-type-simple"},"_links":{"self":[{"href":"https:\/\/roveyayinevi.com.tr\/index.php\/wp-json\/wp\/v2\/product\/722518","targetHints":{"allow":["GET"]}}],"collection":[{"href":"https:\/\/roveyayinevi.com.tr\/index.php\/wp-json\/wp\/v2\/product"}],"about":[{"href":"https:\/\/roveyayinevi.com.tr\/index.php\/wp-json\/wp\/v2\/types\/product"}],"wp:attachment":[{"href":"https:\/\/roveyayinevi.com.tr\/index.php\/wp-json\/wp\/v2\/media?parent=722518"}],"wp:term":[{"taxonomy":"product_brand","embeddable":true,"href":"https:\/\/roveyayinevi.com.tr\/index.php\/wp-json\/wp\/v2\/product_brand?post=722518"},{"taxonomy":"product_cat","embeddable":true,"href":"https:\/\/roveyayinevi.com.tr\/index.php\/wp-json\/wp\/v2\/product_cat?post=722518"},{"taxonomy":"product_tag","embeddable":true,"href":"https:\/\/roveyayinevi.com.tr\/index.php\/wp-json\/wp\/v2\/product_tag?post=722518"}],"curies":[{"name":"wp","href":"https:\/\/api.w.org\/{rel}","templated":true}]}}