{"id":722498,"date":"2025-08-27T19:05:15","date_gmt":"2025-08-27T16:05:15","guid":{"rendered":"https:\/\/roveyayinevi.com.tr\/index.php\/urun\/huzunlu-tebessumler\/"},"modified":"2026-04-16T02:30:32","modified_gmt":"2026-04-15T23:30:32","slug":"huzunlu-tebessumler","status":"publish","type":"product","link":"https:\/\/roveyayinevi.com.tr\/index.php\/urun\/huzunlu-tebessumler\/","title":{"rendered":"H\u00fcz\u00fcnl\u00fc Tebess\u00fcmler"},"content":{"rendered":"<p>Haydi bug\u00fcn \u00e7ok \u00f6nemli \u015feylerden bahsedelim, dolu konu\u015fal\u0131m ve bo\u015f laflar uzak olsun meclisimizden. Mesela, havadan sudan&#8230;San\u0131r\u0131m insanlar b\u00fcy\u00fcd\u00fck\u00e7e, ak\u0131llar\u0131 ile kalpleri aras\u0131ndaki mesafe de a\u00e7\u0131l\u0131yor. \u201cAkl\u0131m ba\u015fka bir \u015fey, kalbim ba\u015fka bir \u015fey s\u00f6yl\u00fcyor\u201d demeye ba\u015fl\u0131yorlar. Oysa, akl\u0131m\u0131z\u0131n onaylad\u0131\u011f\u0131n\u0131 kalbimiz sevmeli, kalbimizin sevdi\u011fini de akl\u0131m\u0131z onaylamal\u0131yd\u0131. Ve biz bu ikisinin aras\u0131nda, Buridan\u2019\u0131n e\u015fe\u011fi gibi kalakalmamal\u0131yd\u0131k&#8230;<\/p>\n","protected":false},"excerpt":{"rendered":"<p>Haydi bug\u00fcn \u00e7ok \u00f6nemli \u015feylerden bahsedelim, dolu konu\u015fal\u0131m ve bo\u015f laflar uzak olsun meclisimizden. Mesela, havadan sudan&#8230;San\u0131r\u0131m insanlar b\u00fcy\u00fcd\u00fck\u00e7e, ak\u0131llar\u0131 ile kalpleri aras\u0131ndaki mesafe de a\u00e7\u0131l\u0131yor.<span class=\"excerpt-hellip\"> [\u2026]<\/span><\/p>\n","protected":false},"featured_media":0,"template":"","meta":{"_monsterinsights_skip_tracking":false,"_monsterinsights_sitenote_active":false,"_monsterinsights_sitenote_note":"","_monsterinsights_sitenote_category":0},"product_brand":[],"product_cat":[12777,12291],"product_tag":[],"class_list":{"0":"post-722498","1":"product","2":"type-product","3":"status-publish","5":"product_cat-deneme","6":"product_cat-edebiyat","7":"pa_cilt-ciltsiz","8":"pa_tur-kitap","9":"pa_yayinevi-ugurbocegi-yayinlari","10":"pa_yazar-ozkan-oze","12":"first","13":"instock","14":"sale","15":"shipping-taxable","16":"purchasable","17":"product-type-simple"},"_links":{"self":[{"href":"https:\/\/roveyayinevi.com.tr\/index.php\/wp-json\/wp\/v2\/product\/722498","targetHints":{"allow":["GET"]}}],"collection":[{"href":"https:\/\/roveyayinevi.com.tr\/index.php\/wp-json\/wp\/v2\/product"}],"about":[{"href":"https:\/\/roveyayinevi.com.tr\/index.php\/wp-json\/wp\/v2\/types\/product"}],"wp:attachment":[{"href":"https:\/\/roveyayinevi.com.tr\/index.php\/wp-json\/wp\/v2\/media?parent=722498"}],"wp:term":[{"taxonomy":"product_brand","embeddable":true,"href":"https:\/\/roveyayinevi.com.tr\/index.php\/wp-json\/wp\/v2\/product_brand?post=722498"},{"taxonomy":"product_cat","embeddable":true,"href":"https:\/\/roveyayinevi.com.tr\/index.php\/wp-json\/wp\/v2\/product_cat?post=722498"},{"taxonomy":"product_tag","embeddable":true,"href":"https:\/\/roveyayinevi.com.tr\/index.php\/wp-json\/wp\/v2\/product_tag?post=722498"}],"curies":[{"name":"wp","href":"https:\/\/api.w.org\/{rel}","templated":true}]}}