{"id":722497,"date":"2025-08-27T19:05:14","date_gmt":"2025-08-27T16:05:14","guid":{"rendered":"https:\/\/roveyayinevi.com.tr\/index.php\/urun\/comandantenin-son-gunleri\/"},"modified":"2026-04-03T02:36:42","modified_gmt":"2026-04-02T23:36:42","slug":"comandantenin-son-gunleri","status":"publish","type":"product","link":"https:\/\/roveyayinevi.com.tr\/index.php\/urun\/comandantenin-son-gunleri\/","title":{"rendered":"Comandante\u2019nin Son G\u00fcnleri"},"content":{"rendered":"<p>2015 Tusquets Roman \u00d6d\u00fcl\u00fc\u201cBarrera\u2019n\u0131n berrak ve k\u0131\u015fk\u0131rt\u0131c\u0131 \u00fcslubu, insan kalbindeki \u00e7eli\u015fkileri anlatmak konusunda mutlak bir \u00f6zg\u00fcnl\u00fc\u011f\u00fcn damgas\u0131n\u0131 ta\u015f\u0131yor.\u201d-J. A. Masoliver Rodenas&#8221;Koca bir \u00fclkenin t\u00fcm arzular\u0131n\u0131n, h\u00fcsranlar\u0131n\u0131n, \u0131st\u0131raplar\u0131n\u0131n ve \u00fcmitlerinin r\u00f6ntgenini \u00e7ekebilen b\u00fcy\u00fck bir yazar.&#8221;-Ricardo BaixerasEmekli bir onkolog olan Miguel Sanabria, Ch\u00e1vez\u2019e kar\u015f\u0131 ikircikli bir tutum i\u00e7erisindedir. Ne e\u015fi gibi az\u0131l\u0131 bir Ch\u00e1vez kar\u015f\u0131t\u0131d\u0131r ne de a\u011fabeyi kadar ate\u015fli bir Ch\u00e1vez taraftar\u0131\u2026 Ama Comandante\u2019nin sa\u011fl\u0131k durumunu ayd\u0131nlatabilecek gizli video kay\u0131tlar\u0131n\u0131 saklamak ona d\u00fc\u015fm\u00fc\u015ft\u00fcr.Gazeteci kom\u015fusu Fredy ise, Ba\u015fkan \u00fczerine bir kitap yazmak istemekte ancak bunun i\u00e7in, bir yolunu bulup Ch\u00e1vez\u2019in tedavi g\u00f6rd\u00fc\u011f\u00fc K\u00fcba\u2019ya gitmesi gerekmektedir. Di\u011fer yandan \u015fehrin ba\u015fka bir k\u00f6\u015fesinde oturan dokuz ya\u015f\u0131ndaki Mar\u00eda\u2019n\u0131n nevrotik annesi, \u015fehirdeki \u015fiddet salg\u0131n\u0131 kar\u015f\u0131s\u0131nda gitgide daha da paranoyakla\u015fmaktad\u0131r.Ba\u015fkan\u2019\u0131n beklenen \u00f6l\u00fcm\u00fc giderek yakla\u015f\u0131rken, ayn\u0131 \u015fehri payla\u015fan bu insanlar\u0131n kaderleri her ge\u00e7en g\u00fcn daha da i\u00e7 i\u00e7e ge\u00e7ecektir.Hugo Ch\u00e1vez\u2019in \u00f6l\u00fcm\u00fc arifesindeki Venezuela toplumunu ve devletini oda\u011f\u0131na alan Comandante\u2019nin Son G\u00fcnleri, karizmatik bir liderin bir \u00fclke i\u00e7in ne anlama gelebilece\u011fine, ya\u015fam-\u00f6l\u00fcm diyalekti\u011finin politik s\u00f6ylemi nas\u0131l y\u00f6nlendirebilece\u011fine ve ideallerin hayata ge\u00e7irildikten sonra ne gibi bedelleri olabilece\u011fine dair derinlikli bir anlat\u0131.<\/p>\n","protected":false},"excerpt":{"rendered":"<p>2015 Tusquets Roman \u00d6d\u00fcl\u00fc\u201cBarrera\u2019n\u0131n berrak ve k\u0131\u015fk\u0131rt\u0131c\u0131 \u00fcslubu, insan kalbindeki \u00e7eli\u015fkileri anlatmak konusunda mutlak bir \u00f6zg\u00fcnl\u00fc\u011f\u00fcn damgas\u0131n\u0131 ta\u015f\u0131yor.\u201d-J. A. Masoliver Rodenas&#8221;Koca bir \u00fclkenin t\u00fcm arzular\u0131n\u0131n, h\u00fcsranlar\u0131n\u0131n,<span class=\"excerpt-hellip\"> [\u2026]<\/span><\/p>\n","protected":false},"featured_media":0,"template":"","meta":{"_monsterinsights_skip_tracking":false,"_monsterinsights_sitenote_active":false,"_monsterinsights_sitenote_note":"","_monsterinsights_sitenote_category":0},"product_brand":[],"product_cat":[12291,12711],"product_tag":[],"class_list":{"0":"post-722497","1":"product","2":"type-product","3":"status-publish","5":"product_cat-edebiyat","6":"product_cat-roman-oyku","7":"pa_cilt-ciltsiz","8":"pa_tur-kitap","9":"pa_yayinevi-kafka-yayinevi","10":"pa_yazar-alberto-barrera-tyszka","12":"first","13":"instock","14":"sale","15":"shipping-taxable","16":"purchasable","17":"product-type-simple"},"_links":{"self":[{"href":"https:\/\/roveyayinevi.com.tr\/index.php\/wp-json\/wp\/v2\/product\/722497","targetHints":{"allow":["GET"]}}],"collection":[{"href":"https:\/\/roveyayinevi.com.tr\/index.php\/wp-json\/wp\/v2\/product"}],"about":[{"href":"https:\/\/roveyayinevi.com.tr\/index.php\/wp-json\/wp\/v2\/types\/product"}],"wp:attachment":[{"href":"https:\/\/roveyayinevi.com.tr\/index.php\/wp-json\/wp\/v2\/media?parent=722497"}],"wp:term":[{"taxonomy":"product_brand","embeddable":true,"href":"https:\/\/roveyayinevi.com.tr\/index.php\/wp-json\/wp\/v2\/product_brand?post=722497"},{"taxonomy":"product_cat","embeddable":true,"href":"https:\/\/roveyayinevi.com.tr\/index.php\/wp-json\/wp\/v2\/product_cat?post=722497"},{"taxonomy":"product_tag","embeddable":true,"href":"https:\/\/roveyayinevi.com.tr\/index.php\/wp-json\/wp\/v2\/product_tag?post=722497"}],"curies":[{"name":"wp","href":"https:\/\/api.w.org\/{rel}","templated":true}]}}