{"id":722491,"date":"2025-08-27T19:05:10","date_gmt":"2025-08-27T16:05:10","guid":{"rendered":"https:\/\/roveyayinevi.com.tr\/index.php\/urun\/korku-ve-akademik-orgutler\/"},"modified":"2026-04-16T02:30:32","modified_gmt":"2026-04-15T23:30:32","slug":"korku-ve-akademik-orgutler","status":"publish","type":"product","link":"https:\/\/roveyayinevi.com.tr\/index.php\/urun\/korku-ve-akademik-orgutler\/","title":{"rendered":"Korku ve Akademik \u00d6rg\u00fctler"},"content":{"rendered":"<p>\u0130nsan, ya\u015fam\u0131 boyunca kendini duygu de\u011fi\u015fimleri ya\u015fataca\u011f\u0131 ko\u015fullarla kar\u015f\u0131la\u015f\u0131r. Bilinmezli\u011fin neden oldu\u011fu ge\u00e7i\u015f d\u00f6nemleri ise bireyde kayg\u0131n\u0131n ve korkunun artt\u0131\u011f\u0131 d\u00f6nemlerdir. Ba\u015fka bir ifade ile ani \u00f6ng\u00f6r\u00fclemezlik ya da de\u011fi\u015fimin kendisi bir korku ve kayg\u0131 fakt\u00f6r\u00fcd\u00fcr.Korku ve Akademik \u00d6rg\u00fctler ba\u015fl\u0131kl\u0131 bu \u00e7al\u0131\u015fmada \u00fcniversitelerin \u00f6rg\u00fct yap\u0131s\u0131 incelenerek \u00f6\u011fretim elemanlar\u0131n\u0131n korku olu\u015fumuna neden olan fakt\u00f6rler a\u00e7\u0131klanm\u0131\u015ft\u0131r.Bu fakt\u00f6rler, rol \u00e7e\u015fitlili\u011fi ve karma\u015fas\u0131, g\u00f6rev belirsizli\u011fi, mesai d\u0131\u015f\u0131na ta\u015fan \u00e7al\u0131\u015fma ko\u015fullar\u0131, yap\u0131lan \u00e7al\u0131\u015fmalarda zaman yetersizli\u011fi, akademik kariyerin y\u00fckselme kriterleri, lisans\u00fcst\u00fc \u00e7al\u0131\u015fmalar\u0131n \u00f6znel ve nesnel de\u011ferlendirmenin bir arada bulunmas\u0131, y\u00fckselme sonucunda kazan\u0131mlar\u0131n yaratt\u0131\u011f\u0131 y\u00fcksek rekabet ortam\u0131 vb. bir\u00e7ok neden \u00e7er\u00e7evesinde ele al\u0131nm\u0131\u015f; hissedilen korku ve kayg\u0131 duygular\u0131n\u0131n akademik kariyerle olan ilgisi ara\u015ft\u0131r\u0131lm\u0131\u015ft\u0131r.<\/p>\n","protected":false},"excerpt":{"rendered":"<p>\u0130nsan, ya\u015fam\u0131 boyunca kendini duygu de\u011fi\u015fimleri ya\u015fataca\u011f\u0131 ko\u015fullarla kar\u015f\u0131la\u015f\u0131r. Bilinmezli\u011fin neden oldu\u011fu ge\u00e7i\u015f d\u00f6nemleri ise bireyde kayg\u0131n\u0131n ve korkunun artt\u0131\u011f\u0131 d\u00f6nemlerdir. Ba\u015fka bir ifade ile ani<span class=\"excerpt-hellip\"> [\u2026]<\/span><\/p>\n","protected":false},"featured_media":0,"template":"","meta":{"_monsterinsights_skip_tracking":false,"_monsterinsights_sitenote_active":false,"_monsterinsights_sitenote_note":"","_monsterinsights_sitenote_category":0},"product_brand":[],"product_cat":[12358,12357],"product_tag":[],"class_list":{"0":"post-722491","1":"product","2":"type-product","3":"status-publish","5":"product_cat-genel-psikoloji","6":"product_cat-psikoloji","7":"pa_cilt-ciltsiz","8":"pa_tur-kitap","9":"pa_yayinevi-ideal-kultur-akademik","10":"pa_yazar-ayse-ozpolat-yelda-sevim","12":"first","13":"instock","14":"sale","15":"shipping-taxable","16":"purchasable","17":"product-type-simple"},"_links":{"self":[{"href":"https:\/\/roveyayinevi.com.tr\/index.php\/wp-json\/wp\/v2\/product\/722491","targetHints":{"allow":["GET"]}}],"collection":[{"href":"https:\/\/roveyayinevi.com.tr\/index.php\/wp-json\/wp\/v2\/product"}],"about":[{"href":"https:\/\/roveyayinevi.com.tr\/index.php\/wp-json\/wp\/v2\/types\/product"}],"wp:attachment":[{"href":"https:\/\/roveyayinevi.com.tr\/index.php\/wp-json\/wp\/v2\/media?parent=722491"}],"wp:term":[{"taxonomy":"product_brand","embeddable":true,"href":"https:\/\/roveyayinevi.com.tr\/index.php\/wp-json\/wp\/v2\/product_brand?post=722491"},{"taxonomy":"product_cat","embeddable":true,"href":"https:\/\/roveyayinevi.com.tr\/index.php\/wp-json\/wp\/v2\/product_cat?post=722491"},{"taxonomy":"product_tag","embeddable":true,"href":"https:\/\/roveyayinevi.com.tr\/index.php\/wp-json\/wp\/v2\/product_tag?post=722491"}],"curies":[{"name":"wp","href":"https:\/\/api.w.org\/{rel}","templated":true}]}}