{"id":722479,"date":"2025-08-27T19:05:01","date_gmt":"2025-08-27T16:05:01","guid":{"rendered":"https:\/\/roveyayinevi.com.tr\/index.php\/urun\/yeni-nesil-erkek\/"},"modified":"2026-04-16T02:30:31","modified_gmt":"2026-04-15T23:30:31","slug":"yeni-nesil-erkek","status":"publish","type":"product","link":"https:\/\/roveyayinevi.com.tr\/index.php\/urun\/yeni-nesil-erkek\/","title":{"rendered":"Yeni Nesil Erkek"},"content":{"rendered":"<p>\u201cBu kitab\u0131 yazma amac\u0131m, erkek ve erke\u011fin kad\u0131nla aras\u0131nda ge\u00e7enlerin geleneksel olarak nas\u0131l y\u00fcr\u00fcd\u00fc\u011f\u00fcn\u00fc; kad\u0131n bilincinin de\u011fi\u015fti\u011fi g\u00fcn\u00fcm\u00fczde ne durumda olduklar\u0131n\u0131 ve erke\u011fin bir g\u00fcn kendini sorgulamaya, yeniden \u015fekillendirmeye ve kendi davran\u0131\u015f rol\u00fcn\u00fc ve \u00f6z fark\u0131ndal\u0131\u011f\u0131n\u0131 geni\u015fletmeye ba\u015flad\u0131k\u00e7a neye d\u00f6n\u00fc\u015febilece\u011fini incelemek.\u201d \u2013Herb Goldberg   Kad\u0131n-erkek ili\u015fkilerinde erkeklerin d\u00fcnyas\u0131n\u0131n en \u00f6nemli sesi olan ve d\u00fcnyada \u00e7ok satanlar aras\u0131nda uzun s\u00fcre yer alan \u201cErkek Olman\u0131n Tehlikeleri\u201d adl\u0131 kitab\u0131n yazar\u0131 Dr. Herb Goldberg, bu zorlu ba\u011flar\u0131n i\u00e7 i\u015fleyi\u015fini bu kitapta ara\u015ft\u0131r\u0131yor ve erkeklerin kendilerini ac\u0131 veren kli\u015felerden nas\u0131l kurtarabileceklerine dair net bir vizyon sunuyor. <\/p>\n","protected":false},"excerpt":{"rendered":"<p>\u201cBu kitab\u0131 yazma amac\u0131m, erkek ve erke\u011fin kad\u0131nla aras\u0131nda ge\u00e7enlerin geleneksel olarak nas\u0131l y\u00fcr\u00fcd\u00fc\u011f\u00fcn\u00fc; kad\u0131n bilincinin de\u011fi\u015fti\u011fi g\u00fcn\u00fcm\u00fczde ne durumda olduklar\u0131n\u0131 ve erke\u011fin bir g\u00fcn kendini<span class=\"excerpt-hellip\"> [\u2026]<\/span><\/p>\n","protected":false},"featured_media":0,"template":"","meta":{"_monsterinsights_skip_tracking":false,"_monsterinsights_sitenote_active":false,"_monsterinsights_sitenote_note":"","_monsterinsights_sitenote_category":0},"product_brand":[],"product_cat":[12364,12376],"product_tag":[],"class_list":{"0":"post-722479","1":"product","2":"type-product","3":"status-publish","5":"product_cat-genel-konular","6":"product_cat-kisisel-gelisim","7":"pa_cilt-ciltsiz","8":"pa_tur-kitap","9":"pa_yayinevi-totem-yayinlari","10":"pa_yazar-herb-goldberg","12":"first","13":"instock","14":"sale","15":"shipping-taxable","16":"purchasable","17":"product-type-simple"},"_links":{"self":[{"href":"https:\/\/roveyayinevi.com.tr\/index.php\/wp-json\/wp\/v2\/product\/722479","targetHints":{"allow":["GET"]}}],"collection":[{"href":"https:\/\/roveyayinevi.com.tr\/index.php\/wp-json\/wp\/v2\/product"}],"about":[{"href":"https:\/\/roveyayinevi.com.tr\/index.php\/wp-json\/wp\/v2\/types\/product"}],"wp:attachment":[{"href":"https:\/\/roveyayinevi.com.tr\/index.php\/wp-json\/wp\/v2\/media?parent=722479"}],"wp:term":[{"taxonomy":"product_brand","embeddable":true,"href":"https:\/\/roveyayinevi.com.tr\/index.php\/wp-json\/wp\/v2\/product_brand?post=722479"},{"taxonomy":"product_cat","embeddable":true,"href":"https:\/\/roveyayinevi.com.tr\/index.php\/wp-json\/wp\/v2\/product_cat?post=722479"},{"taxonomy":"product_tag","embeddable":true,"href":"https:\/\/roveyayinevi.com.tr\/index.php\/wp-json\/wp\/v2\/product_tag?post=722479"}],"curies":[{"name":"wp","href":"https:\/\/api.w.org\/{rel}","templated":true}]}}