{"id":722474,"date":"2025-08-27T19:04:58","date_gmt":"2025-08-27T16:04:58","guid":{"rendered":"https:\/\/roveyayinevi.com.tr\/index.php\/urun\/milli-mecmua-sayi-8-mayis-haziran-2019\/"},"modified":"2026-04-16T02:30:31","modified_gmt":"2026-04-15T23:30:31","slug":"milli-mecmua-sayi-8-mayis-haziran-2019","status":"publish","type":"product","link":"https:\/\/roveyayinevi.com.tr\/index.php\/urun\/milli-mecmua-sayi-8-mayis-haziran-2019\/","title":{"rendered":"Milli Mecmua Say\u0131 8 \/ May\u0131s &#8211; Haziran 2019"},"content":{"rendered":"<p>\u0130stanbul\u2019un Fethi ve Tarih \/ Osman TuranOsmanl\u0131 Devlet Yap\u0131s\u0131na Etkileri Bak\u0131m\u0131ndan \u0130stanbul\u2019un Fethi \/ Do\u011fukan Oru\u00e7Bir Cihan \u0130mparatoru Olarak Fatih Sultan Muhammed Han\u2019\u0131n \u0130mparatorluk Stratejisi ve Siyaseti \/ Kemal Ramazan Hayk\u0131ranNurettin Top\u00e7u: B\u00fcy\u00fck Fetih\u2019le Fethin Ruhunu Aramak \/ Adil \u00d6zcan\u015eehir ve S\u00fcnnet \/ L\u00fctfi Bergen\u0130stanbul Efendisi \/ Erol \u00dcyepazarc\u0131Minare, G\u00fcl, \u015eal, G\u00f6n\u00fcl ve \u0130stanbul \/ Turgut G\u00fclerEdebiyat Sarma\u015f\u0131\u011f\u0131n\u0131n \u00d6l\u00fcms\u00fcz Hareketi T\u00fcrk Roman\u0131 ve \u0130stanbul \/ Metin Sava\u015fT\u00fcrk\u00fclerin Yedi Veren G\u00fcl\u00fc \u0130stanbul \/ Ali Nail Tan \u2013 Salih Turhan\u015eiir \u0130mparatorlu\u011fumuzun \u0130stanbul\u2019u \/ \u0130brahim Da\u015fT\u00fcrk \u0130stanbul \/ Hasan AtikT\u00fcrk \u0130stanbul\u2019a A\u015f\u0131k Bir Estet: Ahmet Hamdi Tanp\u0131nar \/ Yunus Al\u0131c\u0131T\u00fcrkl\u00fck Yahut \u0130stanbul \/ Sinan Terzi<\/p>\n","protected":false},"excerpt":{"rendered":"<p>\u0130stanbul\u2019un Fethi ve Tarih \/ Osman TuranOsmanl\u0131 Devlet Yap\u0131s\u0131na Etkileri Bak\u0131m\u0131ndan \u0130stanbul\u2019un Fethi \/ Do\u011fukan Oru\u00e7Bir Cihan \u0130mparatoru Olarak Fatih Sultan Muhammed Han\u2019\u0131n \u0130mparatorluk Stratejisi ve<span class=\"excerpt-hellip\"> [\u2026]<\/span><\/p>\n","protected":false},"featured_media":0,"template":"","meta":{"_monsterinsights_skip_tracking":false,"_monsterinsights_sitenote_active":false,"_monsterinsights_sitenote_note":"","_monsterinsights_sitenote_category":0},"product_brand":[],"product_cat":[13527,14356],"product_tag":[],"class_list":{"0":"post-722474","1":"product","2":"type-product","3":"status-publish","5":"product_cat-sureli-yayinlar","6":"product_cat-tarih-sureli-yayinlar","7":"pa_cilt-ciltsiz","8":"pa_tur-dergi","9":"pa_yayinevi-otuken-nesriyat","10":"pa_yazar-kolektif","12":"first","13":"instock","14":"sale","15":"shipping-taxable","16":"purchasable","17":"product-type-simple"},"_links":{"self":[{"href":"https:\/\/roveyayinevi.com.tr\/index.php\/wp-json\/wp\/v2\/product\/722474","targetHints":{"allow":["GET"]}}],"collection":[{"href":"https:\/\/roveyayinevi.com.tr\/index.php\/wp-json\/wp\/v2\/product"}],"about":[{"href":"https:\/\/roveyayinevi.com.tr\/index.php\/wp-json\/wp\/v2\/types\/product"}],"wp:attachment":[{"href":"https:\/\/roveyayinevi.com.tr\/index.php\/wp-json\/wp\/v2\/media?parent=722474"}],"wp:term":[{"taxonomy":"product_brand","embeddable":true,"href":"https:\/\/roveyayinevi.com.tr\/index.php\/wp-json\/wp\/v2\/product_brand?post=722474"},{"taxonomy":"product_cat","embeddable":true,"href":"https:\/\/roveyayinevi.com.tr\/index.php\/wp-json\/wp\/v2\/product_cat?post=722474"},{"taxonomy":"product_tag","embeddable":true,"href":"https:\/\/roveyayinevi.com.tr\/index.php\/wp-json\/wp\/v2\/product_tag?post=722474"}],"curies":[{"name":"wp","href":"https:\/\/api.w.org\/{rel}","templated":true}]}}

Milli Mecmua Sayı 8 / Mayıs &#8211; Haziran 2019

<p>İstanbul’un Fethi ve Tarih / Osman TuranOsmanlı Devlet Yapısına Etkileri Bakımından İstanbul’un Fethi / Doğukan OruçBir Cihan İmparatoru Olarak Fatih Sultan Muhammed Han’ın İmparatorluk Stratejisi ve Siyaseti / Kemal Ramazan HaykıranNurettin Topçu: Büyük Fetih’le Fethin Ruhunu Aramak / Adil ÖzcanŞehir ve Sünnet / Lütfi Bergenİstanbul Efendisi / Erol ÜyepazarcıMinare, Gül, Şal, Gönül ve İstanbul / Turgut GülerEdebiyat Sarmaşığının Ölümsüz Hareketi Türk Romanı ve İstanbul / Metin SavaşTürkülerin Yedi Veren Gülü İstanbul / Ali Nail Tan – Salih TurhanŞiir İmparatorluğumuzun İstanbul’u / İbrahim DaşTürk İstanbul / Hasan AtikTürk İstanbul’a Aşık Bir Estet: Ahmet Hamdi Tanpınar / Yunus AlıcıTürklük Yahut İstanbul / Sinan Terzi</p>

<p>İstanbul’un Fethi ve Tarih / Osman TuranOsmanlı Devlet Yapısına Etkileri Bakımından İstanbul’un Fethi / Doğukan OruçBir Cihan İmparatoru Olarak Fatih Sultan Muhammed Han’ın İmparatorluk Stratejisi ve<span class="excerpt-hellip"> […]</span></p>
