{"id":722466,"date":"2025-08-27T19:04:52","date_gmt":"2025-08-27T16:04:52","guid":{"rendered":"https:\/\/roveyayinevi.com.tr\/index.php\/urun\/asrin-yesevisi-s-ahmet-arvasi-guncellenmis-baski\/"},"modified":"2025-11-21T05:50:13","modified_gmt":"2025-11-21T02:50:13","slug":"asrin-yesevisi-s-ahmet-arvasi-guncellenmis-baski","status":"publish","type":"product","link":"https:\/\/roveyayinevi.com.tr\/index.php\/urun\/asrin-yesevisi-s-ahmet-arvasi-guncellenmis-baski\/","title":{"rendered":"Asr\u0131n Yesevisi &#8211; S. Ahmet Arvasi (G\u00fcncellenmi\u015f Bask\u0131)"},"content":{"rendered":"<p>Her ulusun fikir, sanat, siyaset adamlar\u0131 i\u00e7inde \u00f6v\u00fcnd\u00fc\u011f\u00fc \u015fahsiyetler vard\u0131r\u2026 Do\u011fal olarak T\u00fcrk milletinin yeti\u015ftirdi\u011fi b\u00fcy\u00fck ve unutulmaz ayd\u0131n \u015fahsiyetler de vard\u0131r. Bunlardan biri olan Ahmet Arvasi, binlerce insan\u0131n hayranl\u0131\u011f\u0131n\u0131 kazanm\u0131\u015f fikir adamlar\u0131ndan biridir.   Biz, do\u011fu ve bat\u0131 bilimlerine vak\u0131f olan Ahmet Arvasi\u2019nin fikirlerinden yararlanmak, onu okuyup anlamak ve k\u0131ymetli d\u00fc\u015f\u00fcncelerini hayata ge\u00e7irmek gerekti\u011fine inan\u0131yoruz. Asr\u0131n Yesevisi kitab\u0131 bu ama\u00e7la kaleme al\u0131nm\u0131\u015ft\u0131r\u2026<\/p>\n","protected":false},"excerpt":{"rendered":"<p>Her ulusun fikir, sanat, siyaset adamlar\u0131 i\u00e7inde \u00f6v\u00fcnd\u00fc\u011f\u00fc \u015fahsiyetler vard\u0131r\u2026 Do\u011fal olarak T\u00fcrk milletinin yeti\u015ftirdi\u011fi b\u00fcy\u00fck ve unutulmaz ayd\u0131n \u015fahsiyetler de vard\u0131r. Bunlardan biri olan Ahmet<span class=\"excerpt-hellip\"> [\u2026]<\/span><\/p>\n","protected":false},"featured_media":0,"template":"","meta":{"_monsterinsights_skip_tracking":false,"_monsterinsights_sitenote_active":false,"_monsterinsights_sitenote_note":"","_monsterinsights_sitenote_category":0},"product_brand":[],"product_cat":[13946,12304],"product_tag":[],"class_list":{"0":"post-722466","1":"product","2":"type-product","3":"status-publish","5":"product_cat-biyografi-otobiyografi","6":"product_cat-tarih","7":"pa_cilt-ciltsiz","8":"pa_tur-kitap","9":"pa_yayinevi-biyografi-net-yayincilik","10":"pa_yazar-hudavendigar-onur","12":"first","13":"instock","14":"sale","15":"shipping-taxable","16":"purchasable","17":"product-type-simple"},"_links":{"self":[{"href":"https:\/\/roveyayinevi.com.tr\/index.php\/wp-json\/wp\/v2\/product\/722466","targetHints":{"allow":["GET"]}}],"collection":[{"href":"https:\/\/roveyayinevi.com.tr\/index.php\/wp-json\/wp\/v2\/product"}],"about":[{"href":"https:\/\/roveyayinevi.com.tr\/index.php\/wp-json\/wp\/v2\/types\/product"}],"wp:attachment":[{"href":"https:\/\/roveyayinevi.com.tr\/index.php\/wp-json\/wp\/v2\/media?parent=722466"}],"wp:term":[{"taxonomy":"product_brand","embeddable":true,"href":"https:\/\/roveyayinevi.com.tr\/index.php\/wp-json\/wp\/v2\/product_brand?post=722466"},{"taxonomy":"product_cat","embeddable":true,"href":"https:\/\/roveyayinevi.com.tr\/index.php\/wp-json\/wp\/v2\/product_cat?post=722466"},{"taxonomy":"product_tag","embeddable":true,"href":"https:\/\/roveyayinevi.com.tr\/index.php\/wp-json\/wp\/v2\/product_tag?post=722466"}],"curies":[{"name":"wp","href":"https:\/\/api.w.org\/{rel}","templated":true}]}}