{"id":722431,"date":"2025-08-27T19:04:25","date_gmt":"2025-08-27T16:04:25","guid":{"rendered":"https:\/\/roveyayinevi.com.tr\/index.php\/urun\/tarihimizden-hikayelerciltli\/"},"modified":"2026-04-16T02:30:30","modified_gmt":"2026-04-15T23:30:30","slug":"tarihimizden-hikayelerciltli","status":"publish","type":"product","link":"https:\/\/roveyayinevi.com.tr\/index.php\/urun\/tarihimizden-hikayelerciltli\/","title":{"rendered":"Tarihimizden Hikayeler(Ciltli)"},"content":{"rendered":"<p>T\u00fcrkler tarih boyunca Asya\u2019n\u0131n hemen hemen tamam\u0131nda, Avrupa\u2019n\u0131n bat\u0131 kesimleri hari\u00e7 en b\u00fcy\u00fck k\u0131sm\u0131nda, Afrika\u2019n\u0131n kuzey yar\u0131s\u0131 ile do\u011fu k\u0131y\u0131lar\u0131nda, Basra K\u00f6rfezi\u2019nden Arabistan \u00e7\u00f6llerine kadar uzanan b\u00fcy\u00fck bir alanda de\u011fi\u015fik devirlerde hakimiyet kurmu\u015flard\u0131r.Tarihi Romanlar\u0131 ile tan\u0131nan Hasan Erdem, bu kitapta d\u00fcnya tarihinde derin izler b\u0131rakan, Asya, Avrupa ve Afrika medeniyetlerine katk\u0131 sunan T\u00fcrklerin tarihinden esinlenerek gen\u00e7 okuyucular\u0131 i\u00e7in alt\u0131 tarihi hikayeyi kaleme ald\u0131.Bu hikayelerden \u201cAvc\u0131\u201dda Sofya\u2019n\u0131n fethi, \u201cSusuz Kalan \u015eehzade\u201dde Padi\u015fah babas\u0131n\u0131n \u00f6l\u00fcm haberini alan veliaht \u015fehzadenin birka\u00e7 yol arka\u015f\u0131yla yapt\u0131\u011f\u0131 yolculuk, \u201cEsir \u015eehzade\u201dde Y\u0131ld\u0131r\u0131m Bayezid\u2019in talihsiz o\u011flu \u015eehzade Mustafa\u2019n\u0131n ba\u015f\u0131na gelenler, \u201c\u0130ki Ak\u0131nc\u0131\u201dda \u00c7ald\u0131ran Sava\u015f\u0131\u2019nda \u015fehit d\u00fc\u015fen Malko\u00e7o\u011flu Ali Bey ile karde\u015fi Malko\u00e7o\u011flu Tur Ali Bey, \u201cSaka H\u00fcseyin\u201dde \u00c7anakkale Sava\u015f\u0131\u2019nda saka erlerinin ba\u015f\u0131na gelenler ve \u201cHilal ve Ha\u00e7&#8217;\u0131n Sava\u015f\u0131\u201dnda ise 1. Ha\u00e7l\u0131 seferi i\u015flendi.<\/p>\n","protected":false},"excerpt":{"rendered":"<p>T\u00fcrkler tarih boyunca Asya\u2019n\u0131n hemen hemen tamam\u0131nda, Avrupa\u2019n\u0131n bat\u0131 kesimleri hari\u00e7 en b\u00fcy\u00fck k\u0131sm\u0131nda, Afrika\u2019n\u0131n kuzey yar\u0131s\u0131 ile do\u011fu k\u0131y\u0131lar\u0131nda, Basra K\u00f6rfezi\u2019nden Arabistan \u00e7\u00f6llerine kadar uzanan<span class=\"excerpt-hellip\"> [\u2026]<\/span><\/p>\n","protected":false},"featured_media":0,"template":"","meta":{"_monsterinsights_skip_tracking":false,"_monsterinsights_sitenote_active":false,"_monsterinsights_sitenote_note":"","_monsterinsights_sitenote_category":0},"product_brand":[],"product_cat":[12312,12304],"product_tag":[],"class_list":{"0":"post-722431","1":"product","2":"type-product","3":"status-publish","5":"product_cat-diger","6":"product_cat-tarih","7":"pa_cilt-ciltli","8":"pa_tur-kitap","9":"pa_yayinevi-otuken-nesriyat","10":"pa_yazar-hasan-erdem","12":"first","13":"instock","14":"sale","15":"shipping-taxable","16":"purchasable","17":"product-type-simple"},"_links":{"self":[{"href":"https:\/\/roveyayinevi.com.tr\/index.php\/wp-json\/wp\/v2\/product\/722431","targetHints":{"allow":["GET"]}}],"collection":[{"href":"https:\/\/roveyayinevi.com.tr\/index.php\/wp-json\/wp\/v2\/product"}],"about":[{"href":"https:\/\/roveyayinevi.com.tr\/index.php\/wp-json\/wp\/v2\/types\/product"}],"wp:attachment":[{"href":"https:\/\/roveyayinevi.com.tr\/index.php\/wp-json\/wp\/v2\/media?parent=722431"}],"wp:term":[{"taxonomy":"product_brand","embeddable":true,"href":"https:\/\/roveyayinevi.com.tr\/index.php\/wp-json\/wp\/v2\/product_brand?post=722431"},{"taxonomy":"product_cat","embeddable":true,"href":"https:\/\/roveyayinevi.com.tr\/index.php\/wp-json\/wp\/v2\/product_cat?post=722431"},{"taxonomy":"product_tag","embeddable":true,"href":"https:\/\/roveyayinevi.com.tr\/index.php\/wp-json\/wp\/v2\/product_tag?post=722431"}],"curies":[{"name":"wp","href":"https:\/\/api.w.org\/{rel}","templated":true}]}}

<p>Türkler tarih boyunca Asya’nın hemen hemen tamamında, Avrupa’nın batı kesimleri hariç en büyük kısmında, Afrika’nın kuzey yarısı ile doğu kıyılarında, Basra Körfezi’nden Arabistan çöllerine kadar uzanan büyük bir alanda değişik devirlerde hakimiyet kurmuşlardır.Tarihi Romanları ile tanınan Hasan Erdem, bu kitapta dünya tarihinde derin izler bırakan, Asya, Avrupa ve Afrika medeniyetlerine katkı sunan Türklerin tarihinden esinlenerek genç okuyucuları için altı tarihi hikayeyi kaleme aldı.Bu hikayelerden “Avcı”da Sofya’nın fethi, “Susuz Kalan Şehzade”de Padişah babasının ölüm haberini alan veliaht şehzadenin birkaç yol arkaşıyla yaptığı yolculuk, “Esir Şehzade”de Yıldırım Bayezid’in talihsiz oğlu Şehzade Mustafa’nın başına gelenler, “İki Akıncı”da Çaldıran Savaşı’nda şehit düşen Malkoçoğlu Ali Bey ile kardeşi Malkoçoğlu Tur Ali Bey, “Saka Hüseyin”de Çanakkale Savaşı’nda saka erlerinin başına gelenler ve “Hilal ve Haç&#8217;ın Savaşı”nda ise 1. Haçlı seferi işlendi.</p>

<p>Türkler tarih boyunca Asya’nın hemen hemen tamamında, Avrupa’nın batı kesimleri hariç en büyük kısmında, Afrika’nın kuzey yarısı ile doğu kıyılarında, Basra Körfezi’nden Arabistan çöllerine kadar uzanan<span class="excerpt-hellip"> […]</span></p>
