{"id":722428,"date":"2025-08-27T19:04:11","date_gmt":"2025-08-27T16:04:11","guid":{"rendered":"https:\/\/roveyayinevi.com.tr\/index.php\/urun\/ellerim-neden-siyah\/"},"modified":"2026-04-15T02:40:38","modified_gmt":"2026-04-14T23:40:38","slug":"ellerim-neden-siyah","status":"publish","type":"product","link":"https:\/\/roveyayinevi.com.tr\/index.php\/urun\/ellerim-neden-siyah\/","title":{"rendered":"Ellerim Neden Siyah?"},"content":{"rendered":"<p>Nurcihan, yeniden konu\u015fmaya ba\u015flad\u0131. \u0130ki c\u00fcmlesinden birinde G\u00f6khan\u2019\u0131n cevaplamas\u0131n\u0131 istedi\u011fi sorular\u0131 do\u011frultuyordu. Yan\u0131t alamad\u0131k\u00e7a sesi de beynini kemiren asabiyet de katlanarak b\u00fcy\u00fcyordu. \u201cEllerim G\u00f6khan\u2026 Ellerim neden siyah?\u201d diyerek bir hazin paragrafa uzand\u0131. \u00d6fkeli soluklardan geni\u015fleyip k\u00fc\u00e7\u00fclen burnunun \u00fczerindeki iki kehribar tanesinde \u0131l\u0131k sular birikti.\u201cEllerim\u2026 Ellerim Neden Siyah?\u201dEllerim Neden Siyah?ta, memleket insan\u0131n\u0131n yoksunluklar\u0131n\u0131n merkezde yer ald\u0131\u011f\u0131 \u00f6yk\u00fcler kar\u015f\u0131l\u0131yor bizleri. Numan Altu\u011f \u00d6ks\u00fcz, yal\u0131n \u00fcslubuyla kuruyor \u00f6yk\u00fc d\u00fcnyas\u0131n\u0131. G\u00fcnahlar\u0131, b\u00fcy\u00fck y\u0131k\u0131mlar\u0131, geri d\u00f6n\u00fc\u015f\u00fc olmayan hatalar\u0131, \u00f6zlemleri, do\u011fumlar\u0131, \u00f6l\u00fcmleri, maddi ve manevi imk\u00e2ns\u0131zl\u0131klar\u0131, k\u0131saca insana dair ne varsa onlar\u0131, ger\u00e7ek\u00e7i bir bak\u0131\u015f a\u00e7\u0131s\u0131yla ele al\u0131yor.<\/p>\n","protected":false},"excerpt":{"rendered":"<p>Nurcihan, yeniden konu\u015fmaya ba\u015flad\u0131. \u0130ki c\u00fcmlesinden birinde G\u00f6khan\u2019\u0131n cevaplamas\u0131n\u0131 istedi\u011fi sorular\u0131 do\u011frultuyordu. Yan\u0131t alamad\u0131k\u00e7a sesi de beynini kemiren asabiyet de katlanarak b\u00fcy\u00fcyordu. \u201cEllerim G\u00f6khan\u2026 Ellerim neden<span class=\"excerpt-hellip\"> [\u2026]<\/span><\/p>\n","protected":false},"featured_media":0,"template":"","meta":{"_monsterinsights_skip_tracking":false,"_monsterinsights_sitenote_active":false,"_monsterinsights_sitenote_note":"","_monsterinsights_sitenote_category":0},"product_brand":[],"product_cat":[12291,12711],"product_tag":[],"class_list":{"0":"post-722428","1":"product","2":"type-product","3":"status-publish","5":"product_cat-edebiyat","6":"product_cat-roman-oyku","7":"pa_cilt-ciltsiz","8":"pa_tur-kitap","9":"pa_yayinevi-otuken-nesriyat","10":"pa_yazar-numan-altug-oksuz","12":"first","13":"instock","14":"sale","15":"shipping-taxable","16":"purchasable","17":"product-type-simple"},"_links":{"self":[{"href":"https:\/\/roveyayinevi.com.tr\/index.php\/wp-json\/wp\/v2\/product\/722428","targetHints":{"allow":["GET"]}}],"collection":[{"href":"https:\/\/roveyayinevi.com.tr\/index.php\/wp-json\/wp\/v2\/product"}],"about":[{"href":"https:\/\/roveyayinevi.com.tr\/index.php\/wp-json\/wp\/v2\/types\/product"}],"wp:attachment":[{"href":"https:\/\/roveyayinevi.com.tr\/index.php\/wp-json\/wp\/v2\/media?parent=722428"}],"wp:term":[{"taxonomy":"product_brand","embeddable":true,"href":"https:\/\/roveyayinevi.com.tr\/index.php\/wp-json\/wp\/v2\/product_brand?post=722428"},{"taxonomy":"product_cat","embeddable":true,"href":"https:\/\/roveyayinevi.com.tr\/index.php\/wp-json\/wp\/v2\/product_cat?post=722428"},{"taxonomy":"product_tag","embeddable":true,"href":"https:\/\/roveyayinevi.com.tr\/index.php\/wp-json\/wp\/v2\/product_tag?post=722428"}],"curies":[{"name":"wp","href":"https:\/\/api.w.org\/{rel}","templated":true}]}}