{"id":722425,"date":"2025-08-27T19:04:09","date_gmt":"2025-08-27T16:04:09","guid":{"rendered":"https:\/\/roveyayinevi.com.tr\/index.php\/urun\/hayat-bir-oyun\/"},"modified":"2026-04-16T02:30:30","modified_gmt":"2026-04-15T23:30:30","slug":"hayat-bir-oyun","status":"publish","type":"product","link":"https:\/\/roveyayinevi.com.tr\/index.php\/urun\/hayat-bir-oyun\/","title":{"rendered":"Hayat Bir Oyun"},"content":{"rendered":"<p>Hayat Bir Oyun, oyun sekt\u00f6r\u00fcn\u00fcn \u00f6nemli isimlerinden Mevl\u00fct Din\u00e7\u2019in bizlere kendi kaleminden aktard\u0131\u011f\u0131 ya\u015fam ve ba\u015far\u0131 \u00f6yk\u00fcs\u00fc.Bu kitapta, daha \u00f6nce bilgisayar konusunda bilgisi ve e\u011fitimi olmayan, bilgisayar oyunlar\u0131na da ilgi duymayan birinin nas\u0131l d\u00fcnya \u00e7ap\u0131nda \u00fcnl\u00fc bir oyun yazar\u0131 oldu\u011funa tan\u0131kl\u0131k edeceksiniz.\u0130ngiltere\u2019deyken bir arkada\u015f\u0131n\u0131n \u0131srar\u0131yla sat\u0131n ald\u0131\u011f\u0131 oyun bilgisayar\u0131 ZX Spectrum ile bu yolculu\u011fa ba\u015flayan Din\u00e7, hi\u00e7 kimsenin yard\u0131m\u0131 olmaks\u0131z\u0131n kitap ve dergilerden oyun programlamay\u0131 \u00f6\u011freniyor.K\u0131sa s\u00fcrede d\u00fcnya \u00e7ap\u0131nda ba\u015far\u0131l\u0131 i\u015flere imza at\u0131p, \u0130ngiltere\u2019de \u201cY\u0131l\u0131n Oyunu\u201d ve \u201cEn \u0130yi Programc\u0131\u201d \u00f6d\u00fcllerini al\u0131yor. Ayn\u0131 zamanda \u0130ngiltere\u2019nin sayg\u0131n kurumlar\u0131ndan BAFTA\u2019n\u0131n da bir \u00fcyesi olan Din\u00e7, profesyonel oyun sekt\u00f6r\u00fcn\u00fc olu\u015fturmak i\u00e7in T\u00fcrkiye\u2019ye d\u00f6n\u00fcyor.Ba\u015far\u0131n\u0131n yan\u0131 s\u0131ra binbir zorluk ve macerayla dolu bu ya\u015fam\u00f6yk\u00fcs\u00fc, okuyan herkes i\u00e7in ilham kayna\u011f\u0131 olacak.<\/p>\n","protected":false},"excerpt":{"rendered":"<p>Hayat Bir Oyun, oyun sekt\u00f6r\u00fcn\u00fcn \u00f6nemli isimlerinden Mevl\u00fct Din\u00e7\u2019in bizlere kendi kaleminden aktard\u0131\u011f\u0131 ya\u015fam ve ba\u015far\u0131 \u00f6yk\u00fcs\u00fc.Bu kitapta, daha \u00f6nce bilgisayar konusunda bilgisi ve e\u011fitimi olmayan,<span class=\"excerpt-hellip\"> [\u2026]<\/span><\/p>\n","protected":false},"featured_media":0,"template":"","meta":{"_monsterinsights_skip_tracking":false,"_monsterinsights_sitenote_active":false,"_monsterinsights_sitenote_note":"","_monsterinsights_sitenote_category":0},"product_brand":[],"product_cat":[12291,12711],"product_tag":[],"class_list":{"0":"post-722425","1":"product","2":"type-product","3":"status-publish","5":"product_cat-edebiyat","6":"product_cat-roman-oyku","7":"pa_cilt-ciltsiz","8":"pa_tur-kitap","9":"pa_yayinevi-nemesis-kitap","10":"pa_yazar-mevlut-dinc","12":"first","13":"instock","14":"sale","15":"shipping-taxable","16":"purchasable","17":"product-type-simple"},"_links":{"self":[{"href":"https:\/\/roveyayinevi.com.tr\/index.php\/wp-json\/wp\/v2\/product\/722425","targetHints":{"allow":["GET"]}}],"collection":[{"href":"https:\/\/roveyayinevi.com.tr\/index.php\/wp-json\/wp\/v2\/product"}],"about":[{"href":"https:\/\/roveyayinevi.com.tr\/index.php\/wp-json\/wp\/v2\/types\/product"}],"wp:attachment":[{"href":"https:\/\/roveyayinevi.com.tr\/index.php\/wp-json\/wp\/v2\/media?parent=722425"}],"wp:term":[{"taxonomy":"product_brand","embeddable":true,"href":"https:\/\/roveyayinevi.com.tr\/index.php\/wp-json\/wp\/v2\/product_brand?post=722425"},{"taxonomy":"product_cat","embeddable":true,"href":"https:\/\/roveyayinevi.com.tr\/index.php\/wp-json\/wp\/v2\/product_cat?post=722425"},{"taxonomy":"product_tag","embeddable":true,"href":"https:\/\/roveyayinevi.com.tr\/index.php\/wp-json\/wp\/v2\/product_tag?post=722425"}],"curies":[{"name":"wp","href":"https:\/\/api.w.org\/{rel}","templated":true}]}}