{"id":722419,"date":"2025-08-27T19:04:04","date_gmt":"2025-08-27T16:04:04","guid":{"rendered":"https:\/\/roveyayinevi.com.tr\/index.php\/urun\/70li-yillarda-turkiye-sazli-cazli-sozluk-gorecek-gunler-var-daha\/"},"modified":"2026-04-16T02:30:30","modified_gmt":"2026-04-15T23:30:30","slug":"70li-yillarda-turkiye-sazli-cazli-sozluk-gorecek-gunler-var-daha","status":"publish","type":"product","link":"https:\/\/roveyayinevi.com.tr\/index.php\/urun\/70li-yillarda-turkiye-sazli-cazli-sozluk-gorecek-gunler-var-daha\/","title":{"rendered":"70\u2019li Y\u0131llarda T\u00fcrkiye: Sazl\u0131 Cazl\u0131 S\u00f6zl\u00fck &#8211; G\u00f6recek g\u00fcnler var daha"},"content":{"rendered":"<p>Bu kitap 70\u2019li y\u0131llar\u0131n T\u00fcrkiyesi\u2019nin ritmiyle sal\u0131nan, \u015fark\u0131l\u0131 t\u00fcrk\u00fcl\u00fc, sazl\u0131 cazl\u0131 bir s\u00f6zl\u00fck. 1970\u2019lerin birikimini an\u0131larla, \u00f6yk\u00fclerle, plaklarla dile getiriyor. Eski gazete ve dergi sayfalar\u0131n\u0131 k\u0131lavuz edinerek, o g\u00fcnlerin lisan\u0131na, sesine, solu\u011funa sad\u0131k kalmaya, ser\u00fcvenine ortak olmaya \u00e7al\u0131\u015f\u0131yor. A\u2019dan Z\u2019ye, Abba\u2019dan Z\u00fclf\u00fc\u2019ye 70\u2019li y\u0131llar: Televizyon, Eurovision, korsan kasetler, K\u0131br\u0131s plaklar\u0131, arabeskin krallar\u0131, Bodrum ka\u00e7amaklar\u0131, Dilek Ta\u015f\u0131, Cumartesi Gecesi Ate\u015fi, politik pop, s\u0131k\u0131y\u00f6netimler, a\u00e7\u0131k sa\u00e7\u0131k filmler, Bo\u011faz K\u00f6pr\u00fcs\u00fc, futbol balesi, s\u00fct\u00fc seven kamyon \u015fof\u00f6r\u00fc, Bats\u0131n Bu D\u00fcnya, Yar\u0131nlar Bizim, 12 Mart\u2019tan 12 Eyl\u00fcl\u2019e bir ba\u015fkad\u0131r benim memleketim\u2026 Kitap ad\u0131n\u0131 bir \u015fiirden ve bir \u015fark\u0131dan ald\u0131. Sabahattin Ali\u2019nin 1933\u2019te yazd\u0131\u011f\u0131 dizeler, Kerem G\u00fcney\u2019in hicaz bestesiyle 70\u2019li y\u0131llar\u0131n derdine derman, hislerine terc\u00fcmand\u0131: \u201cG\u00f6recek g\u00fcnler var daha, ald\u0131rma g\u00f6n\u00fcl ald\u0131rma\u2026\u201d <\/p>\n","protected":false},"excerpt":{"rendered":"<p>Bu kitap 70\u2019li y\u0131llar\u0131n T\u00fcrkiyesi\u2019nin ritmiyle sal\u0131nan, \u015fark\u0131l\u0131 t\u00fcrk\u00fcl\u00fc, sazl\u0131 cazl\u0131 bir s\u00f6zl\u00fck. 1970\u2019lerin birikimini an\u0131larla, \u00f6yk\u00fclerle, plaklarla dile getiriyor. Eski gazete ve dergi sayfalar\u0131n\u0131 k\u0131lavuz<span class=\"excerpt-hellip\"> [\u2026]<\/span><\/p>\n","protected":false},"featured_media":0,"template":"","meta":{"_monsterinsights_skip_tracking":false,"_monsterinsights_sitenote_active":false,"_monsterinsights_sitenote_note":"","_monsterinsights_sitenote_category":0},"product_brand":[],"product_cat":[12312,12304],"product_tag":[],"class_list":{"0":"post-722419","1":"product","2":"type-product","3":"status-publish","5":"product_cat-diger","6":"product_cat-tarih","7":"pa_cilt-ciltsiz","8":"pa_tur-kitap","9":"pa_yayinevi-yapi-kredi-yayinlari","10":"pa_yazar-derya-bengi","12":"first","13":"instock","14":"sale","15":"shipping-taxable","16":"purchasable","17":"product-type-simple"},"_links":{"self":[{"href":"https:\/\/roveyayinevi.com.tr\/index.php\/wp-json\/wp\/v2\/product\/722419","targetHints":{"allow":["GET"]}}],"collection":[{"href":"https:\/\/roveyayinevi.com.tr\/index.php\/wp-json\/wp\/v2\/product"}],"about":[{"href":"https:\/\/roveyayinevi.com.tr\/index.php\/wp-json\/wp\/v2\/types\/product"}],"wp:attachment":[{"href":"https:\/\/roveyayinevi.com.tr\/index.php\/wp-json\/wp\/v2\/media?parent=722419"}],"wp:term":[{"taxonomy":"product_brand","embeddable":true,"href":"https:\/\/roveyayinevi.com.tr\/index.php\/wp-json\/wp\/v2\/product_brand?post=722419"},{"taxonomy":"product_cat","embeddable":true,"href":"https:\/\/roveyayinevi.com.tr\/index.php\/wp-json\/wp\/v2\/product_cat?post=722419"},{"taxonomy":"product_tag","embeddable":true,"href":"https:\/\/roveyayinevi.com.tr\/index.php\/wp-json\/wp\/v2\/product_tag?post=722419"}],"curies":[{"name":"wp","href":"https:\/\/api.w.org\/{rel}","templated":true}]}}