{"id":722413,"date":"2025-08-27T19:04:00","date_gmt":"2025-08-27T16:04:00","guid":{"rendered":"https:\/\/roveyayinevi.com.tr\/index.php\/urun\/siyasal-soylemde-ve-medyada-suriyeliler\/"},"modified":"2026-04-16T02:30:30","modified_gmt":"2026-04-15T23:30:30","slug":"siyasal-soylemde-ve-medyada-suriyeliler","status":"publish","type":"product","link":"https:\/\/roveyayinevi.com.tr\/index.php\/urun\/siyasal-soylemde-ve-medyada-suriyeliler\/","title":{"rendered":"Siyasal S\u00f6ylemde ve Medyada Suriyeliler"},"content":{"rendered":"<p>Bu kitapta , T\u00fcrkiye&#8217;de ge\u00e7ici koruma alt\u0131nda bulunan Suriyelilerin siyasal s\u00f6ylemde ve medyada nas\u0131l tan\u0131mland\u0131\u011f\u0131 ve Suriyelilerle ilgili s\u00f6ylemlerin a\u011f\u0131rl\u0131k noktas\u0131n\u0131n ne oldu\u011fu irdelenmi\u015ftir.\u00d6tekile\u015ftirmeye konu olan bir toplumsal grubun , s\u00f6ylem belirleme g\u00fcc\u00fc olan siyaset ve medya gibi iki temel yap\u0131 taraf\u0131ndan nas\u0131l tan\u0131mland\u0131\u011f\u0131n\u0131 ve hangi anlam \u00e7er\u00e7eveleri i\u00e7ine yerle\u015ftirildi\u011fini incelemeyi ama\u00e7layan bu \u00e7al\u0131\u015fma , dilin ve s\u00f6ylemin  g\u00fcc\u00fcn\u00fc ele\u015ftirel s\u00f6ylem \u00e7al\u0131\u015fmalar\u0131 metodolojisi i\u00e7inden tart\u0131\u015fmaya \u00e7al\u0131\u015fm\u0131\u015f , medyan\u0131n bak\u0131\u015f a\u00e7\u0131s\u0131n\u0131da ara\u015ft\u0131rmaya dahil ederek siyaset ve medya s\u00f6ylemlerinin asl\u0131nda birbirinin tamamlay\u0131c\u0131s\u0131 oldu\u011funu ve birlikte i\u015fledi\u011fini bulgular\u0131yla ortaya koymu\u015ftur. <\/p>\n","protected":false},"excerpt":{"rendered":"<p>Bu kitapta , T\u00fcrkiye&#8217;de ge\u00e7ici koruma alt\u0131nda bulunan Suriyelilerin siyasal s\u00f6ylemde ve medyada nas\u0131l tan\u0131mland\u0131\u011f\u0131 ve Suriyelilerle ilgili s\u00f6ylemlerin a\u011f\u0131rl\u0131k noktas\u0131n\u0131n ne oldu\u011fu irdelenmi\u015ftir.\u00d6tekile\u015ftirmeye konu olan<span class=\"excerpt-hellip\"> [\u2026]<\/span><\/p>\n","protected":false},"featured_media":0,"template":"","meta":{"_monsterinsights_skip_tracking":false,"_monsterinsights_sitenote_active":false,"_monsterinsights_sitenote_note":"","_monsterinsights_sitenote_category":0},"product_brand":[],"product_cat":[12351,12324],"product_tag":[],"class_list":{"0":"post-722413","1":"product","2":"type-product","3":"status-publish","5":"product_cat-siyaset-sosyolojisi","6":"product_cat-sosyoloji","7":"pa_cilt-ciltsiz","8":"pa_tur-kitap","9":"pa_yayinevi-kilit-yayinevi","10":"pa_yazar-a-fulya-sen-y-furkan-sen-yusuf-z-baskin","12":"first","13":"instock","14":"sale","15":"shipping-taxable","16":"purchasable","17":"product-type-simple"},"_links":{"self":[{"href":"https:\/\/roveyayinevi.com.tr\/index.php\/wp-json\/wp\/v2\/product\/722413","targetHints":{"allow":["GET"]}}],"collection":[{"href":"https:\/\/roveyayinevi.com.tr\/index.php\/wp-json\/wp\/v2\/product"}],"about":[{"href":"https:\/\/roveyayinevi.com.tr\/index.php\/wp-json\/wp\/v2\/types\/product"}],"wp:attachment":[{"href":"https:\/\/roveyayinevi.com.tr\/index.php\/wp-json\/wp\/v2\/media?parent=722413"}],"wp:term":[{"taxonomy":"product_brand","embeddable":true,"href":"https:\/\/roveyayinevi.com.tr\/index.php\/wp-json\/wp\/v2\/product_brand?post=722413"},{"taxonomy":"product_cat","embeddable":true,"href":"https:\/\/roveyayinevi.com.tr\/index.php\/wp-json\/wp\/v2\/product_cat?post=722413"},{"taxonomy":"product_tag","embeddable":true,"href":"https:\/\/roveyayinevi.com.tr\/index.php\/wp-json\/wp\/v2\/product_tag?post=722413"}],"curies":[{"name":"wp","href":"https:\/\/api.w.org\/{rel}","templated":true}]}}

Siyasal Söylemde ve Medyada Suriyeliler

<p>Bu kitapta , Türkiye&#8217;de geçici koruma altında bulunan Suriyelilerin siyasal söylemde ve medyada nasıl tanımlandığı ve Suriyelilerle ilgili söylemlerin ağırlık noktasının ne olduğu irdelenmiştir.Ötekileştirmeye konu olan bir toplumsal grubun , söylem belirleme gücü olan siyaset ve medya gibi iki temel yapı tarafından nasıl tanımlandığını ve hangi anlam çerçeveleri içine yerleştirildiğini incelemeyi amaçlayan bu çalışma , dilin ve söylemin  gücünü eleştirel söylem çalışmaları metodolojisi içinden tartışmaya çalışmış , medyanın bakış açısınıda araştırmaya dahil ederek siyaset ve medya söylemlerinin aslında birbirinin tamamlayıcısı olduğunu ve birlikte işlediğini bulgularıyla ortaya koymuştur. </p>

<p>Bu kitapta , Türkiye&#8217;de geçici koruma altında bulunan Suriyelilerin siyasal söylemde ve medyada nasıl tanımlandığı ve Suriyelilerle ilgili söylemlerin ağırlık noktasının ne olduğu irdelenmiştir.Ötekileştirmeye konu olan<span class="excerpt-hellip"> […]</span></p>
