{"id":722410,"date":"2025-08-27T19:03:58","date_gmt":"2025-08-27T16:03:58","guid":{"rendered":"https:\/\/roveyayinevi.com.tr\/index.php\/urun\/edebi-zevk-yargisi-yuksek-ve-populer-edebiyat-ve-kitsch\/"},"modified":"2026-04-16T02:30:30","modified_gmt":"2026-04-15T23:30:30","slug":"edebi-zevk-yargisi-yuksek-ve-populer-edebiyat-ve-kitsch","status":"publish","type":"product","link":"https:\/\/roveyayinevi.com.tr\/index.php\/urun\/edebi-zevk-yargisi-yuksek-ve-populer-edebiyat-ve-kitsch\/","title":{"rendered":"Edebi Zevk Yarg\u0131s\u0131 Y\u00fcksek ve Pop\u00fcler Edebiyat ve Kitsch"},"content":{"rendered":"<p>Edebiyat ele\u015ftirisinin oldu\u011fu kadar ola\u011fan okuma faaliyetinin de \u201cnetameli\u201d ama temel tart\u0131\u015fma konular\u0131ndan biri edebi zevktir. Hangi eseri ni\u00e7in be\u011fendi\u011fini kendisine ya da bir ba\u015fkas\u0131na a\u00e7\u0131klama ihtiyac\u0131 hisseden herkesin kar\u015f\u0131la\u015ft\u0131\u011f\u0131 bu sorunun s\u0131k s\u0131k \u201ckalem sava\u015flar\u0131\u201dna yol a\u00e7t\u0131\u011f\u0131na da tan\u0131k oluyoruz. Bu nedenle, edebiyat yap\u0131t\u0131n\u0131n yarat\u0131lmas\u0131, al\u0131mlanmas\u0131 ve ele\u015ftirilmesi s\u00fcrecinin her safhas\u0131nda canl\u0131l\u0131\u011f\u0131n\u0131 koruyan gerilimin arkas\u0131nda yatan tarihsel, toplumsal ve estetik olgular\u0131 anlayabilmek, be\u011feni \u00f6l\u00e7\u00fctlerimizi de\u011ferlendirebilmemiz i\u00e7in b\u00fcy\u00fck \u00f6nem ta\u015f\u0131yor.Daha \u00f6nce Psikanalitik Edebiyat Kuram\u0131, Komik Edebi T\u00fcrler, Metafor ve \u015eiir Dilinin Yap\u0131sal \u00d6zellikleri\u2019yle T\u00fcrk\u00e7e edebiyat kuram\u0131 ve ele\u015ftiri literat\u00fcr\u00fcne \u00f6nemli katk\u0131lar yapan O\u011fuz Cebeci, Edebi Zevk Yarg\u0131s\u0131: Y\u00fcksek ve Pop\u00fcler Edebiyat &amp; \u201cKitsch\u201d adl\u0131 \u00e7al\u0131\u015fmas\u0131nda bu defa edebiyat\u0131n \u201cne\u201d oldu\u011fu, edebi zevkin tan\u0131mlan\u0131p tan\u0131mlanamayaca\u011f\u0131, bu ba\u011flamda edebiyat kanonu ve okulun rol\u00fc, yani m\u00fcfredat, ele\u015ftirmenin yeri gibi meselelerin yan\u0131 s\u0131ra, \u201cy\u00fcksek\u201d edebiyat, \u201chafif\u201d edebiyat ve \u201ckitsch\u201d konular\u0131n\u0131, geni\u015f bir literat\u00fcr\u00fc dikkate alarak zengin ve renkli \u00f6rnekler e\u015fli\u011finde tart\u0131\u015f\u0131yor ve \u201csaha \u00e7al\u0131\u015fmas\u0131\u201d niteli\u011findeki g\u00f6zlemlerini, deneyimlerini de okurlarla payla\u015f\u0131yor.<\/p>\n","protected":false},"excerpt":{"rendered":"<p>Edebiyat ele\u015ftirisinin oldu\u011fu kadar ola\u011fan okuma faaliyetinin de \u201cnetameli\u201d ama temel tart\u0131\u015fma konular\u0131ndan biri edebi zevktir. Hangi eseri ni\u00e7in be\u011fendi\u011fini kendisine ya da bir ba\u015fkas\u0131na a\u00e7\u0131klama<span class=\"excerpt-hellip\"> [\u2026]<\/span><\/p>\n","protected":false},"featured_media":0,"template":"","meta":{"_monsterinsights_skip_tracking":false,"_monsterinsights_sitenote_active":false,"_monsterinsights_sitenote_note":"","_monsterinsights_sitenote_category":0},"product_brand":[],"product_cat":[13072,12291],"product_tag":[],"class_list":{"0":"post-722410","1":"product","2":"type-product","3":"status-publish","5":"product_cat-arastirma-inceleme-referans","6":"product_cat-edebiyat","7":"pa_cilt-ciltsiz","8":"pa_tur-kitap","9":"pa_yayinevi-ithaki-yayinlari","10":"pa_yazar-oguz-cebeci","12":"first","13":"instock","14":"sale","15":"shipping-taxable","16":"purchasable","17":"product-type-simple"},"_links":{"self":[{"href":"https:\/\/roveyayinevi.com.tr\/index.php\/wp-json\/wp\/v2\/product\/722410","targetHints":{"allow":["GET"]}}],"collection":[{"href":"https:\/\/roveyayinevi.com.tr\/index.php\/wp-json\/wp\/v2\/product"}],"about":[{"href":"https:\/\/roveyayinevi.com.tr\/index.php\/wp-json\/wp\/v2\/types\/product"}],"wp:attachment":[{"href":"https:\/\/roveyayinevi.com.tr\/index.php\/wp-json\/wp\/v2\/media?parent=722410"}],"wp:term":[{"taxonomy":"product_brand","embeddable":true,"href":"https:\/\/roveyayinevi.com.tr\/index.php\/wp-json\/wp\/v2\/product_brand?post=722410"},{"taxonomy":"product_cat","embeddable":true,"href":"https:\/\/roveyayinevi.com.tr\/index.php\/wp-json\/wp\/v2\/product_cat?post=722410"},{"taxonomy":"product_tag","embeddable":true,"href":"https:\/\/roveyayinevi.com.tr\/index.php\/wp-json\/wp\/v2\/product_tag?post=722410"}],"curies":[{"name":"wp","href":"https:\/\/api.w.org\/{rel}","templated":true}]}}