{"id":722402,"date":"2025-08-27T19:03:52","date_gmt":"2025-08-27T16:03:52","guid":{"rendered":"https:\/\/roveyayinevi.com.tr\/index.php\/urun\/sopa-ile-tas\/"},"modified":"2026-04-16T02:30:30","modified_gmt":"2026-04-15T23:30:30","slug":"sopa-ile-tas","status":"publish","type":"product","link":"https:\/\/roveyayinevi.com.tr\/index.php\/urun\/sopa-ile-tas\/","title":{"rendered":"Sopa ile Ta\u015f"},"content":{"rendered":"<p>Sopa bir g\u00fcn zor durumdaki Ta\u015f\u2019\u0131n yard\u0131m\u0131na ko\u015far ve ikisi o g\u00fcnden sonra \u00e7ok iyi arkada\u015f olur. Birlikte gezip dola\u015f\u0131r, g\u00fcl\u00fcp e\u011flenirler. Ama \u015fanss\u0131zl\u0131k bu ya Sopa bir g\u00fcn ortadan kaybolur ve Ta\u015f yine yaln\u0131z kal\u0131r. Gece g\u00fcnd\u00fcz Sopa\u2019y\u0131 arayan Ta\u015f acaba \u00e7ok sevdi\u011fi arkada\u015f\u0131na kavu\u015fabilecek midir?Sopa ile Ta\u015f, arkada\u015fl\u0131\u011f\u0131n g\u00fczelli\u011fine dair e\u011flenceli mi e\u011flenceli bir macera.<\/p>\n","protected":false},"excerpt":{"rendered":"<p>Sopa bir g\u00fcn zor durumdaki Ta\u015f\u2019\u0131n yard\u0131m\u0131na ko\u015far ve ikisi o g\u00fcnden sonra \u00e7ok iyi arkada\u015f olur. Birlikte gezip dola\u015f\u0131r, g\u00fcl\u00fcp e\u011flenirler. Ama \u015fanss\u0131zl\u0131k bu ya<span class=\"excerpt-hellip\"> [\u2026]<\/span><\/p>\n","protected":false},"featured_media":0,"template":"","meta":{"_monsterinsights_skip_tracking":false,"_monsterinsights_sitenote_active":false,"_monsterinsights_sitenote_note":"","_monsterinsights_sitenote_category":0},"product_brand":[],"product_cat":[12913,12274],"product_tag":[],"class_list":{"0":"post-722402","1":"product","2":"type-product","3":"status-publish","5":"product_cat-3-6-yas-kitaplari","6":"product_cat-cocuk-ve-genclik-kitaplari","7":"pa_cilt-ciltli","8":"pa_tur-kitap","9":"pa_yayinevi-beyaz-balina-yayinlari","10":"pa_yazar-beth-ferry","12":"first","13":"instock","14":"sale","15":"shipping-taxable","16":"purchasable","17":"product-type-simple"},"_links":{"self":[{"href":"https:\/\/roveyayinevi.com.tr\/index.php\/wp-json\/wp\/v2\/product\/722402","targetHints":{"allow":["GET"]}}],"collection":[{"href":"https:\/\/roveyayinevi.com.tr\/index.php\/wp-json\/wp\/v2\/product"}],"about":[{"href":"https:\/\/roveyayinevi.com.tr\/index.php\/wp-json\/wp\/v2\/types\/product"}],"wp:attachment":[{"href":"https:\/\/roveyayinevi.com.tr\/index.php\/wp-json\/wp\/v2\/media?parent=722402"}],"wp:term":[{"taxonomy":"product_brand","embeddable":true,"href":"https:\/\/roveyayinevi.com.tr\/index.php\/wp-json\/wp\/v2\/product_brand?post=722402"},{"taxonomy":"product_cat","embeddable":true,"href":"https:\/\/roveyayinevi.com.tr\/index.php\/wp-json\/wp\/v2\/product_cat?post=722402"},{"taxonomy":"product_tag","embeddable":true,"href":"https:\/\/roveyayinevi.com.tr\/index.php\/wp-json\/wp\/v2\/product_tag?post=722402"}],"curies":[{"name":"wp","href":"https:\/\/api.w.org\/{rel}","templated":true}]}}