{"id":722392,"date":"2025-08-27T19:03:44","date_gmt":"2025-08-27T16:03:44","guid":{"rendered":"https:\/\/roveyayinevi.com.tr\/index.php\/urun\/kufur-sokakta-2-baslayan-her-sey-biter\/"},"modified":"2026-04-16T02:30:29","modified_gmt":"2026-04-15T23:30:29","slug":"kufur-sokakta-2-baslayan-her-sey-biter","status":"publish","type":"product","link":"https:\/\/roveyayinevi.com.tr\/index.php\/urun\/kufur-sokakta-2-baslayan-her-sey-biter\/","title":{"rendered":"K\u00fcf\u00fcr Sokakta 2 &#8211; Ba\u015flayan Her \u015eey Biter"},"content":{"rendered":"<p>Ne ba\u015flamas\u0131 bir se\u00e7imdi ne de bitmesi.Ba\u015flang\u0131\u00e7 ile biti\u015f aras\u0131nda bir yerlerde ya\u015fad\u0131\u011f\u0131m\u0131z\u0131 ispatlamaya \u00e7al\u0131\u015f\u0131yor ve ba\u015flayan her \u015feyin bitmesine \u015fahitlik etmekten ba\u015fka hi\u00e7bir \u015fey yapm\u0131yoruz.Hepsi bu.<\/p>\n","protected":false},"excerpt":{"rendered":"<p>Ne ba\u015flamas\u0131 bir se\u00e7imdi ne de bitmesi.Ba\u015flang\u0131\u00e7 ile biti\u015f aras\u0131nda bir yerlerde ya\u015fad\u0131\u011f\u0131m\u0131z\u0131 ispatlamaya \u00e7al\u0131\u015f\u0131yor ve ba\u015flayan her \u015feyin bitmesine \u015fahitlik etmekten ba\u015fka hi\u00e7bir \u015fey yapm\u0131yoruz.Hepsi<span class=\"excerpt-hellip\"> [\u2026]<\/span><\/p>\n","protected":false},"featured_media":0,"template":"","meta":{"_monsterinsights_skip_tracking":false,"_monsterinsights_sitenote_active":false,"_monsterinsights_sitenote_note":"","_monsterinsights_sitenote_category":0},"product_brand":[],"product_cat":[12291,12711],"product_tag":[],"class_list":{"0":"post-722392","1":"product","2":"type-product","3":"status-publish","5":"product_cat-edebiyat","6":"product_cat-roman-oyku","7":"pa_cilt-ciltsiz","8":"pa_tur-kitap","9":"pa_yayinevi-dokuz-yayinlari","10":"pa_yazar-emre-can-baki","12":"first","13":"instock","14":"sale","15":"shipping-taxable","16":"purchasable","17":"product-type-simple"},"_links":{"self":[{"href":"https:\/\/roveyayinevi.com.tr\/index.php\/wp-json\/wp\/v2\/product\/722392","targetHints":{"allow":["GET"]}}],"collection":[{"href":"https:\/\/roveyayinevi.com.tr\/index.php\/wp-json\/wp\/v2\/product"}],"about":[{"href":"https:\/\/roveyayinevi.com.tr\/index.php\/wp-json\/wp\/v2\/types\/product"}],"wp:attachment":[{"href":"https:\/\/roveyayinevi.com.tr\/index.php\/wp-json\/wp\/v2\/media?parent=722392"}],"wp:term":[{"taxonomy":"product_brand","embeddable":true,"href":"https:\/\/roveyayinevi.com.tr\/index.php\/wp-json\/wp\/v2\/product_brand?post=722392"},{"taxonomy":"product_cat","embeddable":true,"href":"https:\/\/roveyayinevi.com.tr\/index.php\/wp-json\/wp\/v2\/product_cat?post=722392"},{"taxonomy":"product_tag","embeddable":true,"href":"https:\/\/roveyayinevi.com.tr\/index.php\/wp-json\/wp\/v2\/product_tag?post=722392"}],"curies":[{"name":"wp","href":"https:\/\/api.w.org\/{rel}","templated":true}]}}