{"id":722389,"date":"2025-08-27T19:03:42","date_gmt":"2025-08-27T16:03:42","guid":{"rendered":"https:\/\/roveyayinevi.com.tr\/index.php\/urun\/karmasik-duygular-2\/"},"modified":"2026-04-16T02:30:29","modified_gmt":"2026-04-15T23:30:29","slug":"karmasik-duygular-2","status":"publish","type":"product","link":"https:\/\/roveyayinevi.com.tr\/index.php\/urun\/karmasik-duygular-2\/","title":{"rendered":"Karma\u015f\u0131k Duygular"},"content":{"rendered":"<p>Y\u00fcre\u011fin hissedip akl\u0131n reddetti\u011fi duygular, usul usul uyan\u0131p beklenmedik tutkulara d\u00f6n\u00fc\u015fen arzular, Stefan ZweIg\u2019\u0131n karakterlerinin i\u00e7 d\u00fcnyalar\u0131na \u0131\u015f\u0131k tutar.Duygusal \u00e7alkant\u0131larda bo\u011fulan kahramanlar, Zweig\u2019\u0131n benzersiz tasvirlerinde can bulurlar.  Shakespeare uzman\u0131 karizmatik edebiyat profes\u00f6r\u00fc ile \u00f6\u011frencisi aras\u0131nda filizlenen yak\u0131nla\u015fmaya e\u011filen Karma\u015f\u0131k Duygular, bu a\u00e7\u0131dan ele al\u0131nd\u0131\u011f\u0131nda Zweig\u2019\u0131n eserleri aras\u0131nda \u00f6zel bir yer tutar. \u0130kili aras\u0131nda kurulan ba\u011f, taraflar a\u00e7\u0131s\u0131ndan duygusal sars\u0131nt\u0131ya yol a\u00e7arken profes\u00f6r\u00fcn hayat\u0131ndaki temel ger\u00e7e\u011fi de a\u00e7\u0131\u011fa \u00e7\u0131kar\u0131r.<\/p>\n","protected":false},"excerpt":{"rendered":"<p>Y\u00fcre\u011fin hissedip akl\u0131n reddetti\u011fi duygular, usul usul uyan\u0131p beklenmedik tutkulara d\u00f6n\u00fc\u015fen arzular, Stefan ZweIg\u2019\u0131n karakterlerinin i\u00e7 d\u00fcnyalar\u0131na \u0131\u015f\u0131k tutar.Duygusal \u00e7alkant\u0131larda bo\u011fulan kahramanlar, Zweig\u2019\u0131n benzersiz tasvirlerinde can<span class=\"excerpt-hellip\"> [\u2026]<\/span><\/p>\n","protected":false},"featured_media":0,"template":"","meta":{"_monsterinsights_skip_tracking":false,"_monsterinsights_sitenote_active":false,"_monsterinsights_sitenote_note":"","_monsterinsights_sitenote_category":0},"product_brand":[],"product_cat":[12291,12711],"product_tag":[],"class_list":{"0":"post-722389","1":"product","2":"type-product","3":"status-publish","5":"product_cat-edebiyat","6":"product_cat-roman-oyku","7":"pa_cilt-ciltsiz","8":"pa_tur-kitap","9":"pa_yayinevi-can-yayinlari","10":"pa_yazar-stefan-zweig","12":"first","13":"instock","14":"sale","15":"shipping-taxable","16":"purchasable","17":"product-type-simple"},"_links":{"self":[{"href":"https:\/\/roveyayinevi.com.tr\/index.php\/wp-json\/wp\/v2\/product\/722389","targetHints":{"allow":["GET"]}}],"collection":[{"href":"https:\/\/roveyayinevi.com.tr\/index.php\/wp-json\/wp\/v2\/product"}],"about":[{"href":"https:\/\/roveyayinevi.com.tr\/index.php\/wp-json\/wp\/v2\/types\/product"}],"wp:attachment":[{"href":"https:\/\/roveyayinevi.com.tr\/index.php\/wp-json\/wp\/v2\/media?parent=722389"}],"wp:term":[{"taxonomy":"product_brand","embeddable":true,"href":"https:\/\/roveyayinevi.com.tr\/index.php\/wp-json\/wp\/v2\/product_brand?post=722389"},{"taxonomy":"product_cat","embeddable":true,"href":"https:\/\/roveyayinevi.com.tr\/index.php\/wp-json\/wp\/v2\/product_cat?post=722389"},{"taxonomy":"product_tag","embeddable":true,"href":"https:\/\/roveyayinevi.com.tr\/index.php\/wp-json\/wp\/v2\/product_tag?post=722389"}],"curies":[{"name":"wp","href":"https:\/\/api.w.org\/{rel}","templated":true}]}}