{"id":722358,"date":"2025-08-27T19:03:16","date_gmt":"2025-08-27T16:03:16","guid":{"rendered":"https:\/\/roveyayinevi.com.tr\/index.php\/urun\/abdalan-i-rum-ve-geyikli-baba\/"},"modified":"2026-04-16T02:30:29","modified_gmt":"2026-04-15T23:30:29","slug":"abdalan-i-rum-ve-geyikli-baba","status":"publish","type":"product","link":"https:\/\/roveyayinevi.com.tr\/index.php\/urun\/abdalan-i-rum-ve-geyikli-baba\/","title":{"rendered":"Abdalan-\u0131 Rum ve Geyikli Baba"},"content":{"rendered":"<p>\u00c7ok\u00e7a s\u00f6z\u00fc edilen, fakat yeterince irdelenmedi\u011fi g\u00f6r\u00fclen \u201cAbdalan-\u0131 Rum\u201d olay\u0131n\u0131 anlayabilmek i\u00e7in toplumsal d\u00f6n\u00fc\u015f\u00fcm\u00fcn tarihsel boyutlar\u0131n\u0131 irdelemenin gereklili\u011fi de ortaya \u00e7\u0131kmaktad\u0131r. Bu ayn\u0131 zamanda bir bak\u0131ma \u201carka plan\u201d \u00e7\u00f6z\u00fcmlemesidir. A\u00e7\u0131k ki, k\u00fclt\u00fcrler birbirinin s\u00fcre\u011fidir. S\u00fcrekli de\u011fi\u015ferek, d\u00f6n\u00fc\u015ferek kendini yeni ko\u015fullara uyarlar, yeni bir \u00e7a\u011fa ta\u015f\u0131r. Bu, tarihin ka\u00e7\u0131n\u0131lmaz d\u00f6ng\u00fcs\u00fcd\u00fcr. Bu durum gelenekte \u2018k\u00f6k\u00fcn \u00fcst\u00fcnde bitmek\u2019 ya da \u2018ot k\u00f6k\u00fcn \u00fcst\u00fcnde biter\u2019 bi\u00e7iminde betimlenir. Her olgunun bir k\u00f6keni, dayanak noktalar\u0131 vard\u0131r. G\u00f6r\u00fclmese de, bilinmese de bu ger\u00e7eklik de\u011fi\u015fmez. \u0130nsan ko\u015fullar\u0131n\u0131n \u00fcr\u00fcn\u00fcd\u00fcr. \u0130nsan\u0131 \u00e7evresinden, ko\u015fullar\u0131ndan soyutlayarak yap\u0131lan her t\u00fcrl\u00fc de\u011ferlendirme, her t\u00fcrl\u00fc yakla\u015f\u0131m ve \u00e7\u00f6z\u00fcmleme hep soyut kalacakt\u0131r. A\u015f\u0131kpa\u015fao\u011flu yazd\u0131\u011f\u0131 \u201cTevarih-i Al-i Osman\u201dda Hac\u0131 Bekta\u015f d\u00f6nemiyle ilgili a\u00e7\u0131klama yaparken d\u00f6rt taifeden bahseder: \u201cHem dahi bu R\u00fbm\u2019da d\u00f6rt taife vardur kim an\u0131lur m\u00fcsafirler ve seyyahlar aras\u0131nda: Biri Gaziyan-\u0131 R\u00fbm ve biri Abdalan-\u0131 Rum ve biri Bac\u0131yan-\u0131 Rum ve biri Ahiyan-\u0131 Rum.\u201d Kay\u0131t a\u00e7\u0131k. D\u00f6rt \u00f6nemli topluluk \u00e7\u0131k\u0131yor kar\u015f\u0131m\u0131za, bunlardan biri de -bug\u00fcne dek izle\u011fi, s\u00fcre\u011fi devam eden- Abdalan-\u0131 Rum\u2019dur. Abdalan-\u0131 Rum, bat\u0131ni \/ heteredoks dervi\u015fler toplulu\u011fudur. Anadolu Abdallar\u0131, Horasan Erenleri, Gaip Erenler gibi adlarla da an\u0131l\u0131r. Cezbeli \/ a\u015fk\u0131n ve ta\u015fk\u0131n, kendi deyimleriyle \u201ctahta k\u0131l\u0131\u00e7\u201dlar\u0131yla g\u00f6n\u00fcller fetheden, Hakk\u2019\u0131n yolunu s\u00fcren, nefsinden ar\u0131nm\u0131\u015f, \u201c\u00f6lmeden evvel \u00f6len\u201d, can\u0131 candan ay\u0131rt etmeyen, \u201cher ne ararsan insandad\u0131r\u201d, \u201cHak g\u00f6n\u00fcldedir\u201d, \u201cnefisi yele, z\u00e2hiri sele verdik\u201d diyen, \u00fcretimde ve t\u00fcketimde payla\u015f\u0131mc\u0131l\u0131\u011f\u0131, e\u015fitli\u011fi esas alan dervi\u015flerdir.&#8221;<\/p>\n","protected":false},"excerpt":{"rendered":"<p>\u00c7ok\u00e7a s\u00f6z\u00fc edilen, fakat yeterince irdelenmedi\u011fi g\u00f6r\u00fclen \u201cAbdalan-\u0131 Rum\u201d olay\u0131n\u0131 anlayabilmek i\u00e7in toplumsal d\u00f6n\u00fc\u015f\u00fcm\u00fcn tarihsel boyutlar\u0131n\u0131 irdelemenin gereklili\u011fi de ortaya \u00e7\u0131kmaktad\u0131r. Bu ayn\u0131 zamanda bir bak\u0131ma<span class=\"excerpt-hellip\"> [\u2026]<\/span><\/p>\n","protected":false},"featured_media":0,"template":"","meta":{"_monsterinsights_skip_tracking":false,"_monsterinsights_sitenote_active":false,"_monsterinsights_sitenote_note":"","_monsterinsights_sitenote_category":0},"product_brand":[],"product_cat":[12718,12858],"product_tag":[],"class_list":{"0":"post-722358","1":"product","2":"type-product","3":"status-publish","5":"product_cat-din","6":"product_cat-mitolojiler","7":"pa_cilt-ciltsiz","8":"pa_tur-kitap","9":"pa_yayinevi-la-kitap-yayinlari","10":"pa_yazar-ali-haydar-avci","12":"first","13":"instock","14":"sale","15":"shipping-taxable","16":"purchasable","17":"product-type-simple"},"_links":{"self":[{"href":"https:\/\/roveyayinevi.com.tr\/index.php\/wp-json\/wp\/v2\/product\/722358","targetHints":{"allow":["GET"]}}],"collection":[{"href":"https:\/\/roveyayinevi.com.tr\/index.php\/wp-json\/wp\/v2\/product"}],"about":[{"href":"https:\/\/roveyayinevi.com.tr\/index.php\/wp-json\/wp\/v2\/types\/product"}],"wp:attachment":[{"href":"https:\/\/roveyayinevi.com.tr\/index.php\/wp-json\/wp\/v2\/media?parent=722358"}],"wp:term":[{"taxonomy":"product_brand","embeddable":true,"href":"https:\/\/roveyayinevi.com.tr\/index.php\/wp-json\/wp\/v2\/product_brand?post=722358"},{"taxonomy":"product_cat","embeddable":true,"href":"https:\/\/roveyayinevi.com.tr\/index.php\/wp-json\/wp\/v2\/product_cat?post=722358"},{"taxonomy":"product_tag","embeddable":true,"href":"https:\/\/roveyayinevi.com.tr\/index.php\/wp-json\/wp\/v2\/product_tag?post=722358"}],"curies":[{"name":"wp","href":"https:\/\/api.w.org\/{rel}","templated":true}]}}