{"id":722356,"date":"2025-08-27T19:03:15","date_gmt":"2025-08-27T16:03:15","guid":{"rendered":"https:\/\/roveyayinevi.com.tr\/index.php\/urun\/o-safagin-atlilari\/"},"modified":"2026-04-16T02:30:29","modified_gmt":"2026-04-15T23:30:29","slug":"o-safagin-atlilari","status":"publish","type":"product","link":"https:\/\/roveyayinevi.com.tr\/index.php\/urun\/o-safagin-atlilari\/","title":{"rendered":"O \u015eafa\u011f\u0131n Atl\u0131lar\u0131"},"content":{"rendered":"<p>Bu kitapta k\u0131sa ya\u015fam \u00f6yk\u00fcleri yer al\u0131yor. K\u0131sa k\u0131sac\u0131k. Ya\u015fam haklar\u0131 ellerinden al\u0131nm\u0131\u015f insanlar\u0131n \u00f6yk\u00fcleri. Devletin gen\u00e7leriyle kavgal\u0131 oldu\u011fu bir \u00fclkede ya\u015fan\u0131yor hepsi.Tamam\u0131 gen\u00e7. Lise-\u00fcniversite \u00f6\u011frencisi, kimisi i\u015f\u00e7i, te\u011fmen. Umutlar\u0131, kavgalar\u0131 ve a\u015fklar\u0131yla \u00e7\u0131kt\u0131klar\u0131 yolda vah\u015fi bir cinayetle kar\u015f\u0131land\u0131lar.Hukukun korkun\u00e7 bir \u00f6\u00e7 alma silah\u0131na d\u00f6n\u00fc\u015febildi\u011fini g\u00f6rece\u011fiz bu \u00f6yk\u00fclerde. Ac\u0131n\u0131n dilinin tarifsizli\u011fini de.Kitapta onlar\u0131n bu k\u0131sa entastaneleri anlat\u0131l\u0131rken onlar\u0131 idam sehpas\u0131na g\u00f6t\u00fcren yak\u0131n tarih, bir arka plan olarak i\u015fleniyor.12 Eyl\u00fcl\u2019de yap\u0131lan idamlar\u0131 anlatan ilk ve en kapsaml\u0131 ara\u015ft\u0131rma. \u0130lk \u00e7\u0131kt\u0131\u011f\u0131nda yasakland\u0131. \u00d6zg\u00fcrl\u00fc\u011f\u00fcne kavu\u015fmas\u0131 tam yirmi d\u00f6rt y\u0131l s\u00fcrd\u00fc. \u015eimdi yeniden sizlere merhaba diyor.<\/p>\n","protected":false},"excerpt":{"rendered":"<p>Bu kitapta k\u0131sa ya\u015fam \u00f6yk\u00fcleri yer al\u0131yor. K\u0131sa k\u0131sac\u0131k. Ya\u015fam haklar\u0131 ellerinden al\u0131nm\u0131\u015f insanlar\u0131n \u00f6yk\u00fcleri. Devletin gen\u00e7leriyle kavgal\u0131 oldu\u011fu bir \u00fclkede ya\u015fan\u0131yor hepsi.Tamam\u0131 gen\u00e7. Lise-\u00fcniversite \u00f6\u011frencisi,<span class=\"excerpt-hellip\"> [\u2026]<\/span><\/p>\n","protected":false},"featured_media":0,"template":"","meta":{"_monsterinsights_skip_tracking":false,"_monsterinsights_sitenote_active":false,"_monsterinsights_sitenote_note":"","_monsterinsights_sitenote_category":0},"product_brand":[],"product_cat":[12370,12304],"product_tag":[],"class_list":{"0":"post-722356","1":"product","2":"type-product","3":"status-publish","5":"product_cat-arastirma-inceleme","6":"product_cat-tarih","7":"pa_cilt-ciltsiz","8":"pa_tur-kitap","9":"pa_yayinevi-la-kitap-yayinlari","10":"pa_yazar-hayri-argav","12":"first","13":"instock","14":"sale","15":"shipping-taxable","16":"purchasable","17":"product-type-simple"},"_links":{"self":[{"href":"https:\/\/roveyayinevi.com.tr\/index.php\/wp-json\/wp\/v2\/product\/722356","targetHints":{"allow":["GET"]}}],"collection":[{"href":"https:\/\/roveyayinevi.com.tr\/index.php\/wp-json\/wp\/v2\/product"}],"about":[{"href":"https:\/\/roveyayinevi.com.tr\/index.php\/wp-json\/wp\/v2\/types\/product"}],"wp:attachment":[{"href":"https:\/\/roveyayinevi.com.tr\/index.php\/wp-json\/wp\/v2\/media?parent=722356"}],"wp:term":[{"taxonomy":"product_brand","embeddable":true,"href":"https:\/\/roveyayinevi.com.tr\/index.php\/wp-json\/wp\/v2\/product_brand?post=722356"},{"taxonomy":"product_cat","embeddable":true,"href":"https:\/\/roveyayinevi.com.tr\/index.php\/wp-json\/wp\/v2\/product_cat?post=722356"},{"taxonomy":"product_tag","embeddable":true,"href":"https:\/\/roveyayinevi.com.tr\/index.php\/wp-json\/wp\/v2\/product_tag?post=722356"}],"curies":[{"name":"wp","href":"https:\/\/api.w.org\/{rel}","templated":true}]}}