{"id":722349,"date":"2025-08-27T19:03:09","date_gmt":"2025-08-27T16:03:09","guid":{"rendered":"https:\/\/roveyayinevi.com.tr\/index.php\/urun\/excido\/"},"modified":"2026-04-16T02:30:28","modified_gmt":"2026-04-15T23:30:28","slug":"excido","status":"publish","type":"product","link":"https:\/\/roveyayinevi.com.tr\/index.php\/urun\/excido\/","title":{"rendered":"Excido"},"content":{"rendered":"<p>Nibirulular, D\u00fcnya \u00fczerinde reenkarne olmu\u015f Niburulular\u2019\u0131 ve Hibritler\u2019i uyand\u0131rmak zorundad\u0131r ancak kar\u015f\u0131lar\u0131nda korkudan olu\u015fmu\u015f bir fanus vard\u0131r. D\u00fcnya gezegeni varl\u0131klar\u0131n\u0131 ya\u015fama d\u00fcrt\u00fcs\u00fcyle kar\u0131\u015f\u0131k bir bencillikle bilin\u00e7li olarak kendine ba\u011flamaktad\u0131r. Reenkarne insanlar \u00e7ocukluklar\u0131ndan bu yana bast\u0131rarak yok sayd\u0131klar\u0131 ba\u015fkalar\u0131na komik gelen korkular hissetmektedirler. 6. his zannettikleri asl\u0131nda y\u00fcksek fark\u0131ndal\u0131klar\u0131d\u0131r. Reenkarne insanlar\u0131n \u00f6ng\u00f6r\u00fcleri y\u00fcksektir ve her zaman her konuda hakl\u0131 \u00e7\u0131kmaktad\u0131rlar. Hakl\u0131 \u00e7\u0131kman\u0131n getirdi\u011fi destekle bu ba\u011f\u0131derin bir korku olarak hissetmektedirler. Kendilerini devaml\u0131 takip alt\u0131nda tutan y\u00fcksek Niburu varl\u0131klar\u0131 a\u00e7\u0131klanamayan korkular\u0131n\u0131n sebebidir. Asl\u0131nda korkular\u0131n\u0131 yenip ba\u015fka bir forma \u201cizin\u201d vermeleri her sorunlar\u0131n\u0131 \u00e7\u00f6zecektir. Direndik\u00e7e korkular\u0131 artmakta, korktuk\u00e7a diren\u00e7leri y\u00fckselmektedir.Excido\u2019da, merkezinin Kapadokya oldu\u011fu anlat\u0131lan ve d\u00fcnyay\u0131 saran yer alt\u0131 t\u00fcnellerinin ger\u00e7ek oldu\u011fu 2013 y\u0131l\u0131nda \u0130sko\u00e7ya&#8217;da ve 2014 y\u0131l\u0131nda Nev\u015fehir\u2019de yap\u0131lan kaz\u0131larda ortaya \u00e7\u0131km\u0131\u015ft\u0131r. Tarihinin be\u015f bin y\u0131ldan daha eski oldu\u011fu bilim adamlar\u0131nca tescillenmi\u015ftir. Bilim ve teknoloji ilerledik\u00e7e, arkeolojik kaz\u0131lar yap\u0131ld\u0131k\u00e7a, Excido\u2019da anlat\u0131lan ve zekice kurgulanm\u0131\u015f pek \u00e7ok \u015fey asl\u0131nda hat\u0131rlamad\u0131\u011f\u0131m\u0131z \u00f6z varl\u0131\u011f\u0131m\u0131za ait bilgiler olabilir mi? Anadolu topraklar\u0131 ve insanlar\u0131 sand\u0131\u011f\u0131m\u0131zdan daha kadim bir amaca hizmet ediyor olabilir mi?Excido serisinin ikinci kitab\u0131 \u201c\u00d6l\u00fcmden \u00d6nce Son \u00c7\u0131k\u0131\u015f\u201d da heyecan en \u00fcst noktalara ula\u015facak.<\/p>\n","protected":false},"excerpt":{"rendered":"<p>Nibirulular, D\u00fcnya \u00fczerinde reenkarne olmu\u015f Niburulular\u2019\u0131 ve Hibritler\u2019i uyand\u0131rmak zorundad\u0131r ancak kar\u015f\u0131lar\u0131nda korkudan olu\u015fmu\u015f bir fanus vard\u0131r. D\u00fcnya gezegeni varl\u0131klar\u0131n\u0131 ya\u015fama d\u00fcrt\u00fcs\u00fcyle kar\u0131\u015f\u0131k bir bencillikle bilin\u00e7li<span class=\"excerpt-hellip\"> [\u2026]<\/span><\/p>\n","protected":false},"featured_media":0,"template":"","meta":{"_monsterinsights_skip_tracking":false,"_monsterinsights_sitenote_active":false,"_monsterinsights_sitenote_note":"","_monsterinsights_sitenote_category":0},"product_brand":[],"product_cat":[12291,12711],"product_tag":[],"class_list":{"0":"post-722349","1":"product","2":"type-product","3":"status-publish","5":"product_cat-edebiyat","6":"product_cat-roman-oyku","7":"pa_cilt-ciltsiz","8":"pa_tur-kitap","9":"pa_yayinevi-la-kitap-yayinlari","10":"pa_yazar-aysun-bitir","12":"first","13":"instock","14":"sale","15":"shipping-taxable","16":"purchasable","17":"product-type-simple"},"_links":{"self":[{"href":"https:\/\/roveyayinevi.com.tr\/index.php\/wp-json\/wp\/v2\/product\/722349","targetHints":{"allow":["GET"]}}],"collection":[{"href":"https:\/\/roveyayinevi.com.tr\/index.php\/wp-json\/wp\/v2\/product"}],"about":[{"href":"https:\/\/roveyayinevi.com.tr\/index.php\/wp-json\/wp\/v2\/types\/product"}],"wp:attachment":[{"href":"https:\/\/roveyayinevi.com.tr\/index.php\/wp-json\/wp\/v2\/media?parent=722349"}],"wp:term":[{"taxonomy":"product_brand","embeddable":true,"href":"https:\/\/roveyayinevi.com.tr\/index.php\/wp-json\/wp\/v2\/product_brand?post=722349"},{"taxonomy":"product_cat","embeddable":true,"href":"https:\/\/roveyayinevi.com.tr\/index.php\/wp-json\/wp\/v2\/product_cat?post=722349"},{"taxonomy":"product_tag","embeddable":true,"href":"https:\/\/roveyayinevi.com.tr\/index.php\/wp-json\/wp\/v2\/product_tag?post=722349"}],"curies":[{"name":"wp","href":"https:\/\/api.w.org\/{rel}","templated":true}]}}