{"id":722327,"date":"2025-08-27T19:02:53","date_gmt":"2025-08-27T16:02:53","guid":{"rendered":"https:\/\/roveyayinevi.com.tr\/index.php\/urun\/oscar-waonun-tuhaf-kisa-yasami\/"},"modified":"2026-04-16T02:30:28","modified_gmt":"2026-04-15T23:30:28","slug":"oscar-waonun-tuhaf-kisa-yasami","status":"publish","type":"product","link":"https:\/\/roveyayinevi.com.tr\/index.php\/urun\/oscar-waonun-tuhaf-kisa-yasami\/","title":{"rendered":"Oscar Wao&#8217;nun Tuhaf K\u0131sa Ya\u015fam\u0131"},"content":{"rendered":"<p>2008\u2019de Oscar Wao\u2019nun Tuhaf K\u0131sa Ya\u015fam\u0131\u2019yla Pulitzer \u00d6d\u00fcl\u00fc\u2019n\u00fc kazanan Junot Diaz, 2012\u2019de MacArthur Dahi Bursu\u2019na lay\u0131k g\u00f6r\u00fcld\u00fc. The New York Times edebiyat ele\u015ftirmeni Michiko Kakutani\u2019nin \u201cg\u00fcn\u00fcm\u00fcz edebiyat\u0131n\u0131n en ayr\u0131ks\u0131 ve kar\u015f\u0131 konulamaz yeni seslerinden\u201d diye tan\u0131mlad\u0131\u011f\u0131 Junot D\u00edaz yazarl\u0131k kariyerinin ba\u015flar\u0131nda, \u00f6yk\u00fclerinin yay\u0131mland\u0131\u011f\u0131 The New Yorker taraf\u0131ndan neslinin en \u00f6nemli yirmi yazar\u0131 aras\u0131nda g\u00f6sterildi.O Watchmen, Dune, Y\u00fcz\u00fcklerin Efendisi ve Akira delisi bir varo\u015f nerd\u2019\u00fc, ayn\u0131 zamanda fazla kilolu bir iyimser ve Dominikli bir J. R. R. Tolkien olmay\u0131 d\u00fc\u015fleyen iflah olmaz bir hayalperest\u2026 Oscar Wao, bakir \u00f6lmekten korkan ama \u00e7apk\u0131nl\u0131\u011f\u0131 beceremeyen nadir Dominiklilerden. A\u015fk\u0131n pe\u015finde bir kahraman. Yaz\u0131k, belki de bu arzusuna asla ula\u015famayacak. Fuk\u00fa denen \u015fu lanet y\u00fcz\u00fcnden hep. Fuk\u00fa kimi zaman Diktat\u00f6r Rafael Trujillo\u2019nun ta kendisi, bazen de senden ba\u015fkas\u0131 de\u011fil. Oscar Wao\u2019nun Tuhaf K\u0131sa Ya\u015fam\u0131, bir diktat\u00f6r\u00fcn g\u00f6lgesi alt\u0131nda ya\u015fayan bir ulusu, yanl\u0131\u015f kad\u0131nlara a\u015f\u0131k olup hayat\u0131 yoldan \u00e7\u0131kan adamlar\u0131 ve yanl\u0131\u015f adamlara \u00e2\u015f\u0131k olsalar da kendi hayatlar\u0131n\u0131 kurmay\u0131 beceren kad\u0131nlar\u0131 \u00f6yle anlat\u0131yor ki hayat\u0131n\u0131z\u0131 a\u015fk i\u00e7in riske atmak bir an i\u00e7in de olsa mant\u0131kl\u0131 geliyor. Oscar is a sweet but disastrously overweight ghetto nerd who from the New Jersey home he shares with his old world mother and rebellious sister dreams of becoming the Dominican J.R.R. Tolkien and, most of all, finding love. But Oscar may never get what he wants. Blame the fuk\u00fa a curse that has haunted Oscar\u2019s family for generations, following them on their epic journey from Santo Domingo to the USA. Encapsulating Dominican-American history, The Brief Wondrous Life of Oscar Wao opens our eyes to an astonishing vision of the contemporary American experience and explores the endless human capacity to persevere and risk it all in the name of love.- See Less&#8221;Oscar Wao, bu kadar maharetli olmayan bir elde y\u0131l\u0131n en h\u00fcz\u00fcnl\u00fc kitab\u0131 olabilirdi. Ama mikrofonun ba\u015f\u0131nda D\u00edaz varken h\u00fcz\u00fcnl\u00fc oldu\u011fu kadar komik de.\u201d- Time\u201cD\u00edaz\u2019\u0131n metni kural tan\u0131m\u0131yor, manik ve cazibeli. Onun d\u00fcnyas\u0131nda hepimiz ayn\u0131y\u0131z, sadece birbirine kar\u0131\u015fmay\u0131p ayn\u0131 zamanda beraber kaynayan bir tarihin ve \u015fimdinin kurbanlar\u0131y\u0131z.\u201d- Esquire\u201cBu roman\u0131 bir kategoriye sokmak imk\u00e2ns\u0131z ve bu g\u00fczel bir \u015fey. Bu roman hem Dominkli hem de Amerikal\u0131, sadece g\u00f6\u00e7menlikle de\u011fil ayn\u0131 zamanda diasporayla ve dertleri ulusun s\u0131k\u0131nt\u0131lar\u0131yla birbirine kar\u0131\u015fm\u0131\u015f bir aileyle ilgili; tarihi sadece bilgi olarak de\u011fil ayn\u0131 zamanda yok edici bir karanl\u0131k g\u00fc\u00e7 olarak g\u00f6r\u00fcyor. Kullan\u0131lan ba\u015f d\u00f6nd\u00fcr\u00fcc\u00fc dil etkileyici. Ama sonunda as\u0131l kalbinizi k\u0131ran \u015fey, D\u00edaz\u2019\u0131n \u015fefkati, sadakati ve melankolisi oluyor. Bu da kendi ba\u015f\u0131na muhte\u015fem zaten.\u201d-Los Angeles Times\u201cOscar Wao\u2019nun K\u0131sa Tuhaf Ya\u015fam\u0131, y\u00fcre\u011finize alevler sa\u00e7arak girecek, alg\u0131lar\u0131n\u0131z\u0131 c\u0131z\u0131rdatacak. D\u00edaz\u2019\u0131n roman\u0131, hem ger\u00e7ek d\u00fcnyan\u0131n ate\u015fli ritmine hem de b\u00fcy\u00fcl\u00fc ger\u00e7eklik ve klasik fantazi hik\u00e2yelerinin ruhuna sahip.\u201d\u2013USA Today<\/p>\n","protected":false},"excerpt":{"rendered":"<p>2008\u2019de Oscar Wao\u2019nun Tuhaf K\u0131sa Ya\u015fam\u0131\u2019yla Pulitzer \u00d6d\u00fcl\u00fc\u2019n\u00fc kazanan Junot Diaz, 2012\u2019de MacArthur Dahi Bursu\u2019na lay\u0131k g\u00f6r\u00fcld\u00fc. The New York Times edebiyat ele\u015ftirmeni Michiko Kakutani\u2019nin \u201cg\u00fcn\u00fcm\u00fcz<span class=\"excerpt-hellip\"> [\u2026]<\/span><\/p>\n","protected":false},"featured_media":0,"template":"","meta":{"_monsterinsights_skip_tracking":false,"_monsterinsights_sitenote_active":false,"_monsterinsights_sitenote_note":"","_monsterinsights_sitenote_category":0},"product_brand":[],"product_cat":[12540,12291],"product_tag":[],"class_list":{"0":"post-722327","1":"product","2":"type-product","3":"status-publish","5":"product_cat-bilim-kurgu","6":"product_cat-edebiyat","7":"pa_cilt-ciltsiz","8":"pa_tur-kitap","9":"pa_yayinevi-ithaki-yayinlari","10":"pa_yazar-junot-diaz","12":"first","13":"instock","14":"sale","15":"shipping-taxable","16":"purchasable","17":"product-type-simple"},"_links":{"self":[{"href":"https:\/\/roveyayinevi.com.tr\/index.php\/wp-json\/wp\/v2\/product\/722327","targetHints":{"allow":["GET"]}}],"collection":[{"href":"https:\/\/roveyayinevi.com.tr\/index.php\/wp-json\/wp\/v2\/product"}],"about":[{"href":"https:\/\/roveyayinevi.com.tr\/index.php\/wp-json\/wp\/v2\/types\/product"}],"wp:attachment":[{"href":"https:\/\/roveyayinevi.com.tr\/index.php\/wp-json\/wp\/v2\/media?parent=722327"}],"wp:term":[{"taxonomy":"product_brand","embeddable":true,"href":"https:\/\/roveyayinevi.com.tr\/index.php\/wp-json\/wp\/v2\/product_brand?post=722327"},{"taxonomy":"product_cat","embeddable":true,"href":"https:\/\/roveyayinevi.com.tr\/index.php\/wp-json\/wp\/v2\/product_cat?post=722327"},{"taxonomy":"product_tag","embeddable":true,"href":"https:\/\/roveyayinevi.com.tr\/index.php\/wp-json\/wp\/v2\/product_tag?post=722327"}],"curies":[{"name":"wp","href":"https:\/\/api.w.org\/{rel}","templated":true}]}}