{"id":722326,"date":"2025-08-27T19:02:52","date_gmt":"2025-08-27T16:02:52","guid":{"rendered":"https:\/\/roveyayinevi.com.tr\/index.php\/urun\/walter-benjamin-ya-da-bir-devrimci-elestiriye-dogru\/"},"modified":"2026-04-16T02:30:28","modified_gmt":"2026-04-15T23:30:28","slug":"walter-benjamin-ya-da-bir-devrimci-elestiriye-dogru","status":"publish","type":"product","link":"https:\/\/roveyayinevi.com.tr\/index.php\/urun\/walter-benjamin-ya-da-bir-devrimci-elestiriye-dogru\/","title":{"rendered":"Walter Benjamin ya da Bir Devrimci Ele\u015ftiriye Do\u011fru"},"content":{"rendered":"<p>Terry Eagleton, bu \u00e7al\u0131\u015fmas\u0131nda Walter Benjamin&#8217;in eserlerini, devrimci bir ele\u015ftirinin imk\u00e2n, s\u0131n\u0131r ve sorunlar\u0131n\u0131 a\u00e7\u0131\u011fa \u00e7\u0131karmak \u00fczere ele al\u0131yor. \u00d6nce devrimci ele\u015ftirinin kar\u015f\u0131 kar\u015f\u0131ya oldu\u011fu kilit sorunlar\u0131 ayd\u0131nlatmak ad\u0131na Benjamin&#8217;in ele\u015ftiriye dair ortaya koydu\u011fu temel meseleleri g\u00f6r\u00fcn\u00fcr k\u0131l\u0131yor; ard\u0131ndan da hem yaz\u0131m s\u00fcreci hem de nihai \u00fcr\u00fcn bak\u0131m\u0131ndan sosyalist k\u00fclt\u00fcr teorisi ile k\u00fclt\u00fcrel pratik aras\u0131ndaki ili\u015fkileri ve bunlar\u0131n devrimci siyasetle ilintisini ara\u015ft\u0131r\u0131yor.Walter Benjamin ya da Bir Devrimci Ele\u015ftiriye Do\u011fru, bir burjuva ayd\u0131n\u0131 olarak yeti\u015fmi\u015f olmas\u0131na kar\u015f\u0131n kendisini tarihsel ele\u015ftirinin devrimci d\u00f6n\u00fc\u015f\u00fcm g\u00fcc\u00fcne adayan Benjamin&#8217;in geli\u015ftirdi\u011fi kavramlara, fikirlere ve eserlerine dair \u00f6zg\u00fcl tart\u0131\u015fmalara da bir m\u00fcdahale amac\u0131 ta\u015f\u0131yor.Her d\u00f6nem okurunu \u015fa\u015f\u0131rtm\u0131\u015f ve heyecanland\u0131rm\u0131\u015f Benjamin&#8217;e, edebiyat ele\u015ftirisinde alt\u0131na bak\u0131lmad\u0131k ta\u015f b\u0131rakmayan Eagleton&#8217;\u0131n tuttu\u011fu \u0131\u015f\u0131k yepyeni ufuklar a\u00e7\u0131yor.<\/p>\n","protected":false},"excerpt":{"rendered":"<p>Terry Eagleton, bu \u00e7al\u0131\u015fmas\u0131nda Walter Benjamin&#8217;in eserlerini, devrimci bir ele\u015ftirinin imk\u00e2n, s\u0131n\u0131r ve sorunlar\u0131n\u0131 a\u00e7\u0131\u011fa \u00e7\u0131karmak \u00fczere ele al\u0131yor. \u00d6nce devrimci ele\u015ftirinin kar\u015f\u0131 kar\u015f\u0131ya oldu\u011fu kilit<span class=\"excerpt-hellip\"> [\u2026]<\/span><\/p>\n","protected":false},"featured_media":0,"template":"","meta":{"_monsterinsights_skip_tracking":false,"_monsterinsights_sitenote_active":false,"_monsterinsights_sitenote_note":"","_monsterinsights_sitenote_category":0},"product_brand":[],"product_cat":[13072,12291],"product_tag":[],"class_list":{"0":"post-722326","1":"product","2":"type-product","3":"status-publish","5":"product_cat-arastirma-inceleme-referans","6":"product_cat-edebiyat","7":"pa_cilt-ciltsiz","8":"pa_tur-kitap","9":"pa_yayinevi-sel-yayincilik","10":"pa_yazar-terry-eagleton","12":"first","13":"instock","14":"sale","15":"shipping-taxable","16":"purchasable","17":"product-type-simple"},"_links":{"self":[{"href":"https:\/\/roveyayinevi.com.tr\/index.php\/wp-json\/wp\/v2\/product\/722326","targetHints":{"allow":["GET"]}}],"collection":[{"href":"https:\/\/roveyayinevi.com.tr\/index.php\/wp-json\/wp\/v2\/product"}],"about":[{"href":"https:\/\/roveyayinevi.com.tr\/index.php\/wp-json\/wp\/v2\/types\/product"}],"wp:attachment":[{"href":"https:\/\/roveyayinevi.com.tr\/index.php\/wp-json\/wp\/v2\/media?parent=722326"}],"wp:term":[{"taxonomy":"product_brand","embeddable":true,"href":"https:\/\/roveyayinevi.com.tr\/index.php\/wp-json\/wp\/v2\/product_brand?post=722326"},{"taxonomy":"product_cat","embeddable":true,"href":"https:\/\/roveyayinevi.com.tr\/index.php\/wp-json\/wp\/v2\/product_cat?post=722326"},{"taxonomy":"product_tag","embeddable":true,"href":"https:\/\/roveyayinevi.com.tr\/index.php\/wp-json\/wp\/v2\/product_tag?post=722326"}],"curies":[{"name":"wp","href":"https:\/\/api.w.org\/{rel}","templated":true}]}}