{"id":722322,"date":"2025-08-27T19:02:49","date_gmt":"2025-08-27T16:02:49","guid":{"rendered":"https:\/\/roveyayinevi.com.tr\/index.php\/urun\/ikizler-ciltli\/"},"modified":"2026-04-16T02:30:28","modified_gmt":"2026-04-15T23:30:28","slug":"ikizler-ciltli","status":"publish","type":"product","link":"https:\/\/roveyayinevi.com.tr\/index.php\/urun\/ikizler-ciltli\/","title":{"rendered":"\u0130kizler (Ciltli)"},"content":{"rendered":"<p>\u0130mkans\u0131z hayaller kalbinizi k\u0131rabilir ama k\u0131z karde\u015fler aras\u0131ndaki sevgi her \u015feyi iyile\u015ftirir.Clara ve Hailey, k\u00fc\u00e7\u00fck kasabalar\u0131nda s\u0131radan bir hayat s\u00fcren olduk\u00e7a normal gen\u00e7 k\u0131zlard\u0131 yap\u0131\u015f\u0131k ikiz olmalar\u0131n\u0131n d\u0131\u015f\u0131nda. Hi\u00e7 kimse onlara g\u00f6zlerini dikip bakm\u0131yor ya da arkalar\u0131ndan olur olmaz \u015feyler s\u00f6ylemiyordu. Fakat ailelerinin onlar i\u00e7in \u00f6zenle korudu\u011fu s\u0131r\u00e7a fanusta \u00e7atlaklar olu\u015fmaya ba\u015flam\u0131\u015ft\u0131. Kasabaya yeni gelen \u00e7ocukla birlikte, art\u0131k o kadar da g\u00f6r\u00fcnmez olmayacaklard\u0131.Clara kendi k\u00fc\u00e7\u00fck ya\u015fant\u0131s\u0131nda kalmak, dikkatleri \u00fczerine \u00e7ekmemek ve sadece y\u0131ld\u0131zlar\u0131 ara\u015ft\u0131rmak istiyordu. Hailey\u2019nin hayali ise d\u00fcnyay\u0131 gezmek, en yetenekli sanat\u00e7\u0131larla \u00e7al\u0131\u015fmak ve gizemli \u00e7ocuklarla dans edebilmekti. Mezuniyetleri yakla\u015f\u0131rken her ikisi de kendi gelece\u011fi i\u00e7in bir ad\u0131m atmak ve tek ba\u015f\u0131na kim oldu\u011funu bulmak zorundayd\u0131.\u201cBu romana dair hi\u00e7bir \u015fey, sand\u0131\u011f\u0131n\u0131z kadar kolay \u00e7\u00f6z\u00fclmeyecek.\u201d\u2014Bookpage\u201cBu kitap sadece yap\u0131\u015f\u0131k ikizlerin hayat\u0131na \u0131\u015f\u0131k tutmakla kalm\u0131yor, t\u00fcm gen\u00e7lerin kafas\u0131n\u0131 kurcalayan birey olma ve ili\u015fkiler konular\u0131nda da yepyeni bir bak\u0131\u015f a\u00e7\u0131s\u0131 sunuyor.\u201d\u2014VOYA, starred review\u201cDaha ilk sayfadan kendinizi Clara ve Hailey\u2019nin benzersiz d\u00fcnyas\u0131nda bulacaks\u0131n\u0131z.\u201d\u2014Kirkus, starred review\u201c\u0130kizler, daha \u00f6nce hi\u00e7 okumad\u0131\u011f\u0131n\u0131z bir gen\u00e7lik hikayesi.\u201d\u2014Bustle\u201c\u0130ki k\u0131z\u0131n yeti\u015fkinli\u011fe ad\u0131m atarken kendi yollar\u0131n\u0131 bulmalar\u0131n\u0131n s\u0131rad\u0131\u015f\u0131 hik\u00e2yesini okurken hayata dair pek \u00e7ok \u015feyi sorgulayacaks\u0131n\u0131z.\u201d\u2014School Library Journal\u201cSonya Mukherjee, ger\u00e7ek\u00e7i karakterler ve yo\u011fun duygularla \u00f6rd\u00fc\u011f\u00fc hik\u00e2yesini unutulmaz k\u0131lacak kadar g\u00fc\u00e7l\u00fc bir kaleme sahip.\u201d\u2014Teenreads<\/p>\n","protected":false},"excerpt":{"rendered":"<p>\u0130mkans\u0131z hayaller kalbinizi k\u0131rabilir ama k\u0131z karde\u015fler aras\u0131ndaki sevgi her \u015feyi iyile\u015ftirir.Clara ve Hailey, k\u00fc\u00e7\u00fck kasabalar\u0131nda s\u0131radan bir hayat s\u00fcren olduk\u00e7a normal gen\u00e7 k\u0131zlard\u0131 yap\u0131\u015f\u0131k ikiz<span class=\"excerpt-hellip\"> [\u2026]<\/span><\/p>\n","protected":false},"featured_media":0,"template":"","meta":{"_monsterinsights_skip_tracking":false,"_monsterinsights_sitenote_active":false,"_monsterinsights_sitenote_note":"","_monsterinsights_sitenote_category":0},"product_brand":[],"product_cat":[12291,12711],"product_tag":[],"class_list":{"0":"post-722322","1":"product","2":"type-product","3":"status-publish","5":"product_cat-edebiyat","6":"product_cat-roman-oyku","7":"pa_cilt-ciltli","8":"pa_tur-kitap","9":"pa_yayinevi-yabanci-yayinevi","10":"pa_yazar-sonya-mukherjee","12":"first","13":"instock","14":"sale","15":"shipping-taxable","16":"purchasable","17":"product-type-simple"},"_links":{"self":[{"href":"https:\/\/roveyayinevi.com.tr\/index.php\/wp-json\/wp\/v2\/product\/722322","targetHints":{"allow":["GET"]}}],"collection":[{"href":"https:\/\/roveyayinevi.com.tr\/index.php\/wp-json\/wp\/v2\/product"}],"about":[{"href":"https:\/\/roveyayinevi.com.tr\/index.php\/wp-json\/wp\/v2\/types\/product"}],"wp:attachment":[{"href":"https:\/\/roveyayinevi.com.tr\/index.php\/wp-json\/wp\/v2\/media?parent=722322"}],"wp:term":[{"taxonomy":"product_brand","embeddable":true,"href":"https:\/\/roveyayinevi.com.tr\/index.php\/wp-json\/wp\/v2\/product_brand?post=722322"},{"taxonomy":"product_cat","embeddable":true,"href":"https:\/\/roveyayinevi.com.tr\/index.php\/wp-json\/wp\/v2\/product_cat?post=722322"},{"taxonomy":"product_tag","embeddable":true,"href":"https:\/\/roveyayinevi.com.tr\/index.php\/wp-json\/wp\/v2\/product_tag?post=722322"}],"curies":[{"name":"wp","href":"https:\/\/api.w.org\/{rel}","templated":true}]}}