{"id":722291,"date":"2025-08-27T19:02:26","date_gmt":"2025-08-27T16:02:26","guid":{"rendered":"https:\/\/roveyayinevi.com.tr\/index.php\/urun\/doga-tasarimi\/"},"modified":"2026-04-16T02:30:27","modified_gmt":"2026-04-15T23:30:27","slug":"doga-tasarimi","status":"publish","type":"product","link":"https:\/\/roveyayinevi.com.tr\/index.php\/urun\/doga-tasarimi\/","title":{"rendered":"Do\u011fa Tasar\u0131m\u0131"},"content":{"rendered":"<p>Yirminci y\u00fczy\u0131l\u0131n en \u00f6nemli tarih filozoflar\u0131ndan biri olan R.G. Collingwood (1889-1943), \u00fclkemizde ve d\u00fcnyada \u00f6zellikle Tarih Tasar\u0131m\u0131 eseriyle bilinir. Speculum Mentis, Felsefi Y\u00f6ntem \u00dczerine Bir Deneme, Metafizik \u00dczerine Bir Deneme de \u00f6nemli kitaplar\u0131 aras\u0131ndad\u0131r. \u00d6zellikle tarih felsefesi, sosyal bilimlerde a\u00e7\u0131klaman\u0131n do\u011fas\u0131 ve sosyal bilimlerin nihayetinde do\u011fa bilimlerindeki a\u00e7\u0131klamalara indirgenip indirgenmeyece\u011fi \u00fczerine 1950 ve 1960\u2019lardaki tart\u0131\u015fmada merkez\u00ee bir yer i\u015fgal etmi\u015ftir. 1945 tarihli Do\u011fa Tasar\u0131m\u0131\u2019nda Collingwood, do\u011faya ili\u015fkin \u00fc\u00e7 \u00f6nemli kavray\u0131\u015f\u0131 d\u00f6nemsellikleri ba\u011flam\u0131nda ele al\u0131yor: Yunan Kozmolojisi\/Evrenbilimi, R\u00f6nesans\u2019\u0131n Do\u011fa G\u00f6r\u00fc\u015f\u00fc ve Modern Do\u011fa G\u00f6r\u00fc\u015f\u00fc.Ge\u00e7mi\u015fin ve ya\u015fad\u0131\u011f\u0131 d\u00f6nemin b\u00fcy\u00fck kozmolojilerini ustaca analiz eden Collingwood, bu spek\u00fclasyonlara, onlar\u0131 g\u00fcncel bilimle ya da onlar \u00fczerinde etkili olan bilimle ili\u015fkilendirerek hayat veriyor. Do\u011fa kavray\u0131\u015f\u0131m\u0131z\u0131n farkl\u0131la\u015fmas\u0131, zenginle\u015fmesi ve derinle\u015fmesi, bu \u00fc\u00e7 d\u00f6nem aras\u0131ndaki ge\u00e7i\u015fliliklerin izi s\u00fcr\u00fclerek ortaya koyuluyor.<\/p>\n","protected":false},"excerpt":{"rendered":"<p>Yirminci y\u00fczy\u0131l\u0131n en \u00f6nemli tarih filozoflar\u0131ndan biri olan R.G. Collingwood (1889-1943), \u00fclkemizde ve d\u00fcnyada \u00f6zellikle Tarih Tasar\u0131m\u0131 eseriyle bilinir. Speculum Mentis, Felsefi Y\u00f6ntem \u00dczerine Bir Deneme,<span class=\"excerpt-hellip\"> [\u2026]<\/span><\/p>\n","protected":false},"featured_media":0,"template":"","meta":{"_monsterinsights_skip_tracking":false,"_monsterinsights_sitenote_active":false,"_monsterinsights_sitenote_note":"","_monsterinsights_sitenote_category":0},"product_brand":[],"product_cat":[16038,12388],"product_tag":[],"class_list":{"0":"post-722291","1":"product","2":"type-product","3":"status-publish","5":"product_cat-arastirma-inceleme-referans-felsefe","6":"product_cat-felsefe","7":"pa_cilt-ciltsiz","8":"pa_tur-kitap","9":"pa_yayinevi-ayrinti-yayinlari","10":"pa_yazar-r-g-collingwood","12":"first","13":"instock","14":"sale","15":"shipping-taxable","16":"purchasable","17":"product-type-simple"},"_links":{"self":[{"href":"https:\/\/roveyayinevi.com.tr\/index.php\/wp-json\/wp\/v2\/product\/722291","targetHints":{"allow":["GET"]}}],"collection":[{"href":"https:\/\/roveyayinevi.com.tr\/index.php\/wp-json\/wp\/v2\/product"}],"about":[{"href":"https:\/\/roveyayinevi.com.tr\/index.php\/wp-json\/wp\/v2\/types\/product"}],"wp:attachment":[{"href":"https:\/\/roveyayinevi.com.tr\/index.php\/wp-json\/wp\/v2\/media?parent=722291"}],"wp:term":[{"taxonomy":"product_brand","embeddable":true,"href":"https:\/\/roveyayinevi.com.tr\/index.php\/wp-json\/wp\/v2\/product_brand?post=722291"},{"taxonomy":"product_cat","embeddable":true,"href":"https:\/\/roveyayinevi.com.tr\/index.php\/wp-json\/wp\/v2\/product_cat?post=722291"},{"taxonomy":"product_tag","embeddable":true,"href":"https:\/\/roveyayinevi.com.tr\/index.php\/wp-json\/wp\/v2\/product_tag?post=722291"}],"curies":[{"name":"wp","href":"https:\/\/api.w.org\/{rel}","templated":true}]}}