{"id":722281,"date":"2025-08-27T19:02:18","date_gmt":"2025-08-27T16:02:18","guid":{"rendered":"https:\/\/roveyayinevi.com.tr\/index.php\/urun\/suyolcu-zade-necib-ve-divani\/"},"modified":"2026-04-16T02:29:57","modified_gmt":"2026-04-15T23:29:57","slug":"suyolcu-zade-necib-ve-divani","status":"publish","type":"product","link":"https:\/\/roveyayinevi.com.tr\/index.php\/urun\/suyolcu-zade-necib-ve-divani\/","title":{"rendered":"Suyolcu- Zade Necib ve Divan\u0131"},"content":{"rendered":"<p>Nec\u00eeb\u2019in \u015fiirlerinde din\u00ee-tasavvuf\u00ee bir hava neredeyse sezilmezken, Divandaki \u015fiirlerin sevgili-\u00e2\u015f\u0131k-rakip \u00fc\u00e7geninde yaz\u0131ld\u0131\u011f\u0131 s\u00f6ylenebilir. Onun \u015fiirlerinin oda\u011f\u0131nda be\u015fer\u00ee a\u015fk vard\u0131r. Bu sevgili, \u015fiirlerinin b\u00fcy\u00fck \u00e7o\u011funlu\u011funda gelene\u011fin\u00e7izdi\u011fi \u00e7er\u00e7eve i\u00e7erisinde genel-ge\u00e7er benzetme ve hayallerle&#8221;ula\u015f\u0131lamaz\u201d olarak tasvir edilse de; bu as\u0131rdaki zihniyet de\u011fi\u015fimine ba\u011flanabilecek nedenlerle Nec\u00eeb\u2019in baz\u0131 beyitlerinde \u00e7er\u00e7evenin d\u0131\u015f\u0131na \u00e7\u0131k\u0131p sevgiliyle kavu\u015ftu\u011fu, onunla tenhaca  Hisar\u2019da bulu\u015fup gezintiye \u00e7\u0131kt\u0131\u011f\u0131 da g\u00f6r\u00fcl\u00fcr. Baz\u0131 beyitlerde ise sevgilinin \u00e2\u015f\u0131klar\u0131n\u0131 davet etti\u011fi ya da \u00e2\u015f\u0131klar\u0131n davetlerine icabet etti\u011fi g\u00f6r\u00fcl\u00fcr. Sevgiliden sonra ise rakip, bir \u00e7at\u0131\u015fma unsuru olarak onun \u015fiirlerinde \u00f6nemli bir yer tutar. Sevgiliye ula\u015fma konusunda \u00f6n\u00fcndeki en b\u00fcy\u00fck engel olan rakip ile \u00e7o\u011fu zaman \u00e7at\u0131\u015fan \u00e2\u015f\u0131\u011f\u0131n bazen onun varl\u0131\u011f\u0131n\u0131 kabul etti\u011fi ya da sevgiliyle olan yak\u0131nla\u015fmas\u0131 noktas\u0131nda ona kar\u015f\u0131 kay\u0131ts\u0131z kald\u0131\u011f\u0131 g\u00f6r\u00fcl\u00fcr.<\/p>\n","protected":false},"excerpt":{"rendered":"<p>Nec\u00eeb\u2019in \u015fiirlerinde din\u00ee-tasavvuf\u00ee bir hava neredeyse sezilmezken, Divandaki \u015fiirlerin sevgili-\u00e2\u015f\u0131k-rakip \u00fc\u00e7geninde yaz\u0131ld\u0131\u011f\u0131 s\u00f6ylenebilir. Onun \u015fiirlerinin oda\u011f\u0131nda be\u015fer\u00ee a\u015fk vard\u0131r. Bu sevgili, \u015fiirlerinin b\u00fcy\u00fck \u00e7o\u011funlu\u011funda gelene\u011fin\u00e7izdi\u011fi \u00e7er\u00e7eve<span class=\"excerpt-hellip\"> [\u2026]<\/span><\/p>\n","protected":false},"featured_media":0,"template":"","meta":{"_monsterinsights_skip_tracking":false,"_monsterinsights_sitenote_active":false,"_monsterinsights_sitenote_note":"","_monsterinsights_sitenote_category":0},"product_brand":[],"product_cat":[20234,12291],"product_tag":[],"class_list":{"0":"post-722281","1":"product","2":"type-product","3":"status-publish","5":"product_cat-divan-edebiyati-halk-edebiyati","6":"product_cat-edebiyat","7":"pa_cilt-ciltsiz","8":"pa_tur-kitap","9":"pa_yayinevi-gazi-kitabevi","10":"pa_yazar-kadri-h-yilmaz","12":"first","13":"instock","14":"sale","15":"shipping-taxable","16":"purchasable","17":"product-type-simple"},"_links":{"self":[{"href":"https:\/\/roveyayinevi.com.tr\/index.php\/wp-json\/wp\/v2\/product\/722281","targetHints":{"allow":["GET"]}}],"collection":[{"href":"https:\/\/roveyayinevi.com.tr\/index.php\/wp-json\/wp\/v2\/product"}],"about":[{"href":"https:\/\/roveyayinevi.com.tr\/index.php\/wp-json\/wp\/v2\/types\/product"}],"wp:attachment":[{"href":"https:\/\/roveyayinevi.com.tr\/index.php\/wp-json\/wp\/v2\/media?parent=722281"}],"wp:term":[{"taxonomy":"product_brand","embeddable":true,"href":"https:\/\/roveyayinevi.com.tr\/index.php\/wp-json\/wp\/v2\/product_brand?post=722281"},{"taxonomy":"product_cat","embeddable":true,"href":"https:\/\/roveyayinevi.com.tr\/index.php\/wp-json\/wp\/v2\/product_cat?post=722281"},{"taxonomy":"product_tag","embeddable":true,"href":"https:\/\/roveyayinevi.com.tr\/index.php\/wp-json\/wp\/v2\/product_tag?post=722281"}],"curies":[{"name":"wp","href":"https:\/\/api.w.org\/{rel}","templated":true}]}}