{"id":722276,"date":"2025-08-27T19:02:15","date_gmt":"2025-08-27T16:02:15","guid":{"rendered":"https:\/\/roveyayinevi.com.tr\/index.php\/urun\/self-determinasyon-ayrilma-girisimleri-ve-kurtler\/"},"modified":"2026-04-16T02:29:57","modified_gmt":"2026-04-15T23:29:57","slug":"self-determinasyon-ayrilma-girisimleri-ve-kurtler","status":"publish","type":"product","link":"https:\/\/roveyayinevi.com.tr\/index.php\/urun\/self-determinasyon-ayrilma-girisimleri-ve-kurtler\/","title":{"rendered":"Self-Determinasyon Ayr\u0131lma Giri\u015fimleri Ve K\u00fcrtler"},"content":{"rendered":"<p>Uluslar\u0131n Kendi Kaderini Tayin Hakk\u0131, etnik kalk\u0131\u015fmalarla kar\u015f\u0131 kar\u015f\u0131ya olan \u00fclkelerde- en \u00e7ok konu\u015fulan konular\u0131n ba\u015f\u0131nda geliyor. Ayr\u0131l\u0131k talepleri bu hakka dayan\u0131larak me\u015frula\u015ft\u0131r\u0131lmakta, uluslararas\u0131 d\u00fczen &#8211; bu haktan kaynaklanan kabile devletlerin ortaya \u00e7\u0131k\u0131\u015f\u0131 ile sars\u0131lmaktad\u0131r. Bu, Frans\u0131z \u0130htilali ile ba\u015flayan milliyetler ve ulus-devletler \u00e7a\u011f\u0131n\u0131n kar\u015f\u0131 kar\u015f\u0131ya oldu\u011fu en b\u00fcy\u00fck krizdir. Krizi derinle\u015ftiren, self-determinasyon ilkesinin bir insan hakk\u0131 olmas\u0131 ve kapsam ve i\u00e7eri\u011finin belirsizli\u011fidir. Ulu orta kullan\u0131lmas\u0131n\u0131n yaratt\u0131\u011f\u0131 sonu\u00e7lar, milletle\u015fememi\u015f ya da i\u00e7inde etnik, dilsel veya dinsel az\u0131nl\u0131k bar\u0131nd\u0131ran devletleri \u00fcrk\u00fctmektedir. <\/p>\n","protected":false},"excerpt":{"rendered":"<p>Uluslar\u0131n Kendi Kaderini Tayin Hakk\u0131, etnik kalk\u0131\u015fmalarla kar\u015f\u0131 kar\u015f\u0131ya olan \u00fclkelerde- en \u00e7ok konu\u015fulan konular\u0131n ba\u015f\u0131nda geliyor. Ayr\u0131l\u0131k talepleri bu hakka dayan\u0131larak me\u015frula\u015ft\u0131r\u0131lmakta, uluslararas\u0131 d\u00fczen &#8211;<span class=\"excerpt-hellip\"> [\u2026]<\/span><\/p>\n","protected":false},"featured_media":0,"template":"","meta":{"_monsterinsights_skip_tracking":false,"_monsterinsights_sitenote_active":false,"_monsterinsights_sitenote_note":"","_monsterinsights_sitenote_category":0},"product_brand":[],"product_cat":[12337,17225],"product_tag":[],"class_list":{"0":"post-722276","1":"product","2":"type-product","3":"status-publish","5":"product_cat-politika-siyaset","6":"product_cat-uluslararasi-iliskiler","7":"pa_cilt-ciltsiz","8":"pa_tur-kitap","9":"pa_yayinevi-altinordu-yayinlari","10":"pa_yazar-irfan-sonmez","12":"first","13":"instock","14":"sale","15":"shipping-taxable","16":"purchasable","17":"product-type-simple"},"_links":{"self":[{"href":"https:\/\/roveyayinevi.com.tr\/index.php\/wp-json\/wp\/v2\/product\/722276","targetHints":{"allow":["GET"]}}],"collection":[{"href":"https:\/\/roveyayinevi.com.tr\/index.php\/wp-json\/wp\/v2\/product"}],"about":[{"href":"https:\/\/roveyayinevi.com.tr\/index.php\/wp-json\/wp\/v2\/types\/product"}],"wp:attachment":[{"href":"https:\/\/roveyayinevi.com.tr\/index.php\/wp-json\/wp\/v2\/media?parent=722276"}],"wp:term":[{"taxonomy":"product_brand","embeddable":true,"href":"https:\/\/roveyayinevi.com.tr\/index.php\/wp-json\/wp\/v2\/product_brand?post=722276"},{"taxonomy":"product_cat","embeddable":true,"href":"https:\/\/roveyayinevi.com.tr\/index.php\/wp-json\/wp\/v2\/product_cat?post=722276"},{"taxonomy":"product_tag","embeddable":true,"href":"https:\/\/roveyayinevi.com.tr\/index.php\/wp-json\/wp\/v2\/product_tag?post=722276"}],"curies":[{"name":"wp","href":"https:\/\/api.w.org\/{rel}","templated":true}]}}

Self-Determinasyon Ayrılma Girişimleri Ve Kürtler

<p>Ulusların Kendi Kaderini Tayin Hakkı, etnik kalkışmalarla karşı karşıya olan ülkelerde- en çok konuşulan konuların başında geliyor. Ayrılık talepleri bu hakka dayanılarak meşrulaştırılmakta, uluslararası düzen &#8211; bu haktan kaynaklanan kabile devletlerin ortaya çıkışı ile sarsılmaktadır. Bu, Fransız İhtilali ile başlayan milliyetler ve ulus-devletler çağının karşı karşıya olduğu en büyük krizdir. Krizi derinleştiren, self-determinasyon ilkesinin bir insan hakkı olması ve kapsam ve içeriğinin belirsizliğidir. Ulu orta kullanılmasının yarattığı sonuçlar, milletleşememiş ya da içinde etnik, dilsel veya dinsel azınlık barındıran devletleri ürkütmektedir. </p>

<p>Ulusların Kendi Kaderini Tayin Hakkı, etnik kalkışmalarla karşı karşıya olan ülkelerde- en çok konuşulan konuların başında geliyor. Ayrılık talepleri bu hakka dayanılarak meşrulaştırılmakta, uluslararası düzen &#8211;<span class="excerpt-hellip"> […]</span></p>
