{"id":722256,"date":"2025-08-27T19:01:59","date_gmt":"2025-08-27T16:01:59","guid":{"rendered":"https:\/\/roveyayinevi.com.tr\/index.php\/urun\/icimizdeki-seytan-bez-ciltli\/"},"modified":"2026-04-16T02:29:56","modified_gmt":"2026-04-15T23:29:56","slug":"icimizdeki-seytan-bez-ciltli","status":"publish","type":"product","link":"https:\/\/roveyayinevi.com.tr\/index.php\/urun\/icimizdeki-seytan-bez-ciltli\/","title":{"rendered":"\u0130\u00e7imizdeki \u015eeytan (Bez Ciltli)"},"content":{"rendered":"<p>\u0130yilik demek kimseye k\u00f6t\u00fcl\u00fc\u011f\u00fc dokunmamak de\u011fil, k\u00f6t\u00fcl\u00fck yapacak cevheri i\u00e7inde ta\u015f\u0131mamak demektir.Ellerimizle kirletti\u011fimiz benli\u011fimizi kendimizden korumak i\u00e7in ka\u00e7ar\u0131z aynaya bakmaktan, sanki o biz de\u011filiz de i\u00e7imizdeki \u015feytanm\u0131\u015f gibi. Ad\u0131m ad\u0131m pe\u015fimizdedir oysaki&#8230; \u0130yilik nerede biter, k\u00f6t\u00fcl\u00fck nerede ba\u015flar? Yapt\u0131klar\u0131m\u0131z\u0131n mesuliyetini her zaman alabilir miyiz? Yoksa Sabahattin Ali\u2019nin de belirtti\u011fi gibi, b\u00fct\u00fcn sorumlulu\u011fu i\u00e7imizdeki \u015feytana m\u0131 y\u00fckleriz? Sabahattin Ali, eserinde \u00e2deta iyilikle k\u00f6t\u00fcl\u00fc\u011f\u00fcn s\u0131n\u0131rlar\u0131n\u0131 \u00e7izmektedir. Sabahattin Ali\u2019nin ikinci roman\u0131 \u0130\u00e7imizdeki \u015eeytan, Ulus gazetesinde tefrika edildikten sonra, 1940 y\u0131l\u0131nda ilk olarak Remzi Kitabevi taraf\u0131ndan bas\u0131l\u0131r.T\u00fcrkiye\u2019de g\u00f6rd\u00fc\u011f\u00fc ilgi nedeniyle 2007\u2019de Der D\u00e4mon in Uns ad\u0131yla Almancaya, 2008\u2019de Le Diable Qui Est Nous ad\u0131yla Frans\u0131zcaya \u00e7evrilen \u0130\u00e7imizdeki \u015eeytan, daha sonra Arnavut\u00e7a, Bulgarca ve Felemenk\u00e7eye de \u00e7evrilmi\u015ftir.<\/p>\n","protected":false},"excerpt":{"rendered":"<p>\u0130yilik demek kimseye k\u00f6t\u00fcl\u00fc\u011f\u00fc dokunmamak de\u011fil, k\u00f6t\u00fcl\u00fck yapacak cevheri i\u00e7inde ta\u015f\u0131mamak demektir.Ellerimizle kirletti\u011fimiz benli\u011fimizi kendimizden korumak i\u00e7in ka\u00e7ar\u0131z aynaya bakmaktan, sanki o biz de\u011filiz de i\u00e7imizdeki<span class=\"excerpt-hellip\"> [\u2026]<\/span><\/p>\n","protected":false},"featured_media":0,"template":"","meta":{"_monsterinsights_skip_tracking":false,"_monsterinsights_sitenote_active":false,"_monsterinsights_sitenote_note":"","_monsterinsights_sitenote_category":0},"product_brand":[],"product_cat":[12291,12711],"product_tag":[],"class_list":{"0":"post-722256","1":"product","2":"type-product","3":"status-publish","5":"product_cat-edebiyat","6":"product_cat-roman-oyku","7":"pa_cilt-ciltli","8":"pa_tur-kitap","9":"pa_yayinevi-koridor-yayincilik","10":"pa_yazar-sabahattin-ali","12":"first","13":"instock","14":"sale","15":"shipping-taxable","16":"purchasable","17":"product-type-simple"},"_links":{"self":[{"href":"https:\/\/roveyayinevi.com.tr\/index.php\/wp-json\/wp\/v2\/product\/722256","targetHints":{"allow":["GET"]}}],"collection":[{"href":"https:\/\/roveyayinevi.com.tr\/index.php\/wp-json\/wp\/v2\/product"}],"about":[{"href":"https:\/\/roveyayinevi.com.tr\/index.php\/wp-json\/wp\/v2\/types\/product"}],"wp:attachment":[{"href":"https:\/\/roveyayinevi.com.tr\/index.php\/wp-json\/wp\/v2\/media?parent=722256"}],"wp:term":[{"taxonomy":"product_brand","embeddable":true,"href":"https:\/\/roveyayinevi.com.tr\/index.php\/wp-json\/wp\/v2\/product_brand?post=722256"},{"taxonomy":"product_cat","embeddable":true,"href":"https:\/\/roveyayinevi.com.tr\/index.php\/wp-json\/wp\/v2\/product_cat?post=722256"},{"taxonomy":"product_tag","embeddable":true,"href":"https:\/\/roveyayinevi.com.tr\/index.php\/wp-json\/wp\/v2\/product_tag?post=722256"}],"curies":[{"name":"wp","href":"https:\/\/api.w.org\/{rel}","templated":true}]}}