{"id":722249,"date":"2025-08-27T19:01:54","date_gmt":"2025-08-27T16:01:54","guid":{"rendered":"https:\/\/roveyayinevi.com.tr\/index.php\/urun\/akilli-turk-makul-tarih\/"},"modified":"2026-04-16T02:29:56","modified_gmt":"2026-04-15T23:29:56","slug":"akilli-turk-makul-tarih","status":"publish","type":"product","link":"https:\/\/roveyayinevi.com.tr\/index.php\/urun\/akilli-turk-makul-tarih\/","title":{"rendered":"Ak\u0131ll\u0131 T\u00fcrk Makul Tarih"},"content":{"rendered":"<p>\u0130nsan tabiata do\u011far, hayat\u0131 ise kurar. Hayat haf\u0131zayla, ge\u00e7mi\u015fle, tarihle hayat bulur. Tarihi bilmeyen insan, ge\u00e7mi\u015fi bilmeyen insan demek de\u011fildir; gelece\u011fi bilmeyen, hayat\u0131 \u00f6n-g\u00f6remeyen insan demektir. 1000 y\u0131ld\u0131r bu topraklarda tarih yazm\u0131\u015f T\u00fcrkler, ancak tarihi tecr\u00fcbelerin emensubiyet; in\u015fa ettikleri medeniyete aidiyet duymakla dik durabildiler. \u0130\u015fte bu deneme T\u00fcrk kimli\u011fini te\u015frihe \u00e7al\u0131\u015f\u0131yor. \u0130nsan olmakl\u0131\u011f\u0131 en temel varolu\u015f tarz\u0131 olarak benimseyen, bu y\u00fczden de s\u0131rtlanlar\u0131n aras\u0131nda yal\u0131n\u0131z kalm\u0131\u015f ama dik-duru\u015funu, y\u00fcr\u00fcy\u00fc\u015f\u00fcn\u00fc, k\u0131saca kendili\u011fini koruyarak yeni bir hayat\u0131 teklif ve temsil etmeye \u00e7al\u0131\u015fan T\u00fcrk\u2019e, bu gayreti kemale ta\u015f\u0131yacak ilkeleri ve hedefleri i\u015fareteden yaz\u0131lardan olu\u015fuyor.<\/p>\n","protected":false},"excerpt":{"rendered":"<p>\u0130nsan tabiata do\u011far, hayat\u0131 ise kurar. Hayat haf\u0131zayla, ge\u00e7mi\u015fle, tarihle hayat bulur. Tarihi bilmeyen insan, ge\u00e7mi\u015fi bilmeyen insan demek de\u011fildir; gelece\u011fi bilmeyen, hayat\u0131 \u00f6n-g\u00f6remeyen insan demektir.<span class=\"excerpt-hellip\"> [\u2026]<\/span><\/p>\n","protected":false},"featured_media":0,"template":"","meta":{"_monsterinsights_skip_tracking":false,"_monsterinsights_sitenote_active":false,"_monsterinsights_sitenote_note":"","_monsterinsights_sitenote_category":0},"product_brand":[],"product_cat":[12389,12388],"product_tag":[],"class_list":{"0":"post-722249","1":"product","2":"type-product","3":"status-publish","5":"product_cat-diger-felsefe","6":"product_cat-felsefe","7":"pa_cilt-ciltsiz","8":"pa_tur-kitap","9":"pa_yayinevi-ketebe-yayinlari","10":"pa_yazar-ihsan-fazlioglu","12":"first","13":"instock","14":"sale","15":"shipping-taxable","16":"purchasable","17":"product-type-simple"},"_links":{"self":[{"href":"https:\/\/roveyayinevi.com.tr\/index.php\/wp-json\/wp\/v2\/product\/722249","targetHints":{"allow":["GET"]}}],"collection":[{"href":"https:\/\/roveyayinevi.com.tr\/index.php\/wp-json\/wp\/v2\/product"}],"about":[{"href":"https:\/\/roveyayinevi.com.tr\/index.php\/wp-json\/wp\/v2\/types\/product"}],"wp:attachment":[{"href":"https:\/\/roveyayinevi.com.tr\/index.php\/wp-json\/wp\/v2\/media?parent=722249"}],"wp:term":[{"taxonomy":"product_brand","embeddable":true,"href":"https:\/\/roveyayinevi.com.tr\/index.php\/wp-json\/wp\/v2\/product_brand?post=722249"},{"taxonomy":"product_cat","embeddable":true,"href":"https:\/\/roveyayinevi.com.tr\/index.php\/wp-json\/wp\/v2\/product_cat?post=722249"},{"taxonomy":"product_tag","embeddable":true,"href":"https:\/\/roveyayinevi.com.tr\/index.php\/wp-json\/wp\/v2\/product_tag?post=722249"}],"curies":[{"name":"wp","href":"https:\/\/api.w.org\/{rel}","templated":true}]}}