{"id":722231,"date":"2025-08-27T19:01:38","date_gmt":"2025-08-27T16:01:38","guid":{"rendered":"https:\/\/roveyayinevi.com.tr\/index.php\/urun\/kentin-mucidi-mezopotamya\/"},"modified":"2026-04-16T02:29:56","modified_gmt":"2026-04-15T23:29:56","slug":"kentin-mucidi-mezopotamya","status":"publish","type":"product","link":"https:\/\/roveyayinevi.com.tr\/index.php\/urun\/kentin-mucidi-mezopotamya\/","title":{"rendered":"Kentin Mucidi: Mezopotamya"},"content":{"rendered":"<p>Su\u0308mer yarat\u0131l\u0131\u015f mitolojisi ilgin\u00e7tir: Ba\u015flang\u0131\u00e7ta tu\u0308m du\u0308nya sudan olu\u015fmaktad\u0131r; sonra, toprak bile yarat\u0131lmadan, Eridu kurulur. (Biz onu bugu\u0308n Mezopotamya\u2019n\u0131n en eski kenti olarak biliyoruz.) Sonra suyun i\u00e7ine ilk tap\u0131na\u011f\u0131n temelleri at\u0131l\u0131r. Ard\u0131ndan tanr\u0131lar yarat\u0131l\u0131r. Tanr\u0131 Marduk sazdan bir \u00e7er\u00e7eve olu\u015fturur ve i\u00e7ini toprakla doldurur. B\u00f6ylece ilk kentin ve sakinlerinin egemen olaca\u011f\u0131 yeryu\u0308zu\u0308 de yarat\u0131lm\u0131\u015f olur&#8230;   Sadece antropoloji, tarih ve arkeoloji de\u011fil mitoloji \u00e7al\u0131\u015fmalar\u0131 da kentin Mezopotamya ku\u0308ltu\u0308ru\u0308nu\u0308n olu\u015fumunda ba\u015fk\u00f6\u015feye yerle\u015fti\u011fini g\u00f6steriyor. Antropolog ve Asurbilimci Gwendolyn Leick bu benzersiz olgunun ard\u0131nda yatan nedenleri ve Su\u0308mer, Akad, Asur, Babil gibi unsurlardan olu\u015fan Mezopotamya uygarl\u0131\u011f\u0131n\u0131n bi\u00e7imlenmesi u\u0308zerindeki etkisini bu\u0308yu\u0308k bir titizlikle inceliyor.   M\u0131s\u0131r ve Anadolu uygarl\u0131klar\u0131na da de\u011finmeyi ihmal etmeyen Kentin Mucidi Mezopotamya mitoloji, arkeoloji, antropoloji ve tarih okuruna yeni bir perspektif ve keyifli bir okuma deneyimi vaat ediyor.   \u201cLeick\u2019in inand\u0131r\u0131c\u0131 bir bi\u00e7imde ortaya koydu\u011fu gibi, antik\u00e7a\u011fda Mezopotamya \u00e7ok ilgin\u00e7 ve M\u0131s\u0131r\u2019dan \u00e7ok daha \u00f6nemli bir konuma sahip; yazar\u0131n bu gu\u0308zel yap\u0131t\u0131 bu\u0308tu\u0308n yan\u0131lg\u0131lar\u0131m\u0131z\u0131 du\u0308zeltiyor.\u201e \u2014 Independent on Sunday <\/p>\n","protected":false},"excerpt":{"rendered":"<p>Su\u0308mer yarat\u0131l\u0131\u015f mitolojisi ilgin\u00e7tir: Ba\u015flang\u0131\u00e7ta tu\u0308m du\u0308nya sudan olu\u015fmaktad\u0131r; sonra, toprak bile yarat\u0131lmadan, Eridu kurulur. (Biz onu bugu\u0308n Mezopotamya\u2019n\u0131n en eski kenti olarak biliyoruz.) Sonra suyun<span class=\"excerpt-hellip\"> [\u2026]<\/span><\/p>\n","protected":false},"featured_media":0,"template":"","meta":{"_monsterinsights_skip_tracking":false,"_monsterinsights_sitenote_active":false,"_monsterinsights_sitenote_note":"","_monsterinsights_sitenote_category":0},"product_brand":[],"product_cat":[12312,12304],"product_tag":[],"class_list":{"0":"post-722231","1":"product","2":"type-product","3":"status-publish","5":"product_cat-diger","6":"product_cat-tarih","7":"pa_cilt-ciltsiz","8":"pa_tur-kitap","9":"pa_yayinevi-say-yayinlari","10":"pa_yazar-gwendolyn-leick","12":"first","13":"instock","14":"sale","15":"shipping-taxable","16":"purchasable","17":"product-type-simple"},"_links":{"self":[{"href":"https:\/\/roveyayinevi.com.tr\/index.php\/wp-json\/wp\/v2\/product\/722231","targetHints":{"allow":["GET"]}}],"collection":[{"href":"https:\/\/roveyayinevi.com.tr\/index.php\/wp-json\/wp\/v2\/product"}],"about":[{"href":"https:\/\/roveyayinevi.com.tr\/index.php\/wp-json\/wp\/v2\/types\/product"}],"wp:attachment":[{"href":"https:\/\/roveyayinevi.com.tr\/index.php\/wp-json\/wp\/v2\/media?parent=722231"}],"wp:term":[{"taxonomy":"product_brand","embeddable":true,"href":"https:\/\/roveyayinevi.com.tr\/index.php\/wp-json\/wp\/v2\/product_brand?post=722231"},{"taxonomy":"product_cat","embeddable":true,"href":"https:\/\/roveyayinevi.com.tr\/index.php\/wp-json\/wp\/v2\/product_cat?post=722231"},{"taxonomy":"product_tag","embeddable":true,"href":"https:\/\/roveyayinevi.com.tr\/index.php\/wp-json\/wp\/v2\/product_tag?post=722231"}],"curies":[{"name":"wp","href":"https:\/\/api.w.org\/{rel}","templated":true}]}}