{"id":722201,"date":"2025-08-27T19:01:08","date_gmt":"2025-08-27T16:01:08","guid":{"rendered":"https:\/\/roveyayinevi.com.tr\/index.php\/urun\/albie-brightin-sayisiz-dunyasi\/"},"modified":"2026-04-16T02:29:55","modified_gmt":"2026-04-15T23:29:55","slug":"albie-brightin-sayisiz-dunyasi","status":"publish","type":"product","link":"https:\/\/roveyayinevi.com.tr\/index.php\/urun\/albie-brightin-sayisiz-dunyasi\/","title":{"rendered":"Albie Bright&#8217;in Say\u0131s\u0131z D\u00fcnyas\u0131"},"content":{"rendered":"<p>D\u00dcNYANIZI DE\u011e\u0130\u015eT\u0130RMEK \u0130\u00c7\u0130N NE KADAR \u0130LER\u0130 G\u0130DERD\u0130N\u0130Z? Albie, annesi \u00f6ld\u00fc\u011f\u00fcnde, do\u011fal olarak onun nereye gitti\u011fini merak eder. Ebeveyni bilim insanlar\u0131d\u0131r ve genellikle her soruya yan\u0131t verebilirler. Babas\u0131 kuantum fizi\u011fi ve paralel evrenlerle ilgili bir \u015feyler m\u0131r\u0131ldan\u0131nca Albie karton bir kutu, bir diz\u00fcst\u00fc bilgisayar ve \u00e7\u00fcr\u00fcyen bir muzu bulup uzayda ve zamanda gezinmeye ba\u015flar. Buldu\u011fu, arad\u0131\u011f\u0131 \u015fey olabilir de olmayabilir de; ama pek \u00e7ok b\u00fcy\u00fck sorunun yan\u0131t\u0131n\u0131 bulacakt\u0131r. MERAKLI HERKES \u0130\u00c7\u0130N \u0130NANILMAZ B\u0130R ROMAN. &#8220;Bilimle ilgili romanlar\u0131n, muazzam derecede e\u011flenceli olabilece\u011fini kan\u0131tl\u0131yor.&#8221; Times Gazetesi, Haftan\u0131n \u00c7ocuk Kitab\u0131 &#8220;Devasa bir beyni, bolca kahkahas\u0131 ve koskocaman kalbi olan bir kitap.&#8221; Frank Cottrell Boyce <\/p>\n","protected":false},"excerpt":{"rendered":"<p>D\u00dcNYANIZI DE\u011e\u0130\u015eT\u0130RMEK \u0130\u00c7\u0130N NE KADAR \u0130LER\u0130 G\u0130DERD\u0130N\u0130Z? Albie, annesi \u00f6ld\u00fc\u011f\u00fcnde, do\u011fal olarak onun nereye gitti\u011fini merak eder. Ebeveyni bilim insanlar\u0131d\u0131r ve genellikle her soruya yan\u0131t verebilirler.<span class=\"excerpt-hellip\"> [\u2026]<\/span><\/p>\n","protected":false},"featured_media":0,"template":"","meta":{"_monsterinsights_skip_tracking":false,"_monsterinsights_sitenote_active":false,"_monsterinsights_sitenote_note":"","_monsterinsights_sitenote_category":0},"product_brand":[],"product_cat":[12274,12284],"product_tag":[],"class_list":{"0":"post-722201","1":"product","2":"type-product","3":"status-publish","5":"product_cat-cocuk-ve-genclik-kitaplari","6":"product_cat-hikayeler","7":"pa_cilt-ciltsiz","8":"pa_tur-kitap","9":"pa_yayinevi-bilgi-yayinevi-cocuk","10":"pa_yazar-christopher-edge","12":"first","13":"instock","14":"sale","15":"shipping-taxable","16":"purchasable","17":"product-type-simple"},"_links":{"self":[{"href":"https:\/\/roveyayinevi.com.tr\/index.php\/wp-json\/wp\/v2\/product\/722201","targetHints":{"allow":["GET"]}}],"collection":[{"href":"https:\/\/roveyayinevi.com.tr\/index.php\/wp-json\/wp\/v2\/product"}],"about":[{"href":"https:\/\/roveyayinevi.com.tr\/index.php\/wp-json\/wp\/v2\/types\/product"}],"wp:attachment":[{"href":"https:\/\/roveyayinevi.com.tr\/index.php\/wp-json\/wp\/v2\/media?parent=722201"}],"wp:term":[{"taxonomy":"product_brand","embeddable":true,"href":"https:\/\/roveyayinevi.com.tr\/index.php\/wp-json\/wp\/v2\/product_brand?post=722201"},{"taxonomy":"product_cat","embeddable":true,"href":"https:\/\/roveyayinevi.com.tr\/index.php\/wp-json\/wp\/v2\/product_cat?post=722201"},{"taxonomy":"product_tag","embeddable":true,"href":"https:\/\/roveyayinevi.com.tr\/index.php\/wp-json\/wp\/v2\/product_tag?post=722201"}],"curies":[{"name":"wp","href":"https:\/\/api.w.org\/{rel}","templated":true}]}}