{"id":722197,"date":"2025-08-27T19:01:05","date_gmt":"2025-08-27T16:01:05","guid":{"rendered":"https:\/\/roveyayinevi.com.tr\/index.php\/urun\/7-yedi\/"},"modified":"2026-04-16T02:29:55","modified_gmt":"2026-04-15T23:29:55","slug":"7-yedi","status":"publish","type":"product","link":"https:\/\/roveyayinevi.com.tr\/index.php\/urun\/7-yedi\/","title":{"rendered":"7 (Yedi)"},"content":{"rendered":"<p>Felsefeci ve yazar Tristan Garcia\u2019n\u0131n gen\u00e7le\u015fme etkisi i\u00e7eren bir iksir, m\u00fczik, d\u00fcnyan\u0131n en g\u00fczel y\u00fcz\u00fc, siyasi militanl\u0131k, d\u00fcnyad\u0131\u015f\u0131 varl\u0131klar, din ve \u00f6l\u00fcms\u00fczl\u00fck kavramlar\u0131 \u00fczerine in\u015fa etti\u011fi 7 adl\u0131 minyat\u00fcr roman(lar)\u0131nda, okur t\u00fcm bu olgular\u0131n birbirine s\u0131k\u0131 s\u0131k\u0131ya ba\u011fl\u0131 oldu\u011fu fantastik bir anlat\u0131da bulacak kendini: Ger\u00e7ekli\u011fe s\u0131rt\u0131n\u0131 d\u00f6nm\u00fc\u015f ve kendine hik\u00e2yeler anlatan bir insanl\u0131\u011f\u0131n anlat\u0131s\u0131.Son derece duyarl\u0131, yer yer melankolik yap\u0131s\u0131yla kurgunun g\u00fcc\u00fcn\u00fc ve s\u0131n\u0131rlar\u0131n\u0131 (belki de s\u0131n\u0131rs\u0131zl\u0131\u011f\u0131n\u0131) g\u00f6zler \u00f6n\u00fcne seren, heyecan verici bir roman.<\/p>\n","protected":false},"excerpt":{"rendered":"<p>Felsefeci ve yazar Tristan Garcia\u2019n\u0131n gen\u00e7le\u015fme etkisi i\u00e7eren bir iksir, m\u00fczik, d\u00fcnyan\u0131n en g\u00fczel y\u00fcz\u00fc, siyasi militanl\u0131k, d\u00fcnyad\u0131\u015f\u0131 varl\u0131klar, din ve \u00f6l\u00fcms\u00fczl\u00fck kavramlar\u0131 \u00fczerine in\u015fa etti\u011fi<span class=\"excerpt-hellip\"> [\u2026]<\/span><\/p>\n","protected":false},"featured_media":0,"template":"","meta":{"_monsterinsights_skip_tracking":false,"_monsterinsights_sitenote_active":false,"_monsterinsights_sitenote_note":"","_monsterinsights_sitenote_category":0},"product_brand":[],"product_cat":[12291,12711],"product_tag":[],"class_list":{"0":"post-722197","1":"product","2":"type-product","3":"status-publish","5":"product_cat-edebiyat","6":"product_cat-roman-oyku","7":"pa_cilt-ciltsiz","8":"pa_tur-kitap","9":"pa_yayinevi-profil-kitap","10":"pa_yazar-tristan-garcia","12":"first","13":"instock","14":"sale","15":"shipping-taxable","16":"purchasable","17":"product-type-simple"},"_links":{"self":[{"href":"https:\/\/roveyayinevi.com.tr\/index.php\/wp-json\/wp\/v2\/product\/722197","targetHints":{"allow":["GET"]}}],"collection":[{"href":"https:\/\/roveyayinevi.com.tr\/index.php\/wp-json\/wp\/v2\/product"}],"about":[{"href":"https:\/\/roveyayinevi.com.tr\/index.php\/wp-json\/wp\/v2\/types\/product"}],"wp:attachment":[{"href":"https:\/\/roveyayinevi.com.tr\/index.php\/wp-json\/wp\/v2\/media?parent=722197"}],"wp:term":[{"taxonomy":"product_brand","embeddable":true,"href":"https:\/\/roveyayinevi.com.tr\/index.php\/wp-json\/wp\/v2\/product_brand?post=722197"},{"taxonomy":"product_cat","embeddable":true,"href":"https:\/\/roveyayinevi.com.tr\/index.php\/wp-json\/wp\/v2\/product_cat?post=722197"},{"taxonomy":"product_tag","embeddable":true,"href":"https:\/\/roveyayinevi.com.tr\/index.php\/wp-json\/wp\/v2\/product_tag?post=722197"}],"curies":[{"name":"wp","href":"https:\/\/api.w.org\/{rel}","templated":true}]}}

<p>Felsefeci ve yazar Tristan Garcia’nın gençleşme etkisi içeren bir iksir, müzik, dünyanın en güzel yüzü, siyasi militanlık, dünyadışı varlıklar, din ve ölümsüzlük kavramları üzerine inşa ettiği 7 adlı minyatür roman(lar)ında, okur tüm bu olguların birbirine sıkı sıkıya bağlı olduğu fantastik bir anlatıda bulacak kendini: Gerçekliğe sırtını dönmüş ve kendine hikâyeler anlatan bir insanlığın anlatısı.Son derece duyarlı, yer yer melankolik yapısıyla kurgunun gücünü ve sınırlarını (belki de sınırsızlığını) gözler önüne seren, heyecan verici bir roman.</p>

<p>Felsefeci ve yazar Tristan Garcia’nın gençleşme etkisi içeren bir iksir, müzik, dünyanın en güzel yüzü, siyasi militanlık, dünyadışı varlıklar, din ve ölümsüzlük kavramları üzerine inşa ettiği<span class="excerpt-hellip"> […]</span></p>
