{"id":722187,"date":"2025-08-27T19:00:57","date_gmt":"2025-08-27T16:00:57","guid":{"rendered":"https:\/\/roveyayinevi.com.tr\/index.php\/urun\/cocuklar-icin-kurtulus-savasi-tarihi\/"},"modified":"2026-04-16T02:29:55","modified_gmt":"2026-04-15T23:29:55","slug":"cocuklar-icin-kurtulus-savasi-tarihi","status":"publish","type":"product","link":"https:\/\/roveyayinevi.com.tr\/index.php\/urun\/cocuklar-icin-kurtulus-savasi-tarihi\/","title":{"rendered":"\u00c7ocuklar \u0130\u00e7in &#8211; Kurtulu\u015f Sava\u015f\u0131 Tarihi"},"content":{"rendered":"<p>Sevgili \u00c7ocuklar,   \u00dclkemizi ba\u011f\u0131ms\u0131zl\u0131\u011fa kavu\u015fturan ve millet olarak hep birlikte m\u00fccadele etti\u011fimiz Kurtulu\u015f Sava\u015f\u0131, tarihte s\u00f6m\u00fcrgeci g\u00fc\u00e7lere vurulmu\u015f en b\u00fcy\u00fck darbelerden biri olarak yerini almaktad\u0131r. Milletimizin verdi\u011fi bu ba\u011f\u0131ms\u0131zl\u0131k m\u00fccadelesi b\u00fct\u00fcn yokluklara ra\u011fmen bu u\u011furda t\u00fcm emek ve \u00e7abas\u0131n\u0131 ortaya koyan, gerekti\u011finde can\u0131n\u0131 hi\u00e7e saymaktan \u00e7ekinmeyen insanlar ile nas\u0131l sava\u015f\u0131laca\u011f\u0131n\u0131n taktiklerini belirleyen, bu u\u011furda sahip oldu\u011fu her \u015feyi feda eden Ulu \u00d6nder Mustafa Kemal Atat\u00fcrk\u2019\u00fcn sayesinde kazan\u0131lm\u0131\u015ft\u0131r.   Bu kitapta, bir tarafta can \u00e7eki\u015fen Osmanl\u0131 Devleti&#8217;ni, di\u011fer tarafta b\u00fcy\u00fck s\u00f6m\u00fcrgeci g\u00fc\u00e7lerin i\u015fgali alt\u0131nda bulunan \u00fclkemizin Kurtulu\u015f Sava\u015f\u0131\u2019yla nas\u0131l ba\u011f\u0131ms\u0131zl\u0131\u011f\u0131na kavu\u015ftu\u011funu okuyacaks\u0131n\u0131z. \u0130\u00e7eride ve d\u0131\u015far\u0131da hangi sorunlarla bo\u011fu\u015fuldu\u011funu da anlatan bu \u00e7al\u0131\u015fma sizi Kurtulu\u015f Sava\u015f\u0131 konusunda ayd\u0131nlatacak. Bu b\u00fcy\u00fck ba\u011f\u0131ms\u0131zl\u0131k sava\u015f\u0131n\u0131n nas\u0131l kazan\u0131ld\u0131\u011f\u0131n\u0131, milletimizin ne fedak\u00e2rl\u0131klarla bug\u00fcne geldi\u011fini okuyun, \u00f6\u011frenin. Dile\u011fimiz, Kurtulu\u015f Sava\u015f\u0131\u2019n\u0131n hangi ko\u015fullarda ve nas\u0131l kazan\u0131ld\u0131\u011f\u0131n\u0131 \u00f6\u011frenerek kendi tarihimize sahip \u00e7\u0131kan bireyler olman\u0131zd\u0131r.<\/p>\n","protected":false},"excerpt":{"rendered":"<p>Sevgili \u00c7ocuklar, \u00dclkemizi ba\u011f\u0131ms\u0131zl\u0131\u011fa kavu\u015fturan ve millet olarak hep birlikte m\u00fccadele etti\u011fimiz Kurtulu\u015f Sava\u015f\u0131, tarihte s\u00f6m\u00fcrgeci g\u00fc\u00e7lere vurulmu\u015f en b\u00fcy\u00fck darbelerden biri olarak yerini almaktad\u0131r. Milletimizin<span class=\"excerpt-hellip\"> [\u2026]<\/span><\/p>\n","protected":false},"featured_media":0,"template":"","meta":{"_monsterinsights_skip_tracking":false,"_monsterinsights_sitenote_active":false,"_monsterinsights_sitenote_note":"","_monsterinsights_sitenote_category":0},"product_brand":[],"product_cat":[12304,13493],"product_tag":[],"class_list":{"0":"post-722187","1":"product","2":"type-product","3":"status-publish","5":"product_cat-tarih","6":"product_cat-turkiye-ve-cumhuriyet-tarihi","7":"pa_cilt-ciltsiz","8":"pa_tur-kitap","9":"pa_yayinevi-kripto-basim-yayin","10":"pa_yazar-umit-dogan","12":"first","13":"instock","14":"sale","15":"shipping-taxable","16":"purchasable","17":"product-type-simple"},"_links":{"self":[{"href":"https:\/\/roveyayinevi.com.tr\/index.php\/wp-json\/wp\/v2\/product\/722187","targetHints":{"allow":["GET"]}}],"collection":[{"href":"https:\/\/roveyayinevi.com.tr\/index.php\/wp-json\/wp\/v2\/product"}],"about":[{"href":"https:\/\/roveyayinevi.com.tr\/index.php\/wp-json\/wp\/v2\/types\/product"}],"wp:attachment":[{"href":"https:\/\/roveyayinevi.com.tr\/index.php\/wp-json\/wp\/v2\/media?parent=722187"}],"wp:term":[{"taxonomy":"product_brand","embeddable":true,"href":"https:\/\/roveyayinevi.com.tr\/index.php\/wp-json\/wp\/v2\/product_brand?post=722187"},{"taxonomy":"product_cat","embeddable":true,"href":"https:\/\/roveyayinevi.com.tr\/index.php\/wp-json\/wp\/v2\/product_cat?post=722187"},{"taxonomy":"product_tag","embeddable":true,"href":"https:\/\/roveyayinevi.com.tr\/index.php\/wp-json\/wp\/v2\/product_tag?post=722187"}],"curies":[{"name":"wp","href":"https:\/\/api.w.org\/{rel}","templated":true}]}}