{"id":722186,"date":"2025-08-27T19:00:56","date_gmt":"2025-08-27T16:00:56","guid":{"rendered":"https:\/\/roveyayinevi.com.tr\/index.php\/urun\/cocuklar-icin-ataturkun-hayati\/"},"modified":"2026-04-16T02:29:55","modified_gmt":"2026-04-15T23:29:55","slug":"cocuklar-icin-ataturkun-hayati","status":"publish","type":"product","link":"https:\/\/roveyayinevi.com.tr\/index.php\/urun\/cocuklar-icin-ataturkun-hayati\/","title":{"rendered":"\u00c7ocuklar \u0130\u00e7in &#8211; Atat\u00fcrk&#8217;\u00fcn Hayat\u0131"},"content":{"rendered":"<p>Sevgili \u00c7ocuklar,   Bu kitapta Ulu \u00d6nder Mustafa Kemal Atat\u00fcrk\u2019\u00fcn hayat\u0131n\u0131 okuyacaks\u0131n\u0131z. Onun hayat\u0131n\u0131n en \u00f6nemli d\u00f6neme\u00e7lerini, ulusumuz i\u00e7in yapt\u0131\u011f\u0131 \u00e7al\u0131\u015fma ve fedak\u00e2rl\u0131klar\u0131 bulacaks\u0131n\u0131z. Bizler bu \u00e7al\u0131\u015fmay\u0131 Ata\u2019m\u0131z\u0131 tan\u0131yabilmeniz, onun hayat\u0131n\u0131 belirleyen ilke ve de\u011ferleri g\u00f6rebilmeniz amac\u0131yla olu\u015fturduk.   Atat\u00fcrk&#8217;\u00fcn \u00e7ocuklara ne kadar de\u011fer verdi\u011fini her 23 Nisan\u2019da hep birlikte ve tekrar tekrar hat\u0131rlar\u0131z. Dolay\u0131s\u0131yla bizim \u00fczerimize d\u00fc\u015fen de Ata\u2019m\u0131z\u0131n \u00e7ok de\u011fer verdi\u011fi \u00e7ocuklar\u0131m\u0131za onu anlatmakt\u0131. Cumhuriyet\u2019i nas\u0131l kurdu\u011funu, ne kadar zor \u015fartlar alt\u0131nda \u00fclkemizi ba\u011f\u0131ms\u0131zl\u0131\u011fa kavu\u015fturdu\u011funu okuyun, \u00f6\u011frenin istedik. \u00c7\u00fcnk\u00fc \u00f6\u011frendi\u011finizde bu Cumhuriyet\u2019in neden ayakta ve dimdik durmas\u0131 gerekti\u011fini anlayacak, yeti\u015fkin bireyler oldu\u011funuzda da bu u\u011furda \u00fczerinize d\u00fc\u015fen g\u00f6revleri yerine getireceksiniz. Dile\u011fimiz, onun a\u00e7t\u0131\u011f\u0131 ayd\u0131nl\u0131k yolda y\u0131lmadan ilerlemenizdir. <\/p>\n","protected":false},"excerpt":{"rendered":"<p>Sevgili \u00c7ocuklar, Bu kitapta Ulu \u00d6nder Mustafa Kemal Atat\u00fcrk\u2019\u00fcn hayat\u0131n\u0131 okuyacaks\u0131n\u0131z. Onun hayat\u0131n\u0131n en \u00f6nemli d\u00f6neme\u00e7lerini, ulusumuz i\u00e7in yapt\u0131\u011f\u0131 \u00e7al\u0131\u015fma ve fedak\u00e2rl\u0131klar\u0131 bulacaks\u0131n\u0131z. Bizler bu \u00e7al\u0131\u015fmay\u0131<span class=\"excerpt-hellip\"> [\u2026]<\/span><\/p>\n","protected":false},"featured_media":0,"template":"","meta":{"_monsterinsights_skip_tracking":false,"_monsterinsights_sitenote_active":false,"_monsterinsights_sitenote_note":"","_monsterinsights_sitenote_category":0},"product_brand":[],"product_cat":[12530,12304],"product_tag":[],"class_list":{"0":"post-722186","1":"product","2":"type-product","3":"status-publish","5":"product_cat-mustafa-kemal-ataturk","6":"product_cat-tarih","7":"pa_cilt-ciltsiz","8":"pa_tur-kitap","9":"pa_yayinevi-kripto-basim-yayin","10":"pa_yazar-umit-dogan","12":"first","13":"instock","14":"sale","15":"shipping-taxable","16":"purchasable","17":"product-type-simple"},"_links":{"self":[{"href":"https:\/\/roveyayinevi.com.tr\/index.php\/wp-json\/wp\/v2\/product\/722186","targetHints":{"allow":["GET"]}}],"collection":[{"href":"https:\/\/roveyayinevi.com.tr\/index.php\/wp-json\/wp\/v2\/product"}],"about":[{"href":"https:\/\/roveyayinevi.com.tr\/index.php\/wp-json\/wp\/v2\/types\/product"}],"wp:attachment":[{"href":"https:\/\/roveyayinevi.com.tr\/index.php\/wp-json\/wp\/v2\/media?parent=722186"}],"wp:term":[{"taxonomy":"product_brand","embeddable":true,"href":"https:\/\/roveyayinevi.com.tr\/index.php\/wp-json\/wp\/v2\/product_brand?post=722186"},{"taxonomy":"product_cat","embeddable":true,"href":"https:\/\/roveyayinevi.com.tr\/index.php\/wp-json\/wp\/v2\/product_cat?post=722186"},{"taxonomy":"product_tag","embeddable":true,"href":"https:\/\/roveyayinevi.com.tr\/index.php\/wp-json\/wp\/v2\/product_tag?post=722186"}],"curies":[{"name":"wp","href":"https:\/\/api.w.org\/{rel}","templated":true}]}}

Çocuklar İçin &#8211; Atatürk&#8217;ün Hayatı

<p>Sevgili Çocuklar,   Bu kitapta Ulu Önder Mustafa Kemal Atatürk’ün hayatını okuyacaksınız. Onun hayatının en önemli dönemeçlerini, ulusumuz için yaptığı çalışma ve fedakârlıkları bulacaksınız. Bizler bu çalışmayı Ata’mızı tanıyabilmeniz, onun hayatını belirleyen ilke ve değerleri görebilmeniz amacıyla oluşturduk.   Atatürk&#8217;ün çocuklara ne kadar değer verdiğini her 23 Nisan’da hep birlikte ve tekrar tekrar hatırlarız. Dolayısıyla bizim üzerimize düşen de Ata’mızın çok değer verdiği çocuklarımıza onu anlatmaktı. Cumhuriyet’i nasıl kurduğunu, ne kadar zor şartlar altında ülkemizi bağımsızlığa kavuşturduğunu okuyun, öğrenin istedik. Çünkü öğrendiğinizde bu Cumhuriyet’in neden ayakta ve dimdik durması gerektiğini anlayacak, yetişkin bireyler olduğunuzda da bu uğurda üzerinize düşen görevleri yerine getireceksiniz. Dileğimiz, onun açtığı aydınlık yolda yılmadan ilerlemenizdir. </p>

<p>Sevgili Çocuklar, Bu kitapta Ulu Önder Mustafa Kemal Atatürk’ün hayatını okuyacaksınız. Onun hayatının en önemli dönemeçlerini, ulusumuz için yaptığı çalışma ve fedakârlıkları bulacaksınız. Bizler bu çalışmayı<span class="excerpt-hellip"> […]</span></p>
